{"id":1471,"date":"2023-10-19T10:48:18","date_gmt":"2023-10-19T08:48:18","guid":{"rendered":"https:\/\/www.helasverige.se\/dalarna\/?page_id=1471"},"modified":"2023-10-19T11:02:30","modified_gmt":"2023-10-19T09:02:30","slug":"hostmote-2023","status":"publish","type":"page","link":"https:\/\/www.helasverige.se\/dalarna\/vara-aktiviteter\/hostmote-2023\/","title":{"rendered":"H\u00f6stm\u00f6te 2023"},"content":{"rendered":"<h3>Varmt v\u00e4lkomna!<\/h3>\n<p>Den 19 november h\u00e5ller vi H\u00f6stm\u00f6te som alla v\u00e5ra medlemmar och organisationer i Dalarna \u00e4r v\u00e4lkomna till.<br \/>\nF\u00f6reningsm\u00f6tet kommer att h\u00e5llas p\u00e5 Rots Skans, hembygdsf\u00f6reningens m\u00f6teslokal i \u00c4lvdalen.<\/p>\n<p>Hemsidan: <a href=\"https:\/\/www.ehf.se\/rots-skans\/hembygdsgarden-rots-skans\/\" target=\"_blank\" rel=\"noopener\">Rots Skans<\/a><\/p>\n<p>Adres: Ribbv\u00e4gen 4, \u00c4lvdalen<\/p>\n<p>Centralt p\u00e5 m\u00f6tet \u00e4r &#8221;Projektdesign och processt\u00f6d\u201d och v\u00e5ra processt\u00f6ds-checkar samt presentation av processt\u00f6dsservice.<br \/>\nVi kommer \u00e4ven att utse &#8221;\u00c5rets utvecklingsgrupp i Dalarna 2023&#8221; och titta fram till 2024.<br \/>\nVi kommer att ge en bredare bild av vad Hela Sverige \u00e4r och diskutera vad vi som grupp kan g\u00f6ra och hur vi blir en stark r\u00f6st lokalt, regionalt och nationellt.<\/p>\n<h4><\/h4>\n<h4>Program f\u00f6r dagen:<\/h4>\n<p>09.30 &#8211; Fika och &#8221;mingel&#8221;<br \/>\n10.00 &#8211; Varmt v\u00e4lkomna till v\u00e5r m\u00f6tesplats &#8211; inkl. korade av \u00c5rets Utvecklingsgrupp 2023<br \/>\n10.10 &#8211; Presentation processt\u00f6dsservice &#8211; Lisa Fr\u00f6bel<br \/>\n11.00 &#8211; Workshop processt\u00f6dsservice<br \/>\n12.00 &#8211; Lunch<br \/>\n13.00 &#8211; Presentation beviljade projekt<br \/>\n14.00 &#8211; H\u00f6stm\u00f6te 2023, <a href=\"https:\/\/www.helasverige.se\/dalarna\/?page_id=1476&amp;preview=true\" target=\"_blank\" rel=\"noopener\">dagordning<\/a><br \/>\n14.45 &#8211; Hemg\u00e5ngsfika<\/p>\n<p>Anm\u00e4lan och eventuell kostallergier mejlas senast den 11\/11 via: <a href=\"https:\/\/forms.gle\/FKYaGQysvwKKEWAM7\" target=\"_blank\" rel=\"noopener\">Anm\u00e4lan h\u00f6stm\u00f6te 2023<\/a><\/p>\n<p>&nbsp;<\/p>\n<p>Styrelsen<\/p>\n","protected":false},"excerpt":{"rendered":"<p>Varmt v\u00e4lkomna! Den 19 november h\u00e5ller vi H\u00f6stm\u00f6te som alla v\u00e5ra medlemmar och organisationer i Dalarna \u00e4r v\u00e4lkomna till. F\u00f6reningsm\u00f6tet kommer att h\u00e5llas p\u00e5 Rots Skans, hembygdsf\u00f6reningens m\u00f6teslokal i \u00c4lvdalen. Hemsidan: Rots Skans Adres: Ribbv\u00e4gen 4, \u00c4lvdalen Centralt p\u00e5 m\u00f6tet \u00e4r &#8221;Projektdesign och processt\u00f6d\u201d och v\u00e5ra processt\u00f6ds-checkar samt presentation av processt\u00f6dsservice. Vi kommer \u00e4ven att [&hellip;]<\/p>\n","protected":false},"author":25,"featured_media":1468,"parent":20,"menu_order":0,"comment_status":"closed","ping_status":"closed","template":"tpl-lansavdelning-artikel.php","meta":{"_acf_changed":false,"footnotes":""},"class_list":["post-1471","page","type-page","status-publish","has-post-thumbnail","hentry"],"acf":[],"yoast_head":"<!-- This site is optimized with the Yoast SEO Premium plugin v27.4 (Yoast SEO v27.4) - https:\/\/yoast.com\/product\/yoast-seo-premium-wordpress\/ -->\n<title>Dalarna - H\u00f6stm\u00f6te 2023 -<\/title>\n<meta name=\"robots\" content=\"index, follow, max-snippet:-1, max-image-preview:large, max-video-preview:-1\" \/>\n<link rel=\"canonical\" href=\"https:\/\/www.helasverige.se\/dalarna\/vara-aktiviteter\/hostmote-2023\/\" \/>\n<meta property=\"og:locale\" content=\"sv_SE\" \/>\n<meta property=\"og:type\" content=\"article\" \/>\n<meta property=\"og:title\" content=\"Dalarna - H\u00f6stm\u00f6te 2023\" \/>\n<meta property=\"og:description\" content=\"Varmt v\u00e4lkomna! Den 19 november h\u00e5ller vi H\u00f6stm\u00f6te som alla v\u00e5ra medlemmar och organisationer i Dalarna \u00e4r v\u00e4lkomna till. F\u00f6reningsm\u00f6tet kommer att h\u00e5llas p\u00e5 Rots Skans, hembygdsf\u00f6reningens m\u00f6teslokal i \u00c4lvdalen. Hemsidan: Rots Skans Adres: Ribbv\u00e4gen 4, \u00c4lvdalen Centralt p\u00e5 m\u00f6tet \u00e4r &#8221;Projektdesign och processt\u00f6d\u201d och v\u00e5ra processt\u00f6ds-checkar samt presentation av processt\u00f6dsservice. Vi kommer \u00e4ven att [&hellip;]\" \/>\n<meta property=\"og:url\" content=\"https:\/\/www.helasverige.se\/dalarna\/vara-aktiviteter\/hostmote-2023\/\" \/>\n<meta property=\"article:modified_time\" content=\"2023-10-19T09:02:30+00:00\" \/>\n<meta property=\"og:image\" content=\"https:\/\/www.helasverige.se\/dalarna\/wp-content\/uploads\/sites\/4\/2023\/10\/230520-Rots-Skans_1249-e1697705997260.jpg\" \/>\n\t<meta property=\"og:image:width\" content=\"800\" \/>\n\t<meta property=\"og:image:height\" content=\"450\" \/>\n\t<meta property=\"og:image:type\" content=\"image\/jpeg\" \/>\n<meta name=\"twitter:card\" content=\"summary_large_image\" \/>\n<meta name=\"twitter:label1\" content=\"Ber\u00e4knad l\u00e4stid\" \/>\n\t<meta name=\"twitter:data1\" content=\"1 minut\" \/>\n<script type=\"application\/ld+json\" class=\"yoast-schema-graph\">{\"@context\":\"https:\\\/\\\/schema.org\",\"@graph\":[{\"@type\":\"WebPage\",\"@id\":\"https:\\\/\\\/www.helasverige.se\\\/dalarna\\\/vara-aktiviteter\\\/hostmote-2023\\\/\",\"url\":\"https:\\\/\\\/www.helasverige.se\\\/dalarna\\\/vara-aktiviteter\\\/hostmote-2023\\\/\",\"name\":\"Dalarna - H\u00f6stm\u00f6te 2023 -\",\"isPartOf\":{\"@id\":\"https:\\\/\\\/www.helasverige.se\\\/dalarna\\\/#website\"},\"primaryImageOfPage\":{\"@id\":\"https:\\\/\\\/www.helasverige.se\\\/dalarna\\\/vara-aktiviteter\\\/hostmote-2023\\\/#primaryimage\"},\"image\":{\"@id\":\"https:\\\/\\\/www.helasverige.se\\\/dalarna\\\/vara-aktiviteter\\\/hostmote-2023\\\/#primaryimage\"},\"thumbnailUrl\":\"https:\\\/\\\/www.helasverige.se\\\/dalarna\\\/wp-content\\\/uploads\\\/sites\\\/4\\\/2023\\\/10\\\/230520-Rots-Skans_1249-e1697705997260.jpg\",\"datePublished\":\"2023-10-19T08:48:18+00:00\",\"dateModified\":\"2023-10-19T09:02:30+00:00\",\"breadcrumb\":{\"@id\":\"https:\\\/\\\/www.helasverige.se\\\/dalarna\\\/vara-aktiviteter\\\/hostmote-2023\\\/#breadcrumb\"},\"inLanguage\":\"sv-SE\",\"potentialAction\":[{\"@type\":\"ReadAction\",\"target\":[\"https:\\\/\\\/www.helasverige.se\\\/dalarna\\\/vara-aktiviteter\\\/hostmote-2023\\\/\"]}]},{\"@type\":\"ImageObject\",\"inLanguage\":\"sv-SE\",\"@id\":\"https:\\\/\\\/www.helasverige.se\\\/dalarna\\\/vara-aktiviteter\\\/hostmote-2023\\\/#primaryimage\",\"url\":\"https:\\\/\\\/www.helasverige.se\\\/dalarna\\\/wp-content\\\/uploads\\\/sites\\\/4\\\/2023\\\/10\\\/230520-Rots-Skans_1249-e1697705997260.jpg\",\"contentUrl\":\"https:\\\/\\\/www.helasverige.se\\\/dalarna\\\/wp-content\\\/uploads\\\/sites\\\/4\\\/2023\\\/10\\\/230520-Rots-Skans_1249-e1697705997260.jpg\",\"width\":800,\"height\":450,\"caption\":\"Foto Nisse Schmidt\"},{\"@type\":\"BreadcrumbList\",\"@id\":\"https:\\\/\\\/www.helasverige.se\\\/dalarna\\\/vara-aktiviteter\\\/hostmote-2023\\\/#breadcrumb\",\"itemListElement\":[{\"@type\":\"ListItem\",\"position\":1,\"name\":\"Home\",\"item\":\"https:\\\/\\\/www.helasverige.se\\\/dalarna\\\/\"},{\"@type\":\"ListItem\",\"position\":2,\"name\":\"V\u00e5ra aktiviteter\",\"item\":\"https:\\\/\\\/www.helasverige.se\\\/dalarna\\\/vara-aktiviteter\\\/\"},{\"@type\":\"ListItem\",\"position\":3,\"name\":\"H\u00f6stm\u00f6te 2023\"}]},{\"@type\":\"WebSite\",\"@id\":\"https:\\\/\\\/www.helasverige.se\\\/dalarna\\\/#website\",\"url\":\"https:\\\/\\\/www.helasverige.se\\\/dalarna\\\/\",\"name\":\"\",\"description\":\"\u00c4nnu en webbplats hos Hela Sverige ska leva\",\"potentialAction\":[{\"@type\":\"SearchAction\",\"target\":{\"@type\":\"EntryPoint\",\"urlTemplate\":\"https:\\\/\\\/www.helasverige.se\\\/dalarna\\\/?s={search_term_string}\"},\"query-input\":{\"@type\":\"PropertyValueSpecification\",\"valueRequired\":true,\"valueName\":\"search_term_string\"}}],\"inLanguage\":\"sv-SE\"}]}<\/script>\n<!-- \/ Yoast SEO Premium plugin. -->","yoast_head_json":{"title":"Dalarna - H\u00f6stm\u00f6te 2023 -","robots":{"index":"index","follow":"follow","max-snippet":"max-snippet:-1","max-image-preview":"max-image-preview:large","max-video-preview":"max-video-preview:-1"},"canonical":"https:\/\/www.helasverige.se\/dalarna\/vara-aktiviteter\/hostmote-2023\/","og_locale":"sv_SE","og_type":"article","og_title":"Dalarna - H\u00f6stm\u00f6te 2023","og_description":"Varmt v\u00e4lkomna! Den 19 november h\u00e5ller vi H\u00f6stm\u00f6te som alla v\u00e5ra medlemmar och organisationer i Dalarna \u00e4r v\u00e4lkomna till. F\u00f6reningsm\u00f6tet kommer att h\u00e5llas p\u00e5 Rots Skans, hembygdsf\u00f6reningens m\u00f6teslokal i \u00c4lvdalen. Hemsidan: Rots Skans Adres: Ribbv\u00e4gen 4, \u00c4lvdalen Centralt p\u00e5 m\u00f6tet \u00e4r &#8221;Projektdesign och processt\u00f6d\u201d och v\u00e5ra processt\u00f6ds-checkar samt presentation av processt\u00f6dsservice. Vi kommer \u00e4ven att [&hellip;]","og_url":"https:\/\/www.helasverige.se\/dalarna\/vara-aktiviteter\/hostmote-2023\/","article_modified_time":"2023-10-19T09:02:30+00:00","og_image":[{"width":800,"height":450,"url":"https:\/\/www.helasverige.se\/dalarna\/wp-content\/uploads\/sites\/4\/2023\/10\/230520-Rots-Skans_1249-e1697705997260.jpg","type":"image\/jpeg"}],"twitter_card":"summary_large_image","twitter_misc":{"Ber\u00e4knad l\u00e4stid":"1 minut"},"schema":{"@context":"https:\/\/schema.org","@graph":[{"@type":"WebPage","@id":"https:\/\/www.helasverige.se\/dalarna\/vara-aktiviteter\/hostmote-2023\/","url":"https:\/\/www.helasverige.se\/dalarna\/vara-aktiviteter\/hostmote-2023\/","name":"Dalarna - H\u00f6stm\u00f6te 2023 -","isPartOf":{"@id":"https:\/\/www.helasverige.se\/dalarna\/#website"},"primaryImageOfPage":{"@id":"https:\/\/www.helasverige.se\/dalarna\/vara-aktiviteter\/hostmote-2023\/#primaryimage"},"image":{"@id":"https:\/\/www.helasverige.se\/dalarna\/vara-aktiviteter\/hostmote-2023\/#primaryimage"},"thumbnailUrl":"https:\/\/www.helasverige.se\/dalarna\/wp-content\/uploads\/sites\/4\/2023\/10\/230520-Rots-Skans_1249-e1697705997260.jpg","datePublished":"2023-10-19T08:48:18+00:00","dateModified":"2023-10-19T09:02:30+00:00","breadcrumb":{"@id":"https:\/\/www.helasverige.se\/dalarna\/vara-aktiviteter\/hostmote-2023\/#breadcrumb"},"inLanguage":"sv-SE","potentialAction":[{"@type":"ReadAction","target":["https:\/\/www.helasverige.se\/dalarna\/vara-aktiviteter\/hostmote-2023\/"]}]},{"@type":"ImageObject","inLanguage":"sv-SE","@id":"https:\/\/www.helasverige.se\/dalarna\/vara-aktiviteter\/hostmote-2023\/#primaryimage","url":"https:\/\/www.helasverige.se\/dalarna\/wp-content\/uploads\/sites\/4\/2023\/10\/230520-Rots-Skans_1249-e1697705997260.jpg","contentUrl":"https:\/\/www.helasverige.se\/dalarna\/wp-content\/uploads\/sites\/4\/2023\/10\/230520-Rots-Skans_1249-e1697705997260.jpg","width":800,"height":450,"caption":"Foto Nisse Schmidt"},{"@type":"BreadcrumbList","@id":"https:\/\/www.helasverige.se\/dalarna\/vara-aktiviteter\/hostmote-2023\/#breadcrumb","itemListElement":[{"@type":"ListItem","position":1,"name":"Home","item":"https:\/\/www.helasverige.se\/dalarna\/"},{"@type":"ListItem","position":2,"name":"V\u00e5ra aktiviteter","item":"https:\/\/www.helasverige.se\/dalarna\/vara-aktiviteter\/"},{"@type":"ListItem","position":3,"name":"H\u00f6stm\u00f6te 2023"}]},{"@type":"WebSite","@id":"https:\/\/www.helasverige.se\/dalarna\/#website","url":"https:\/\/www.helasverige.se\/dalarna\/","name":"","description":"\u00c4nnu en webbplats hos Hela Sverige ska leva","potentialAction":[{"@type":"SearchAction","target":{"@type":"EntryPoint","urlTemplate":"https:\/\/www.helasverige.se\/dalarna\/?s={search_term_string}"},"query-input":{"@type":"PropertyValueSpecification","valueRequired":true,"valueName":"search_term_string"}}],"inLanguage":"sv-SE"}]}},"_links":{"self":[{"href":"https:\/\/www.helasverige.se\/dalarna\/wp-json\/wp\/v2\/pages\/1471","targetHints":{"allow":["GET"]}}],"collection":[{"href":"https:\/\/www.helasverige.se\/dalarna\/wp-json\/wp\/v2\/pages"}],"about":[{"href":"https:\/\/www.helasverige.se\/dalarna\/wp-json\/wp\/v2\/types\/page"}],"author":[{"embeddable":true,"href":"https:\/\/www.helasverige.se\/dalarna\/wp-json\/wp\/v2\/users\/25"}],"replies":[{"embeddable":true,"href":"https:\/\/www.helasverige.se\/dalarna\/wp-json\/wp\/v2\/comments?post=1471"}],"version-history":[{"count":5,"href":"https:\/\/www.helasverige.se\/dalarna\/wp-json\/wp\/v2\/pages\/1471\/revisions"}],"predecessor-version":[{"id":1490,"href":"https:\/\/www.helasverige.se\/dalarna\/wp-json\/wp\/v2\/pages\/1471\/revisions\/1490"}],"up":[{"embeddable":true,"href":"https:\/\/www.helasverige.se\/dalarna\/wp-json\/wp\/v2\/pages\/20"}],"wp:featuredmedia":[{"embeddable":true,"href":"https:\/\/www.helasverige.se\/dalarna\/wp-json\/wp\/v2\/media\/1468"}],"wp:attachment":[{"href":"https:\/\/www.helasverige.se\/dalarna\/wp-json\/wp\/v2\/media?parent=1471"}],"curies":[{"name":"wp","href":"https:\/\/api.w.org\/{rel}","templated":true}]}}

Höstmöte 2023

<h3>Varmt välkomna!</h3>
<p>Den 19 november håller vi Höstmöte som alla våra medlemmar och organisationer i Dalarna är välkomna till.<br />
Föreningsmötet kommer att hållas på Rots Skans, hembygdsföreningens möteslokal i Älvdalen.</p>
<p>Hemsidan: <a href="https://www.ehf.se/rots-skans/hembygdsgarden-rots-skans/" target="_blank" rel="noopener">Rots Skans</a></p>
<p>Adres: Ribbvägen 4, Älvdalen</p>
<p>Centralt på mötet är &#8221;Projektdesign och processtöd” och våra processtöds-checkar samt presentation av processtödsservice.<br />
Vi kommer även att utse &#8221;Årets utvecklingsgrupp i Dalarna 2023&#8221; och titta fram till 2024.<br />
Vi kommer att ge en bredare bild av vad Hela Sverige är och diskutera vad vi som grupp kan göra och hur vi blir en stark röst lokalt, regionalt och nationellt.</p>
<h4></h4>
<h4>Program för dagen:</h4>
<p>09.30 &#8211; Fika och &#8221;mingel&#8221;<br />
10.00 &#8211; Varmt välkomna till vår mötesplats &#8211; inkl. korade av Årets Utvecklingsgrupp 2023<br />
10.10 &#8211; Presentation processtödsservice &#8211; Lisa Fröbel<br />
11.00 &#8211; Workshop processtödsservice<br />
12.00 &#8211; Lunch<br />
13.00 &#8211; Presentation beviljade projekt<br />
14.00 &#8211; Höstmöte 2023, <a href="https://www.helasverige.se/dalarna/?page_id=1476&amp;preview=true" target="_blank" rel="noopener">dagordning</a><br />
14.45 &#8211; Hemgångsfika</p>
<p>Anmälan och eventuell kostallergier mejlas senast den 11/11 via: <a href="https://forms.gle/FKYaGQysvwKKEWAM7" target="_blank" rel="noopener">Anmälan höstmöte 2023</a></p>
<p>&nbsp;</p>
<p>Styrelsen</p>

<p>Varmt välkomna! Den 19 november håller vi Höstmöte som alla våra medlemmar och organisationer i Dalarna är välkomna till. Föreningsmötet kommer att hållas på Rots Skans, hembygdsföreningens möteslokal i Älvdalen. Hemsidan: Rots Skans Adres: Ribbvägen 4, Älvdalen Centralt på mötet är &#8221;Projektdesign och processtöd” och våra processtöds-checkar samt presentation av processtödsservice. Vi kommer även att [&hellip;]</p>

<!-- This site is optimized with the Yoast SEO Premium plugin v27.4 (Yoast SEO v27.4) - https://yoast.com/product/yoast-seo-premium-wordpress/ -->
<title>Dalarna - Höstmöte 2023 -</title>
<meta name="robots" content="index, follow, max-snippet:-1, max-image-preview:large, max-video-preview:-1" />
<link rel="canonical" href="https://www.helasverige.se/dalarna/vara-aktiviteter/hostmote-2023/" />
<meta property="og:locale" content="sv_SE" />
<meta property="og:type" content="article" />
<meta property="og:title" content="Dalarna - Höstmöte 2023" />
<meta property="og:description" content="Varmt välkomna! Den 19 november håller vi Höstmöte som alla våra medlemmar och organisationer i Dalarna är välkomna till. Föreningsmötet kommer att hållas på Rots Skans, hembygdsföreningens möteslokal i Älvdalen. Hemsidan: Rots Skans Adres: Ribbvägen 4, Älvdalen Centralt på mötet är &#8221;Projektdesign och processtöd” och våra processtöds-checkar samt presentation av processtödsservice. Vi kommer även att [&hellip;]" />
<meta property="og:url" content="https://www.helasverige.se/dalarna/vara-aktiviteter/hostmote-2023/" />
<meta property="article:modified_time" content="2023-10-19T09:02:30+00:00" />
<meta property="og:image" content="https://www.helasverige.se/dalarna/wp-content/uploads/sites/4/2023/10/230520-Rots-Skans_1249-e1697705997260.jpg" />
	<meta property="og:image:width" content="800" />
	<meta property="og:image:height" content="450" />
	<meta property="og:image:type" content="image/jpeg" />
<meta name="twitter:card" content="summary_large_image" />
<meta name="twitter:label1" content="Beräknad lästid" />
	<meta name="twitter:data1" content="1 minut" />
<script type="application/ld+json" class="yoast-schema-graph">{"@context":"https:\/\/schema.org","@graph":[{"@type":"WebPage","@id":"https:\/\/www.helasverige.se\/dalarna\/vara-aktiviteter\/hostmote-2023\/","url":"https:\/\/www.helasverige.se\/dalarna\/vara-aktiviteter\/hostmote-2023\/","name":"Dalarna - Höstmöte 2023 -","isPartOf":{"@id":"https:\/\/www.helasverige.se\/dalarna\/#website"},"primaryImageOfPage":{"@id":"https:\/\/www.helasverige.se\/dalarna\/vara-aktiviteter\/hostmote-2023\/#primaryimage"},"image":{"@id":"https:\/\/www.helasverige.se\/dalarna\/vara-aktiviteter\/hostmote-2023\/#primaryimage"},"thumbnailUrl":"https:\/\/www.helasverige.se\/dalarna\/wp-content\/uploads\/sites\/4\/2023\/10\/230520-Rots-Skans_1249-e1697705997260.jpg","datePublished":"2023-10-19T08:48:18+00:00","dateModified":"2023-10-19T09:02:30+00:00","breadcrumb":{"@id":"https:\/\/www.helasverige.se\/dalarna\/vara-aktiviteter\/hostmote-2023\/#breadcrumb"},"inLanguage":"sv-SE","potentialAction":[{"@type":"ReadAction","target":["https:\/\/www.helasverige.se\/dalarna\/vara-aktiviteter\/hostmote-2023\/"]}]},{"@type":"ImageObject","inLanguage":"sv-SE","@id":"https:\/\/www.helasverige.se\/dalarna\/vara-aktiviteter\/hostmote-2023\/#primaryimage","url":"https:\/\/www.helasverige.se\/dalarna\/wp-content\/uploads\/sites\/4\/2023\/10\/230520-Rots-Skans_1249-e1697705997260.jpg","contentUrl":"https:\/\/www.helasverige.se\/dalarna\/wp-content\/uploads\/sites\/4\/2023\/10\/230520-Rots-Skans_1249-e1697705997260.jpg","width":800,"height":450,"caption":"Foto Nisse Schmidt"},{"@type":"BreadcrumbList","@id":"https:\/\/www.helasverige.se\/dalarna\/vara-aktiviteter\/hostmote-2023\/#breadcrumb","itemListElement":[{"@type":"ListItem","position":1,"name":"Home","item":"https:\/\/www.helasverige.se\/dalarna\/"},{"@type":"ListItem","position":2,"name":"Våra aktiviteter","item":"https:\/\/www.helasverige.se\/dalarna\/vara-aktiviteter\/"},{"@type":"ListItem","position":3,"name":"Höstmöte 2023"}]},{"@type":"WebSite","@id":"https:\/\/www.helasverige.se\/dalarna\/#website","url":"https:\/\/www.helasverige.se\/dalarna\/","name":"","description":"Ännu en webbplats hos Hela Sverige ska leva","potentialAction":[{"@type":"SearchAction","target":{"@type":"EntryPoint","urlTemplate":"https:\/\/www.helasverige.se\/dalarna\/?s={search_term_string}"},"query-input":{"@type":"PropertyValueSpecification","valueRequired":true,"valueName":"search_term_string"}}],"inLanguage":"sv-SE"}]}</script>
<!-- / Yoast SEO Premium plugin. -->

Dalarna - Höstmöte 2023 -

Dalarna - Höstmöte 2023

Varmt välkomna! Den 19 november håller vi Höstmöte som alla våra medlemmar och organisationer i Dalarna är välkomna till. Föreningsmötet kommer att hållas på Rots Skans, hembygdsföreningens möteslokal i Älvdalen. Hemsidan: Rots Skans Adres: Ribbvägen 4, Älvdalen Centralt på mötet är &#8221;Projektdesign och processtöd” och våra processtöds-checkar samt presentation av processtödsservice. Vi kommer även att [&hellip;]

Våra aktiviteter

Ännu en webbplats hos Hela Sverige ska leva
