{"id":1758,"date":"2024-11-15T09:01:00","date_gmt":"2024-11-15T08:01:00","guid":{"rendered":"https:\/\/www.helasverige.se\/dalarna\/?page_id=1758"},"modified":"2024-11-15T09:05:05","modified_gmt":"2024-11-15T08:05:05","slug":"arets-lokala-utvecklingsgrupp-i-dalarna-2024","status":"publish","type":"page","link":"https:\/\/www.helasverige.se\/dalarna\/lokala-utvecklingsgrupper-2\/arets-lokala-utvecklingsgrupp-i-dalarna-2024\/","title":{"rendered":"\u00c5rets lokala utvecklingsgrupp\u00a02024"},"content":{"rendered":"<h2>Styrelsen f\u00f6r Hela Sverige Dalarna, utser Tyngsj\u00f6 bygdeg\u00e5rdsf\u00f6rening i Malung-S\u00e4lens kommun till \u00c5rets utvecklingsgrupp 2024.<\/h2>\n<p>&nbsp;<\/p>\n<p>Tyngsj\u00f6 bygdeg\u00e5rdsf\u00f6rening har med stor klokskap och ett aldrig sinande engagemang skapat en utveckling p\u00e5 Malungs finnmark som f\u00e5 skulle trott vara m\u00f6jlig f\u00f6r 20-30 \u00e5r sedan.<\/p>\n<p>Engagemanget i bygden har byggts genom \u00f6ppenhet och delaktighet, gemenskap och samarbete samt ansvar f\u00f6r bygden.<\/p>\n<p>Arbetet pr\u00e4glas ocks\u00e5 av en stark resultatorientering d\u00e4r avst\u00e5ndet mellan ord och handling \u00e4r kort.<\/p>\n<p>Malungs finnmark har under senare \u00e5r genomg\u00e5tt en remarkabel f\u00f6rvandling vilket skapat en stark framtidstro som bl a visas via inflyttning av yngre familjer.<\/p>\n<p>I det sammanhanget kan bygdeg\u00e5rdsf\u00f6reningens roll inte nog po\u00e4ngteras!<\/p>\n<p>&nbsp;<\/p>\n<p><img loading=\"lazy\" decoding=\"async\" class=\"aligncenter\" src=\"https:\/\/www.helasverige.se\/dalarna\/wp-content\/uploads\/sites\/4\/2024\/11\/Tyngsjo.jpg\" width=\"705\" height=\"264\" \/><\/p>\n","protected":false},"excerpt":{"rendered":"<p>Styrelsen f\u00f6r Hela Sverige Dalarna, utser Tyngsj\u00f6 bygdeg\u00e5rdsf\u00f6rening i Malung-S\u00e4lens kommun till \u00c5rets utvecklingsgrupp 2024. &nbsp; Tyngsj\u00f6 bygdeg\u00e5rdsf\u00f6rening har med stor klokskap och ett aldrig sinande engagemang skapat en utveckling p\u00e5 Malungs finnmark som f\u00e5 skulle trott vara m\u00f6jlig f\u00f6r 20-30 \u00e5r sedan. Engagemanget i bygden har byggts genom \u00f6ppenhet och delaktighet, gemenskap och samarbete [&hellip;]<\/p>\n","protected":false},"author":25,"featured_media":0,"parent":956,"menu_order":0,"comment_status":"closed","ping_status":"closed","template":"tpl-lansavdelning.php","meta":{"_acf_changed":false,"footnotes":""},"class_list":["post-1758","page","type-page","status-publish","hentry"],"acf":[],"yoast_head":"<!-- This site is optimized with the Yoast SEO Premium plugin v27.3 (Yoast SEO v27.4) - https:\/\/yoast.com\/product\/yoast-seo-premium-wordpress\/ -->\n<title>Dalarna - \u00c5rets lokala utvecklingsgrupp\u00a02024 -<\/title>\n<meta name=\"robots\" content=\"index, follow, max-snippet:-1, max-image-preview:large, max-video-preview:-1\" \/>\n<link rel=\"canonical\" href=\"https:\/\/www.helasverige.se\/dalarna\/lokala-utvecklingsgrupper-2\/arets-lokala-utvecklingsgrupp-i-dalarna-2024\/\" \/>\n<meta property=\"og:locale\" content=\"sv_SE\" \/>\n<meta property=\"og:type\" content=\"article\" \/>\n<meta property=\"og:title\" content=\"Dalarna - \u00c5rets lokala utvecklingsgrupp\u00a02024\" \/>\n<meta property=\"og:description\" content=\"Styrelsen f\u00f6r Hela Sverige Dalarna, utser Tyngsj\u00f6 bygdeg\u00e5rdsf\u00f6rening i Malung-S\u00e4lens kommun till \u00c5rets utvecklingsgrupp 2024. &nbsp; Tyngsj\u00f6 bygdeg\u00e5rdsf\u00f6rening har med stor klokskap och ett aldrig sinande engagemang skapat en utveckling p\u00e5 Malungs finnmark som f\u00e5 skulle trott vara m\u00f6jlig f\u00f6r 20-30 \u00e5r sedan. Engagemanget i bygden har byggts genom \u00f6ppenhet och delaktighet, gemenskap och samarbete [&hellip;]\" \/>\n<meta property=\"og:url\" content=\"https:\/\/www.helasverige.se\/dalarna\/lokala-utvecklingsgrupper-2\/arets-lokala-utvecklingsgrupp-i-dalarna-2024\/\" \/>\n<meta property=\"article:modified_time\" content=\"2024-11-15T08:05:05+00:00\" \/>\n<meta property=\"og:image\" content=\"https:\/\/www.helasverige.se\/dalarna\/wp-content\/uploads\/sites\/4\/2024\/11\/Tyngsjo.jpg\" \/>\n<meta name=\"twitter:card\" content=\"summary_large_image\" \/>\n<meta name=\"twitter:label1\" content=\"Ber\u00e4knad l\u00e4stid\" \/>\n\t<meta name=\"twitter:data1\" content=\"1 minut\" \/>\n<script type=\"application\/ld+json\" class=\"yoast-schema-graph\">{\"@context\":\"https:\\\/\\\/schema.org\",\"@graph\":[{\"@type\":\"WebPage\",\"@id\":\"https:\\\/\\\/www.helasverige.se\\\/dalarna\\\/lokala-utvecklingsgrupper-2\\\/arets-lokala-utvecklingsgrupp-i-dalarna-2024\\\/\",\"url\":\"https:\\\/\\\/www.helasverige.se\\\/dalarna\\\/lokala-utvecklingsgrupper-2\\\/arets-lokala-utvecklingsgrupp-i-dalarna-2024\\\/\",\"name\":\"Dalarna - \u00c5rets lokala utvecklingsgrupp\u00a02024 -\",\"isPartOf\":{\"@id\":\"https:\\\/\\\/www.helasverige.se\\\/dalarna\\\/#website\"},\"primaryImageOfPage\":{\"@id\":\"https:\\\/\\\/www.helasverige.se\\\/dalarna\\\/lokala-utvecklingsgrupper-2\\\/arets-lokala-utvecklingsgrupp-i-dalarna-2024\\\/#primaryimage\"},\"image\":{\"@id\":\"https:\\\/\\\/www.helasverige.se\\\/dalarna\\\/lokala-utvecklingsgrupper-2\\\/arets-lokala-utvecklingsgrupp-i-dalarna-2024\\\/#primaryimage\"},\"thumbnailUrl\":\"https:\\\/\\\/www.helasverige.se\\\/dalarna\\\/wp-content\\\/uploads\\\/sites\\\/4\\\/2024\\\/11\\\/Tyngsjo.jpg\",\"datePublished\":\"2024-11-15T08:01:00+00:00\",\"dateModified\":\"2024-11-15T08:05:05+00:00\",\"breadcrumb\":{\"@id\":\"https:\\\/\\\/www.helasverige.se\\\/dalarna\\\/lokala-utvecklingsgrupper-2\\\/arets-lokala-utvecklingsgrupp-i-dalarna-2024\\\/#breadcrumb\"},\"inLanguage\":\"sv-SE\",\"potentialAction\":[{\"@type\":\"ReadAction\",\"target\":[\"https:\\\/\\\/www.helasverige.se\\\/dalarna\\\/lokala-utvecklingsgrupper-2\\\/arets-lokala-utvecklingsgrupp-i-dalarna-2024\\\/\"]}]},{\"@type\":\"ImageObject\",\"inLanguage\":\"sv-SE\",\"@id\":\"https:\\\/\\\/www.helasverige.se\\\/dalarna\\\/lokala-utvecklingsgrupper-2\\\/arets-lokala-utvecklingsgrupp-i-dalarna-2024\\\/#primaryimage\",\"url\":\"https:\\\/\\\/www.helasverige.se\\\/dalarna\\\/wp-content\\\/uploads\\\/sites\\\/4\\\/2024\\\/11\\\/Tyngsjo.jpg\",\"contentUrl\":\"https:\\\/\\\/www.helasverige.se\\\/dalarna\\\/wp-content\\\/uploads\\\/sites\\\/4\\\/2024\\\/11\\\/Tyngsjo.jpg\",\"width\":1451,\"height\":543},{\"@type\":\"BreadcrumbList\",\"@id\":\"https:\\\/\\\/www.helasverige.se\\\/dalarna\\\/lokala-utvecklingsgrupper-2\\\/arets-lokala-utvecklingsgrupp-i-dalarna-2024\\\/#breadcrumb\",\"itemListElement\":[{\"@type\":\"ListItem\",\"position\":1,\"name\":\"Home\",\"item\":\"https:\\\/\\\/www.helasverige.se\\\/dalarna\\\/\"},{\"@type\":\"ListItem\",\"position\":2,\"name\":\"Lokala utvecklingsgrupper\",\"item\":\"https:\\\/\\\/www.helasverige.se\\\/dalarna\\\/lokala-utvecklingsgrupper-2\\\/\"},{\"@type\":\"ListItem\",\"position\":3,\"name\":\"\u00c5rets lokala utvecklingsgrupp\u00a02024\"}]},{\"@type\":\"WebSite\",\"@id\":\"https:\\\/\\\/www.helasverige.se\\\/dalarna\\\/#website\",\"url\":\"https:\\\/\\\/www.helasverige.se\\\/dalarna\\\/\",\"name\":\"\",\"description\":\"\u00c4nnu en webbplats hos Hela Sverige ska leva\",\"potentialAction\":[{\"@type\":\"SearchAction\",\"target\":{\"@type\":\"EntryPoint\",\"urlTemplate\":\"https:\\\/\\\/www.helasverige.se\\\/dalarna\\\/?s={search_term_string}\"},\"query-input\":{\"@type\":\"PropertyValueSpecification\",\"valueRequired\":true,\"valueName\":\"search_term_string\"}}],\"inLanguage\":\"sv-SE\"}]}<\/script>\n<!-- \/ Yoast SEO Premium plugin. -->","yoast_head_json":{"title":"Dalarna - \u00c5rets lokala utvecklingsgrupp\u00a02024 -","robots":{"index":"index","follow":"follow","max-snippet":"max-snippet:-1","max-image-preview":"max-image-preview:large","max-video-preview":"max-video-preview:-1"},"canonical":"https:\/\/www.helasverige.se\/dalarna\/lokala-utvecklingsgrupper-2\/arets-lokala-utvecklingsgrupp-i-dalarna-2024\/","og_locale":"sv_SE","og_type":"article","og_title":"Dalarna - \u00c5rets lokala utvecklingsgrupp\u00a02024","og_description":"Styrelsen f\u00f6r Hela Sverige Dalarna, utser Tyngsj\u00f6 bygdeg\u00e5rdsf\u00f6rening i Malung-S\u00e4lens kommun till \u00c5rets utvecklingsgrupp 2024. &nbsp; Tyngsj\u00f6 bygdeg\u00e5rdsf\u00f6rening har med stor klokskap och ett aldrig sinande engagemang skapat en utveckling p\u00e5 Malungs finnmark som f\u00e5 skulle trott vara m\u00f6jlig f\u00f6r 20-30 \u00e5r sedan. Engagemanget i bygden har byggts genom \u00f6ppenhet och delaktighet, gemenskap och samarbete [&hellip;]","og_url":"https:\/\/www.helasverige.se\/dalarna\/lokala-utvecklingsgrupper-2\/arets-lokala-utvecklingsgrupp-i-dalarna-2024\/","article_modified_time":"2024-11-15T08:05:05+00:00","og_image":[{"url":"https:\/\/www.helasverige.se\/dalarna\/wp-content\/uploads\/sites\/4\/2024\/11\/Tyngsjo.jpg","type":"","width":"","height":""}],"twitter_card":"summary_large_image","twitter_misc":{"Ber\u00e4knad l\u00e4stid":"1 minut"},"schema":{"@context":"https:\/\/schema.org","@graph":[{"@type":"WebPage","@id":"https:\/\/www.helasverige.se\/dalarna\/lokala-utvecklingsgrupper-2\/arets-lokala-utvecklingsgrupp-i-dalarna-2024\/","url":"https:\/\/www.helasverige.se\/dalarna\/lokala-utvecklingsgrupper-2\/arets-lokala-utvecklingsgrupp-i-dalarna-2024\/","name":"Dalarna - \u00c5rets lokala utvecklingsgrupp\u00a02024 -","isPartOf":{"@id":"https:\/\/www.helasverige.se\/dalarna\/#website"},"primaryImageOfPage":{"@id":"https:\/\/www.helasverige.se\/dalarna\/lokala-utvecklingsgrupper-2\/arets-lokala-utvecklingsgrupp-i-dalarna-2024\/#primaryimage"},"image":{"@id":"https:\/\/www.helasverige.se\/dalarna\/lokala-utvecklingsgrupper-2\/arets-lokala-utvecklingsgrupp-i-dalarna-2024\/#primaryimage"},"thumbnailUrl":"https:\/\/www.helasverige.se\/dalarna\/wp-content\/uploads\/sites\/4\/2024\/11\/Tyngsjo.jpg","datePublished":"2024-11-15T08:01:00+00:00","dateModified":"2024-11-15T08:05:05+00:00","breadcrumb":{"@id":"https:\/\/www.helasverige.se\/dalarna\/lokala-utvecklingsgrupper-2\/arets-lokala-utvecklingsgrupp-i-dalarna-2024\/#breadcrumb"},"inLanguage":"sv-SE","potentialAction":[{"@type":"ReadAction","target":["https:\/\/www.helasverige.se\/dalarna\/lokala-utvecklingsgrupper-2\/arets-lokala-utvecklingsgrupp-i-dalarna-2024\/"]}]},{"@type":"ImageObject","inLanguage":"sv-SE","@id":"https:\/\/www.helasverige.se\/dalarna\/lokala-utvecklingsgrupper-2\/arets-lokala-utvecklingsgrupp-i-dalarna-2024\/#primaryimage","url":"https:\/\/www.helasverige.se\/dalarna\/wp-content\/uploads\/sites\/4\/2024\/11\/Tyngsjo.jpg","contentUrl":"https:\/\/www.helasverige.se\/dalarna\/wp-content\/uploads\/sites\/4\/2024\/11\/Tyngsjo.jpg","width":1451,"height":543},{"@type":"BreadcrumbList","@id":"https:\/\/www.helasverige.se\/dalarna\/lokala-utvecklingsgrupper-2\/arets-lokala-utvecklingsgrupp-i-dalarna-2024\/#breadcrumb","itemListElement":[{"@type":"ListItem","position":1,"name":"Home","item":"https:\/\/www.helasverige.se\/dalarna\/"},{"@type":"ListItem","position":2,"name":"Lokala utvecklingsgrupper","item":"https:\/\/www.helasverige.se\/dalarna\/lokala-utvecklingsgrupper-2\/"},{"@type":"ListItem","position":3,"name":"\u00c5rets lokala utvecklingsgrupp\u00a02024"}]},{"@type":"WebSite","@id":"https:\/\/www.helasverige.se\/dalarna\/#website","url":"https:\/\/www.helasverige.se\/dalarna\/","name":"","description":"\u00c4nnu en webbplats hos Hela Sverige ska leva","potentialAction":[{"@type":"SearchAction","target":{"@type":"EntryPoint","urlTemplate":"https:\/\/www.helasverige.se\/dalarna\/?s={search_term_string}"},"query-input":{"@type":"PropertyValueSpecification","valueRequired":true,"valueName":"search_term_string"}}],"inLanguage":"sv-SE"}]}},"_links":{"self":[{"href":"https:\/\/www.helasverige.se\/dalarna\/wp-json\/wp\/v2\/pages\/1758","targetHints":{"allow":["GET"]}}],"collection":[{"href":"https:\/\/www.helasverige.se\/dalarna\/wp-json\/wp\/v2\/pages"}],"about":[{"href":"https:\/\/www.helasverige.se\/dalarna\/wp-json\/wp\/v2\/types\/page"}],"author":[{"embeddable":true,"href":"https:\/\/www.helasverige.se\/dalarna\/wp-json\/wp\/v2\/users\/25"}],"replies":[{"embeddable":true,"href":"https:\/\/www.helasverige.se\/dalarna\/wp-json\/wp\/v2\/comments?post=1758"}],"version-history":[{"count":14,"href":"https:\/\/www.helasverige.se\/dalarna\/wp-json\/wp\/v2\/pages\/1758\/revisions"}],"predecessor-version":[{"id":1772,"href":"https:\/\/www.helasverige.se\/dalarna\/wp-json\/wp\/v2\/pages\/1758\/revisions\/1772"}],"up":[{"embeddable":true,"href":"https:\/\/www.helasverige.se\/dalarna\/wp-json\/wp\/v2\/pages\/956"}],"wp:attachment":[{"href":"https:\/\/www.helasverige.se\/dalarna\/wp-json\/wp\/v2\/media?parent=1758"}],"curies":[{"name":"wp","href":"https:\/\/api.w.org\/{rel}","templated":true}]}}