{"id":1863,"date":"2026-03-18T15:58:37","date_gmt":"2026-03-18T14:58:37","guid":{"rendered":"https:\/\/www.helasverige.se\/dalarna\/?page_id=1863"},"modified":"2026-03-18T15:58:37","modified_gmt":"2026-03-18T14:58:37","slug":"arets-lokala-utvecklingsgrupp-2025","status":"publish","type":"page","link":"https:\/\/www.helasverige.se\/dalarna\/lokala-utvecklingsgrupper-2\/arets-lokala-utvecklingsgrupp-2025\/","title":{"rendered":"\u00c5rets lokala utvecklingsgrupp\u00a02025"},"content":{"rendered":"<h2><span style=\"font-weight: 400\">Nominering Husbyringen Stj\u00e4rnsund: St\u00e4rkt framtidstron i bygden<\/span><\/h2>\n<p>&nbsp;<\/p>\n<p><b>Nya m\u00f6jligheter ist\u00e4llet f\u00f6r nedg\u00e5ng<\/b><\/p>\n<p><span style=\"font-weight: 400\">I en bygd som tidigare pr\u00e4glats av industrinedl\u00e4ggningar och utflyttning har Husbyringen visat att man kan bygga en framtid p\u00e5 kulturarv och natur ist\u00e4llet f\u00f6r att bara s\u00f6rja det som f\u00f6rsvunnit. Det skapar en k\u00e4nsla av att bygden fortfarande har resurser och v\u00e4rden att utveckla.\u00a0<\/span><\/p>\n<p><b>Gemenskap och stolthet<\/b><span style=\"font-weight: 400\">\u00a0<\/span><\/p>\n<p><span style=\"font-weight: 400\">Arbetet har f\u00f6rt samman f\u00f6reningar, f\u00f6retagare och privatpersoner. N\u00e4r m\u00e4nniskor samarbetar kring n\u00e5got synligt och konkret, som att restaurera en byggnad eller arrangera en guidning, skapas stolthet och hopp om att man kan \u00e5stadkomma mer tillsammans. <\/span><b>Turism som framtidsn\u00e4ring<\/b><\/p>\n<p><span style=\"font-weight: 400\">Genom att locka bes\u00f6kare fr\u00e5n n\u00e4r och fj\u00e4rran har Husbyringen visat att turism kan vara ett l\u00e5ngsiktigt ben f\u00f6r ekonomin i bygden. Det st\u00e4rker tron p\u00e5 att unga kan stanna eller \u00e5terv\u00e4nda, eftersom det finns f\u00f6retagarm\u00f6jligheter.<\/span><\/p>\n<p><b>L\u00e4rande och n\u00e4sta generation<\/b><\/p>\n<p><span style=\"font-weight: 400\">Genom skolprogram, guidningar och kulturarrangemang f\u00f6rs kunskap vidare till unga. N\u00e4r barn och ungdomar f\u00e5r l\u00e4ra k\u00e4nna sin hembygds historia och betydelse v\u00e4xer k\u00e4nslan av att man bor p\u00e5 en plats som \u00e4r viktig och v\u00e4rdefull \u2013 n\u00e5got att vilja bygga framtiden p\u00e5. <\/span><b>L\u00e5ngsiktigt bevarande<\/b><\/p>\n<p><span style=\"font-weight: 400\">Att gamla hyttor, g\u00e5rdar och kulturmilj\u00f6er inte l\u00e4ngre f\u00e5r f\u00f6rfalla, utan i st\u00e4llet anv\u00e4nds och v\u00e5rdas, ger en k\u00e4nsla av kontinuitet. Det visar att bygden har en framtid och inte bara ett f\u00f6rflutet.<\/span><\/p>\n<p>&nbsp;<\/p>\n<h2><span style=\"font-weight: 400\">Kan inspirera andra utvecklingsgrupper i Sverige<\/span><\/h2>\n<p><img loading=\"lazy\" decoding=\"async\" class=\"alignright wp-image-1836 size-large\" src=\"https:\/\/www.helasverige.se\/dalarna\/wp-content\/uploads\/sites\/4\/2025\/11\/20250623_152450-1-1024x576.jpg\" alt=\"\" width=\"1024\" height=\"576\" srcset=\"https:\/\/www.helasverige.se\/dalarna\/wp-content\/uploads\/sites\/4\/2025\/11\/20250623_152450-1-1024x576.jpg 1024w, https:\/\/www.helasverige.se\/dalarna\/wp-content\/uploads\/sites\/4\/2025\/11\/20250623_152450-1-300x169.jpg 300w, https:\/\/www.helasverige.se\/dalarna\/wp-content\/uploads\/sites\/4\/2025\/11\/20250623_152450-1-768x432.jpg 768w, https:\/\/www.helasverige.se\/dalarna\/wp-content\/uploads\/sites\/4\/2025\/11\/20250623_152450-1-1536x864.jpg 1536w, https:\/\/www.helasverige.se\/dalarna\/wp-content\/uploads\/sites\/4\/2025\/11\/20250623_152450-1-2048x1152.jpg 2048w\" sizes=\"auto, (max-width: 1024px) 100vw, 1024px\" \/><\/p>\n<p><b>T\u00e4nk nytt om kulturarv<\/b><\/p>\n<p><span style=\"font-weight: 400\">Att g\u00f6ra hela bygden till ett ekomuseum visar att kulturarv inte m\u00e5ste begr\u00e4nsas till en byggnad eller ett arkiv \u2013 det kan vara en levande resurs i landskapet. Genom att knyta ihop natur, industrihistoria och lokal kultur skapas en helhetsupplevelse som \u00e4r mer attraktiv f\u00f6r b\u00e5de inv\u00e5nare och bes\u00f6kare.\u00a0<\/span><\/p>\n<p><b>Bygg p\u00e5 samverkan<\/b><\/p>\n<p><span style=\"font-weight: 400\">Husbyringen lyckades genom att f\u00f6rena f\u00f6reningsliv, mark\u00e4gare, myndigheter och f\u00f6retag. Nyckeln var att alla parter s\u00e5g en vinst i samarbetet, vilket minskade mots\u00e4ttningar och skapade l\u00e5ngsiktighet.\u00a0<\/span><\/p>\n<p><b>G\u00f6r sm\u00e5 saker synliga<\/b><\/p>\n<p><span style=\"font-weight: 400\">Ist\u00e4llet f\u00f6r att dr\u00f6mma om stora anl\u00e4ggningar har man tagit tillvara befintliga resurser \u2013 gamla byggnader, marker, ber\u00e4ttelser \u2013 och gjort dem till n\u00e5got nytt. Detta visar att man kan komma l\u00e5ngt med det man redan har, bara man organiserar och synligg\u00f6r det.<\/span><\/p>\n<p><b>Folkbildning som utvecklingskraft<\/b><\/p>\n<p><span style=\"font-weight: 400\">Genom guidningar, skolprogram och evenemang har man byggt kunskap och stolthet. N\u00e4r m\u00e4nniskor f\u00f6rst\u00e5r v\u00e4rdet av sin hembygd v\u00e4xer viljan att engagera sig i framtiden.<\/span><\/p>\n<p><b>Turism p\u00e5 bygdens villkor<\/b><\/p>\n<p><span style=\"font-weight: 400\">Husbyringen \u00e4r ett exempel p\u00e5 h\u00e5llbar landsbygdsturism, d\u00e4r utvecklingen sker i balans med bygdens resurser och d\u00e4r inkomsterna gynnar lokala akt\u00f6rer. Detta kan inspirera andra orter att se turism inte som hot, utan som m\u00f6jlighet.\u00a0<\/span><\/p>\n","protected":false},"excerpt":{"rendered":"<p>Nominering Husbyringen Stj\u00e4rnsund: St\u00e4rkt framtidstron i bygden &nbsp; Nya m\u00f6jligheter ist\u00e4llet f\u00f6r nedg\u00e5ng I en bygd som tidigare pr\u00e4glats av industrinedl\u00e4ggningar och utflyttning har Husbyringen visat att man kan bygga en framtid p\u00e5 kulturarv och natur ist\u00e4llet f\u00f6r att bara s\u00f6rja det som f\u00f6rsvunnit. Det skapar en k\u00e4nsla av att bygden fortfarande har resurser och [&hellip;]<\/p>\n","protected":false},"author":25,"featured_media":1866,"parent":956,"menu_order":0,"comment_status":"closed","ping_status":"closed","template":"","meta":{"_acf_changed":false,"footnotes":""},"class_list":["post-1863","page","type-page","status-publish","has-post-thumbnail","hentry"],"acf":[],"yoast_head":"<!-- This site is optimized with the Yoast SEO Premium plugin v27.3 (Yoast SEO v27.4) - https:\/\/yoast.com\/product\/yoast-seo-premium-wordpress\/ -->\n<title>Dalarna - \u00c5rets lokala utvecklingsgrupp\u00a02025 -<\/title>\n<meta name=\"robots\" content=\"index, follow, max-snippet:-1, max-image-preview:large, max-video-preview:-1\" \/>\n<link rel=\"canonical\" href=\"https:\/\/www.helasverige.se\/dalarna\/lokala-utvecklingsgrupper-2\/arets-lokala-utvecklingsgrupp-2025\/\" \/>\n<meta property=\"og:locale\" content=\"sv_SE\" \/>\n<meta property=\"og:type\" content=\"article\" \/>\n<meta property=\"og:title\" content=\"Dalarna - \u00c5rets lokala utvecklingsgrupp\u00a02025\" \/>\n<meta property=\"og:description\" content=\"Nominering Husbyringen Stj\u00e4rnsund: St\u00e4rkt framtidstron i bygden &nbsp; Nya m\u00f6jligheter ist\u00e4llet f\u00f6r nedg\u00e5ng I en bygd som tidigare pr\u00e4glats av industrinedl\u00e4ggningar och utflyttning har Husbyringen visat att man kan bygga en framtid p\u00e5 kulturarv och natur ist\u00e4llet f\u00f6r att bara s\u00f6rja det som f\u00f6rsvunnit. Det skapar en k\u00e4nsla av att bygden fortfarande har resurser och [&hellip;]\" \/>\n<meta property=\"og:url\" content=\"https:\/\/www.helasverige.se\/dalarna\/lokala-utvecklingsgrupper-2\/arets-lokala-utvecklingsgrupp-2025\/\" \/>\n<meta property=\"og:image\" content=\"https:\/\/www.helasverige.se\/dalarna\/wp-content\/uploads\/sites\/4\/2026\/03\/20251123_133659-1-scaled.jpg\" \/>\n\t<meta property=\"og:image:width\" content=\"2560\" \/>\n\t<meta property=\"og:image:height\" content=\"1920\" \/>\n\t<meta property=\"og:image:type\" content=\"image\/jpeg\" \/>\n<meta name=\"twitter:card\" content=\"summary_large_image\" \/>\n<meta name=\"twitter:label1\" content=\"Ber\u00e4knad l\u00e4stid\" \/>\n\t<meta name=\"twitter:data1\" content=\"3 minuter\" \/>\n<script type=\"application\/ld+json\" class=\"yoast-schema-graph\">{\"@context\":\"https:\\\/\\\/schema.org\",\"@graph\":[{\"@type\":\"WebPage\",\"@id\":\"https:\\\/\\\/www.helasverige.se\\\/dalarna\\\/lokala-utvecklingsgrupper-2\\\/arets-lokala-utvecklingsgrupp-2025\\\/\",\"url\":\"https:\\\/\\\/www.helasverige.se\\\/dalarna\\\/lokala-utvecklingsgrupper-2\\\/arets-lokala-utvecklingsgrupp-2025\\\/\",\"name\":\"Dalarna - \u00c5rets lokala utvecklingsgrupp\u00a02025 -\",\"isPartOf\":{\"@id\":\"https:\\\/\\\/www.helasverige.se\\\/dalarna\\\/#website\"},\"primaryImageOfPage\":{\"@id\":\"https:\\\/\\\/www.helasverige.se\\\/dalarna\\\/lokala-utvecklingsgrupper-2\\\/arets-lokala-utvecklingsgrupp-2025\\\/#primaryimage\"},\"image\":{\"@id\":\"https:\\\/\\\/www.helasverige.se\\\/dalarna\\\/lokala-utvecklingsgrupper-2\\\/arets-lokala-utvecklingsgrupp-2025\\\/#primaryimage\"},\"thumbnailUrl\":\"https:\\\/\\\/www.helasverige.se\\\/dalarna\\\/wp-content\\\/uploads\\\/sites\\\/4\\\/2026\\\/03\\\/20251123_133659-1-scaled.jpg\",\"datePublished\":\"2026-03-18T14:58:37+00:00\",\"breadcrumb\":{\"@id\":\"https:\\\/\\\/www.helasverige.se\\\/dalarna\\\/lokala-utvecklingsgrupper-2\\\/arets-lokala-utvecklingsgrupp-2025\\\/#breadcrumb\"},\"inLanguage\":\"sv-SE\",\"potentialAction\":[{\"@type\":\"ReadAction\",\"target\":[\"https:\\\/\\\/www.helasverige.se\\\/dalarna\\\/lokala-utvecklingsgrupper-2\\\/arets-lokala-utvecklingsgrupp-2025\\\/\"]}]},{\"@type\":\"ImageObject\",\"inLanguage\":\"sv-SE\",\"@id\":\"https:\\\/\\\/www.helasverige.se\\\/dalarna\\\/lokala-utvecklingsgrupper-2\\\/arets-lokala-utvecklingsgrupp-2025\\\/#primaryimage\",\"url\":\"https:\\\/\\\/www.helasverige.se\\\/dalarna\\\/wp-content\\\/uploads\\\/sites\\\/4\\\/2026\\\/03\\\/20251123_133659-1-scaled.jpg\",\"contentUrl\":\"https:\\\/\\\/www.helasverige.se\\\/dalarna\\\/wp-content\\\/uploads\\\/sites\\\/4\\\/2026\\\/03\\\/20251123_133659-1-scaled.jpg\",\"width\":2560,\"height\":1920},{\"@type\":\"BreadcrumbList\",\"@id\":\"https:\\\/\\\/www.helasverige.se\\\/dalarna\\\/lokala-utvecklingsgrupper-2\\\/arets-lokala-utvecklingsgrupp-2025\\\/#breadcrumb\",\"itemListElement\":[{\"@type\":\"ListItem\",\"position\":1,\"name\":\"Home\",\"item\":\"https:\\\/\\\/www.helasverige.se\\\/dalarna\\\/\"},{\"@type\":\"ListItem\",\"position\":2,\"name\":\"Lokala utvecklingsgrupper\",\"item\":\"https:\\\/\\\/www.helasverige.se\\\/dalarna\\\/lokala-utvecklingsgrupper-2\\\/\"},{\"@type\":\"ListItem\",\"position\":3,\"name\":\"\u00c5rets lokala utvecklingsgrupp\u00a02025\"}]},{\"@type\":\"WebSite\",\"@id\":\"https:\\\/\\\/www.helasverige.se\\\/dalarna\\\/#website\",\"url\":\"https:\\\/\\\/www.helasverige.se\\\/dalarna\\\/\",\"name\":\"\",\"description\":\"\u00c4nnu en webbplats hos Hela Sverige ska leva\",\"potentialAction\":[{\"@type\":\"SearchAction\",\"target\":{\"@type\":\"EntryPoint\",\"urlTemplate\":\"https:\\\/\\\/www.helasverige.se\\\/dalarna\\\/?s={search_term_string}\"},\"query-input\":{\"@type\":\"PropertyValueSpecification\",\"valueRequired\":true,\"valueName\":\"search_term_string\"}}],\"inLanguage\":\"sv-SE\"}]}<\/script>\n<!-- \/ Yoast SEO Premium plugin. -->","yoast_head_json":{"title":"Dalarna - \u00c5rets lokala utvecklingsgrupp\u00a02025 -","robots":{"index":"index","follow":"follow","max-snippet":"max-snippet:-1","max-image-preview":"max-image-preview:large","max-video-preview":"max-video-preview:-1"},"canonical":"https:\/\/www.helasverige.se\/dalarna\/lokala-utvecklingsgrupper-2\/arets-lokala-utvecklingsgrupp-2025\/","og_locale":"sv_SE","og_type":"article","og_title":"Dalarna - \u00c5rets lokala utvecklingsgrupp\u00a02025","og_description":"Nominering Husbyringen Stj\u00e4rnsund: St\u00e4rkt framtidstron i bygden &nbsp; Nya m\u00f6jligheter ist\u00e4llet f\u00f6r nedg\u00e5ng I en bygd som tidigare pr\u00e4glats av industrinedl\u00e4ggningar och utflyttning har Husbyringen visat att man kan bygga en framtid p\u00e5 kulturarv och natur ist\u00e4llet f\u00f6r att bara s\u00f6rja det som f\u00f6rsvunnit. Det skapar en k\u00e4nsla av att bygden fortfarande har resurser och [&hellip;]","og_url":"https:\/\/www.helasverige.se\/dalarna\/lokala-utvecklingsgrupper-2\/arets-lokala-utvecklingsgrupp-2025\/","og_image":[{"width":2560,"height":1920,"url":"https:\/\/www.helasverige.se\/dalarna\/wp-content\/uploads\/sites\/4\/2026\/03\/20251123_133659-1-scaled.jpg","type":"image\/jpeg"}],"twitter_card":"summary_large_image","twitter_misc":{"Ber\u00e4knad l\u00e4stid":"3 minuter"},"schema":{"@context":"https:\/\/schema.org","@graph":[{"@type":"WebPage","@id":"https:\/\/www.helasverige.se\/dalarna\/lokala-utvecklingsgrupper-2\/arets-lokala-utvecklingsgrupp-2025\/","url":"https:\/\/www.helasverige.se\/dalarna\/lokala-utvecklingsgrupper-2\/arets-lokala-utvecklingsgrupp-2025\/","name":"Dalarna - \u00c5rets lokala utvecklingsgrupp\u00a02025 -","isPartOf":{"@id":"https:\/\/www.helasverige.se\/dalarna\/#website"},"primaryImageOfPage":{"@id":"https:\/\/www.helasverige.se\/dalarna\/lokala-utvecklingsgrupper-2\/arets-lokala-utvecklingsgrupp-2025\/#primaryimage"},"image":{"@id":"https:\/\/www.helasverige.se\/dalarna\/lokala-utvecklingsgrupper-2\/arets-lokala-utvecklingsgrupp-2025\/#primaryimage"},"thumbnailUrl":"https:\/\/www.helasverige.se\/dalarna\/wp-content\/uploads\/sites\/4\/2026\/03\/20251123_133659-1-scaled.jpg","datePublished":"2026-03-18T14:58:37+00:00","breadcrumb":{"@id":"https:\/\/www.helasverige.se\/dalarna\/lokala-utvecklingsgrupper-2\/arets-lokala-utvecklingsgrupp-2025\/#breadcrumb"},"inLanguage":"sv-SE","potentialAction":[{"@type":"ReadAction","target":["https:\/\/www.helasverige.se\/dalarna\/lokala-utvecklingsgrupper-2\/arets-lokala-utvecklingsgrupp-2025\/"]}]},{"@type":"ImageObject","inLanguage":"sv-SE","@id":"https:\/\/www.helasverige.se\/dalarna\/lokala-utvecklingsgrupper-2\/arets-lokala-utvecklingsgrupp-2025\/#primaryimage","url":"https:\/\/www.helasverige.se\/dalarna\/wp-content\/uploads\/sites\/4\/2026\/03\/20251123_133659-1-scaled.jpg","contentUrl":"https:\/\/www.helasverige.se\/dalarna\/wp-content\/uploads\/sites\/4\/2026\/03\/20251123_133659-1-scaled.jpg","width":2560,"height":1920},{"@type":"BreadcrumbList","@id":"https:\/\/www.helasverige.se\/dalarna\/lokala-utvecklingsgrupper-2\/arets-lokala-utvecklingsgrupp-2025\/#breadcrumb","itemListElement":[{"@type":"ListItem","position":1,"name":"Home","item":"https:\/\/www.helasverige.se\/dalarna\/"},{"@type":"ListItem","position":2,"name":"Lokala utvecklingsgrupper","item":"https:\/\/www.helasverige.se\/dalarna\/lokala-utvecklingsgrupper-2\/"},{"@type":"ListItem","position":3,"name":"\u00c5rets lokala utvecklingsgrupp\u00a02025"}]},{"@type":"WebSite","@id":"https:\/\/www.helasverige.se\/dalarna\/#website","url":"https:\/\/www.helasverige.se\/dalarna\/","name":"","description":"\u00c4nnu en webbplats hos Hela Sverige ska leva","potentialAction":[{"@type":"SearchAction","target":{"@type":"EntryPoint","urlTemplate":"https:\/\/www.helasverige.se\/dalarna\/?s={search_term_string}"},"query-input":{"@type":"PropertyValueSpecification","valueRequired":true,"valueName":"search_term_string"}}],"inLanguage":"sv-SE"}]}},"_links":{"self":[{"href":"https:\/\/www.helasverige.se\/dalarna\/wp-json\/wp\/v2\/pages\/1863","targetHints":{"allow":["GET"]}}],"collection":[{"href":"https:\/\/www.helasverige.se\/dalarna\/wp-json\/wp\/v2\/pages"}],"about":[{"href":"https:\/\/www.helasverige.se\/dalarna\/wp-json\/wp\/v2\/types\/page"}],"author":[{"embeddable":true,"href":"https:\/\/www.helasverige.se\/dalarna\/wp-json\/wp\/v2\/users\/25"}],"replies":[{"embeddable":true,"href":"https:\/\/www.helasverige.se\/dalarna\/wp-json\/wp\/v2\/comments?post=1863"}],"version-history":[{"count":7,"href":"https:\/\/www.helasverige.se\/dalarna\/wp-json\/wp\/v2\/pages\/1863\/revisions"}],"predecessor-version":[{"id":1871,"href":"https:\/\/www.helasverige.se\/dalarna\/wp-json\/wp\/v2\/pages\/1863\/revisions\/1871"}],"up":[{"embeddable":true,"href":"https:\/\/www.helasverige.se\/dalarna\/wp-json\/wp\/v2\/pages\/956"}],"wp:featuredmedia":[{"embeddable":true,"href":"https:\/\/www.helasverige.se\/dalarna\/wp-json\/wp\/v2\/media\/1866"}],"wp:attachment":[{"href":"https:\/\/www.helasverige.se\/dalarna\/wp-json\/wp\/v2\/media?parent=1863"}],"curies":[{"name":"wp","href":"https:\/\/api.w.org\/{rel}","templated":true}]}}