{"id":1601,"date":"2023-08-01T16:21:46","date_gmt":"2023-08-01T14:21:46","guid":{"rendered":"https:\/\/www.helasverige.se\/fyrbodal\/?page_id=1601"},"modified":"2025-08-31T11:23:06","modified_gmt":"2025-08-31T09:23:06","slug":"epa-dunk","status":"publish","type":"page","link":"https:\/\/www.helasverige.se\/fyrbodal\/exempelsida-2\/vara-aktiviteter\/tidigare-aktiviteter\/epa-dunk\/","title":{"rendered":"EPA DUNK"},"content":{"rendered":"<p><strong>Tillsammans med organisationerna Vi Unga, ABF och Vuxenskolan genomf\u00f6rde vi sommaren 2023 EPA-DUNK i F\u00e4rgelanda och Munkedal<\/strong><\/p>\n<p>Det var ett varierat antal deltagare men vi upplevde att det varit ett uppskattat arrangemang. Vi hoppas att ni ocks\u00e5 tycker det.<\/p>\n<p>S\u00e5 vi var med och st\u00f6ttade Vi Ungas projekt EPA Dunk \u00e4ven sommaren 2024 men d\u00e5 bara i F\u00e4rgelanda.<\/p>\n<p>Har du tips och id\u00e9er p\u00e5 andra aktiviteter som du vill att vi ska arrangera s\u00e5 kontakta Faraah Mohamud p\u00e5 studief\u00f6rbundet Vuxenskolans ungdomsorganisation, Vi Unga.<\/p>\n<p>Du kan ringa, skicka sms eller mejla till Faraah p\u00e5<br \/>\nMobil: 073-504 13 58<br \/>\nE-mejl: <a href=\"mailto:faraah.mohamud@viunga.se\">faraah.mohamud@viunga.se<\/a><\/p>\n","protected":false},"excerpt":{"rendered":"<p>Tillsammans med organisationerna Vi Unga, ABF och Vuxenskolan genomf\u00f6rde vi sommaren 2023 EPA-DUNK i F\u00e4rgelanda och Munkedal Det var ett varierat antal deltagare men vi upplevde att det varit ett uppskattat arrangemang. Vi hoppas att ni ocks\u00e5 tycker det. S\u00e5 vi var med och st\u00f6ttade Vi Ungas projekt EPA Dunk \u00e4ven sommaren 2024 men d\u00e5 [&hellip;]<\/p>\n","protected":false},"author":49,"featured_media":2127,"parent":2340,"menu_order":0,"comment_status":"closed","ping_status":"closed","template":"","meta":{"_acf_changed":false,"footnotes":""},"class_list":["post-1601","page","type-page","status-publish","has-post-thumbnail","hentry"],"acf":[],"yoast_head":"<!-- This site is optimized with the Yoast SEO Premium plugin v27.4 (Yoast SEO v27.4) - https:\/\/yoast.com\/product\/yoast-seo-premium-wordpress\/ -->\n<title>Fyrbodal - EPA DUNK -<\/title>\n<meta name=\"robots\" content=\"index, follow, max-snippet:-1, max-image-preview:large, max-video-preview:-1\" \/>\n<link rel=\"canonical\" href=\"https:\/\/www.helasverige.se\/fyrbodal\/exempelsida-2\/vara-aktiviteter\/tidigare-aktiviteter\/epa-dunk\/\" \/>\n<meta property=\"og:locale\" content=\"sv_SE\" \/>\n<meta property=\"og:type\" content=\"article\" \/>\n<meta property=\"og:title\" content=\"Fyrbodal - EPA DUNK\" \/>\n<meta property=\"og:description\" content=\"Tillsammans med organisationerna Vi Unga, ABF och Vuxenskolan genomf\u00f6rde vi sommaren 2023 EPA-DUNK i F\u00e4rgelanda och Munkedal Det var ett varierat antal deltagare men vi upplevde att det varit ett uppskattat arrangemang. Vi hoppas att ni ocks\u00e5 tycker det. S\u00e5 vi var med och st\u00f6ttade Vi Ungas projekt EPA Dunk \u00e4ven sommaren 2024 men d\u00e5 [&hellip;]\" \/>\n<meta property=\"og:url\" content=\"https:\/\/www.helasverige.se\/fyrbodal\/exempelsida-2\/vara-aktiviteter\/tidigare-aktiviteter\/epa-dunk\/\" \/>\n<meta property=\"article:modified_time\" content=\"2025-08-31T09:23:06+00:00\" \/>\n<meta property=\"og:image\" content=\"https:\/\/www.helasverige.se\/fyrbodal\/wp-content\/uploads\/sites\/5\/2024\/10\/EPA-Dunk-2024-rotated.jpg\" \/>\n\t<meta property=\"og:image:width\" content=\"640\" \/>\n\t<meta property=\"og:image:height\" content=\"480\" \/>\n\t<meta property=\"og:image:type\" content=\"image\/jpeg\" \/>\n<meta name=\"twitter:card\" content=\"summary_large_image\" \/>\n<meta name=\"twitter:label1\" content=\"Ber\u00e4knad l\u00e4stid\" \/>\n\t<meta name=\"twitter:data1\" content=\"1 minut\" \/>\n<script type=\"application\/ld+json\" class=\"yoast-schema-graph\">{\"@context\":\"https:\\\/\\\/schema.org\",\"@graph\":[{\"@type\":\"WebPage\",\"@id\":\"https:\\\/\\\/www.helasverige.se\\\/fyrbodal\\\/exempelsida-2\\\/vara-aktiviteter\\\/tidigare-aktiviteter\\\/epa-dunk\\\/\",\"url\":\"https:\\\/\\\/www.helasverige.se\\\/fyrbodal\\\/exempelsida-2\\\/vara-aktiviteter\\\/tidigare-aktiviteter\\\/epa-dunk\\\/\",\"name\":\"Fyrbodal - EPA DUNK -\",\"isPartOf\":{\"@id\":\"https:\\\/\\\/www.helasverige.se\\\/fyrbodal\\\/#website\"},\"primaryImageOfPage\":{\"@id\":\"https:\\\/\\\/www.helasverige.se\\\/fyrbodal\\\/exempelsida-2\\\/vara-aktiviteter\\\/tidigare-aktiviteter\\\/epa-dunk\\\/#primaryimage\"},\"image\":{\"@id\":\"https:\\\/\\\/www.helasverige.se\\\/fyrbodal\\\/exempelsida-2\\\/vara-aktiviteter\\\/tidigare-aktiviteter\\\/epa-dunk\\\/#primaryimage\"},\"thumbnailUrl\":\"https:\\\/\\\/www.helasverige.se\\\/fyrbodal\\\/wp-content\\\/uploads\\\/sites\\\/5\\\/2024\\\/10\\\/EPA-Dunk-2024-rotated.jpg\",\"datePublished\":\"2023-08-01T14:21:46+00:00\",\"dateModified\":\"2025-08-31T09:23:06+00:00\",\"breadcrumb\":{\"@id\":\"https:\\\/\\\/www.helasverige.se\\\/fyrbodal\\\/exempelsida-2\\\/vara-aktiviteter\\\/tidigare-aktiviteter\\\/epa-dunk\\\/#breadcrumb\"},\"inLanguage\":\"sv-SE\",\"potentialAction\":[{\"@type\":\"ReadAction\",\"target\":[\"https:\\\/\\\/www.helasverige.se\\\/fyrbodal\\\/exempelsida-2\\\/vara-aktiviteter\\\/tidigare-aktiviteter\\\/epa-dunk\\\/\"]}]},{\"@type\":\"ImageObject\",\"inLanguage\":\"sv-SE\",\"@id\":\"https:\\\/\\\/www.helasverige.se\\\/fyrbodal\\\/exempelsida-2\\\/vara-aktiviteter\\\/tidigare-aktiviteter\\\/epa-dunk\\\/#primaryimage\",\"url\":\"https:\\\/\\\/www.helasverige.se\\\/fyrbodal\\\/wp-content\\\/uploads\\\/sites\\\/5\\\/2024\\\/10\\\/EPA-Dunk-2024-rotated.jpg\",\"contentUrl\":\"https:\\\/\\\/www.helasverige.se\\\/fyrbodal\\\/wp-content\\\/uploads\\\/sites\\\/5\\\/2024\\\/10\\\/EPA-Dunk-2024-rotated.jpg\",\"width\":640,\"height\":480},{\"@type\":\"BreadcrumbList\",\"@id\":\"https:\\\/\\\/www.helasverige.se\\\/fyrbodal\\\/exempelsida-2\\\/vara-aktiviteter\\\/tidigare-aktiviteter\\\/epa-dunk\\\/#breadcrumb\",\"itemListElement\":[{\"@type\":\"ListItem\",\"position\":1,\"name\":\"Home\",\"item\":\"https:\\\/\\\/www.helasverige.se\\\/fyrbodal\\\/\"},{\"@type\":\"ListItem\",\"position\":2,\"name\":\"Startsida\",\"item\":\"https:\\\/\\\/www.helasverige.se\\\/fyrbodal\\\/\"},{\"@type\":\"ListItem\",\"position\":3,\"name\":\"V\u00e5ra aktiviteter\",\"item\":\"https:\\\/\\\/www.helasverige.se\\\/fyrbodal\\\/exempelsida-2\\\/vara-aktiviteter\\\/\"},{\"@type\":\"ListItem\",\"position\":4,\"name\":\"Tidigare aktiviteter\",\"item\":\"https:\\\/\\\/www.helasverige.se\\\/fyrbodal\\\/exempelsida-2\\\/vara-aktiviteter\\\/tidigare-aktiviteter\\\/\"},{\"@type\":\"ListItem\",\"position\":5,\"name\":\"EPA DUNK\"}]},{\"@type\":\"WebSite\",\"@id\":\"https:\\\/\\\/www.helasverige.se\\\/fyrbodal\\\/#website\",\"url\":\"https:\\\/\\\/www.helasverige.se\\\/fyrbodal\\\/\",\"name\":\"\",\"description\":\"\u00c4nnu en webbplats hos Hela Sverige ska leva\",\"potentialAction\":[{\"@type\":\"SearchAction\",\"target\":{\"@type\":\"EntryPoint\",\"urlTemplate\":\"https:\\\/\\\/www.helasverige.se\\\/fyrbodal\\\/?s={search_term_string}\"},\"query-input\":{\"@type\":\"PropertyValueSpecification\",\"valueRequired\":true,\"valueName\":\"search_term_string\"}}],\"inLanguage\":\"sv-SE\"}]}<\/script>\n<!-- \/ Yoast SEO Premium plugin. -->","yoast_head_json":{"title":"Fyrbodal - EPA DUNK -","robots":{"index":"index","follow":"follow","max-snippet":"max-snippet:-1","max-image-preview":"max-image-preview:large","max-video-preview":"max-video-preview:-1"},"canonical":"https:\/\/www.helasverige.se\/fyrbodal\/exempelsida-2\/vara-aktiviteter\/tidigare-aktiviteter\/epa-dunk\/","og_locale":"sv_SE","og_type":"article","og_title":"Fyrbodal - EPA DUNK","og_description":"Tillsammans med organisationerna Vi Unga, ABF och Vuxenskolan genomf\u00f6rde vi sommaren 2023 EPA-DUNK i F\u00e4rgelanda och Munkedal Det var ett varierat antal deltagare men vi upplevde att det varit ett uppskattat arrangemang. Vi hoppas att ni ocks\u00e5 tycker det. S\u00e5 vi var med och st\u00f6ttade Vi Ungas projekt EPA Dunk \u00e4ven sommaren 2024 men d\u00e5 [&hellip;]","og_url":"https:\/\/www.helasverige.se\/fyrbodal\/exempelsida-2\/vara-aktiviteter\/tidigare-aktiviteter\/epa-dunk\/","article_modified_time":"2025-08-31T09:23:06+00:00","og_image":[{"width":640,"height":480,"url":"https:\/\/www.helasverige.se\/fyrbodal\/wp-content\/uploads\/sites\/5\/2024\/10\/EPA-Dunk-2024-rotated.jpg","type":"image\/jpeg"}],"twitter_card":"summary_large_image","twitter_misc":{"Ber\u00e4knad l\u00e4stid":"1 minut"},"schema":{"@context":"https:\/\/schema.org","@graph":[{"@type":"WebPage","@id":"https:\/\/www.helasverige.se\/fyrbodal\/exempelsida-2\/vara-aktiviteter\/tidigare-aktiviteter\/epa-dunk\/","url":"https:\/\/www.helasverige.se\/fyrbodal\/exempelsida-2\/vara-aktiviteter\/tidigare-aktiviteter\/epa-dunk\/","name":"Fyrbodal - EPA DUNK -","isPartOf":{"@id":"https:\/\/www.helasverige.se\/fyrbodal\/#website"},"primaryImageOfPage":{"@id":"https:\/\/www.helasverige.se\/fyrbodal\/exempelsida-2\/vara-aktiviteter\/tidigare-aktiviteter\/epa-dunk\/#primaryimage"},"image":{"@id":"https:\/\/www.helasverige.se\/fyrbodal\/exempelsida-2\/vara-aktiviteter\/tidigare-aktiviteter\/epa-dunk\/#primaryimage"},"thumbnailUrl":"https:\/\/www.helasverige.se\/fyrbodal\/wp-content\/uploads\/sites\/5\/2024\/10\/EPA-Dunk-2024-rotated.jpg","datePublished":"2023-08-01T14:21:46+00:00","dateModified":"2025-08-31T09:23:06+00:00","breadcrumb":{"@id":"https:\/\/www.helasverige.se\/fyrbodal\/exempelsida-2\/vara-aktiviteter\/tidigare-aktiviteter\/epa-dunk\/#breadcrumb"},"inLanguage":"sv-SE","potentialAction":[{"@type":"ReadAction","target":["https:\/\/www.helasverige.se\/fyrbodal\/exempelsida-2\/vara-aktiviteter\/tidigare-aktiviteter\/epa-dunk\/"]}]},{"@type":"ImageObject","inLanguage":"sv-SE","@id":"https:\/\/www.helasverige.se\/fyrbodal\/exempelsida-2\/vara-aktiviteter\/tidigare-aktiviteter\/epa-dunk\/#primaryimage","url":"https:\/\/www.helasverige.se\/fyrbodal\/wp-content\/uploads\/sites\/5\/2024\/10\/EPA-Dunk-2024-rotated.jpg","contentUrl":"https:\/\/www.helasverige.se\/fyrbodal\/wp-content\/uploads\/sites\/5\/2024\/10\/EPA-Dunk-2024-rotated.jpg","width":640,"height":480},{"@type":"BreadcrumbList","@id":"https:\/\/www.helasverige.se\/fyrbodal\/exempelsida-2\/vara-aktiviteter\/tidigare-aktiviteter\/epa-dunk\/#breadcrumb","itemListElement":[{"@type":"ListItem","position":1,"name":"Home","item":"https:\/\/www.helasverige.se\/fyrbodal\/"},{"@type":"ListItem","position":2,"name":"Startsida","item":"https:\/\/www.helasverige.se\/fyrbodal\/"},{"@type":"ListItem","position":3,"name":"V\u00e5ra aktiviteter","item":"https:\/\/www.helasverige.se\/fyrbodal\/exempelsida-2\/vara-aktiviteter\/"},{"@type":"ListItem","position":4,"name":"Tidigare aktiviteter","item":"https:\/\/www.helasverige.se\/fyrbodal\/exempelsida-2\/vara-aktiviteter\/tidigare-aktiviteter\/"},{"@type":"ListItem","position":5,"name":"EPA DUNK"}]},{"@type":"WebSite","@id":"https:\/\/www.helasverige.se\/fyrbodal\/#website","url":"https:\/\/www.helasverige.se\/fyrbodal\/","name":"","description":"\u00c4nnu en webbplats hos Hela Sverige ska leva","potentialAction":[{"@type":"SearchAction","target":{"@type":"EntryPoint","urlTemplate":"https:\/\/www.helasverige.se\/fyrbodal\/?s={search_term_string}"},"query-input":{"@type":"PropertyValueSpecification","valueRequired":true,"valueName":"search_term_string"}}],"inLanguage":"sv-SE"}]}},"_links":{"self":[{"href":"https:\/\/www.helasverige.se\/fyrbodal\/wp-json\/wp\/v2\/pages\/1601","targetHints":{"allow":["GET"]}}],"collection":[{"href":"https:\/\/www.helasverige.se\/fyrbodal\/wp-json\/wp\/v2\/pages"}],"about":[{"href":"https:\/\/www.helasverige.se\/fyrbodal\/wp-json\/wp\/v2\/types\/page"}],"author":[{"embeddable":true,"href":"https:\/\/www.helasverige.se\/fyrbodal\/wp-json\/wp\/v2\/users\/49"}],"replies":[{"embeddable":true,"href":"https:\/\/www.helasverige.se\/fyrbodal\/wp-json\/wp\/v2\/comments?post=1601"}],"version-history":[{"count":3,"href":"https:\/\/www.helasverige.se\/fyrbodal\/wp-json\/wp\/v2\/pages\/1601\/revisions"}],"predecessor-version":[{"id":2126,"href":"https:\/\/www.helasverige.se\/fyrbodal\/wp-json\/wp\/v2\/pages\/1601\/revisions\/2126"}],"up":[{"embeddable":true,"href":"https:\/\/www.helasverige.se\/fyrbodal\/wp-json\/wp\/v2\/pages\/2340"}],"wp:featuredmedia":[{"embeddable":true,"href":"https:\/\/www.helasverige.se\/fyrbodal\/wp-json\/wp\/v2\/media\/2127"}],"wp:attachment":[{"href":"https:\/\/www.helasverige.se\/fyrbodal\/wp-json\/wp\/v2\/media?parent=1601"}],"curies":[{"name":"wp","href":"https:\/\/api.w.org\/{rel}","templated":true}]}}