{"id":913,"date":"2022-01-04T18:19:30","date_gmt":"2022-01-04T17:19:30","guid":{"rendered":"https:\/\/www.helasverige.se\/fyrbodal\/?page_id=913"},"modified":"2025-08-31T13:33:36","modified_gmt":"2025-08-31T11:33:36","slug":"byalagsforsakring","status":"publish","type":"page","link":"https:\/\/www.helasverige.se\/fyrbodal\/bli-medlem\/byalagsforsakring\/","title":{"rendered":"Byalagsf\u00f6rs\u00e4kring"},"content":{"rendered":"<div class=\"ingress\">\n<div class=\"page\" title=\"Page 1\">\n<div class=\"section\">\n<div class=\"layoutArea\">\n<div class=\"column\">\n<h2>F\u00f6rs\u00e4kring f\u00f6r dig och din lokala utvecklingsgrupp ing\u00e5r<\/h2>\n<\/div>\n<\/div>\n<\/div>\n<\/div>\n<\/div>\n<div class=\"column\">\n<div class=\"column\">\n<h3>Hela Sveriges byalagsf\u00f6rs\u00e4kring<\/h3>\n<p>Alla lokala utvecklingsgrupper i v\u00e5rt medlemsregister\u00a0\u00e4r f\u00f6rs\u00e4krade genom Riksorganisationen Hela Sverige ska leva, och det kostar inte en krona. F\u00f6rs\u00e4kringen g\u00e4ller \u00e4ven l\u00e4nsavdelningar liksom kommunbygder\u00e5d under f\u00f6ruts\u00e4ttning att de \u00e4r registrerade i v\u00e5rt medlemsregister.<\/p>\n<p>F\u00f6rs\u00e4kringen vi tecknat \u00e4r en grundf\u00f6rs\u00e4kring anpassad efter de flesta lokala gruppernas behov. Den omfattar olycksfall f\u00f6r b\u00e5de medlemmar och g\u00e4ster vid alla sedvanliga arrangemang. Dessutom ing\u00e5r ansvars-, r\u00e4ttskydds- och egendomsf\u00f6rs\u00e4kring.<\/p>\n<p>Genom att vi k\u00f6pt en kollektiv f\u00f6rs\u00e4kring, blir kostnaden s\u00e5 pass l\u00e5g att vi inte beh\u00f6ver ta ut n\u00e5gon avgift av v\u00e5ra medlemsgrupper. F\u00f6rs\u00e4kringen \u00e4r ett samarbete med f\u00f6rs\u00e4kringsbolaget Svedea.<\/p>\n<h4>L\u00e4s mer:<br \/>\n<a href=\"https:\/\/helasverige.se\/fileadmin\/user_upload\/Byalagsfoersaekringen.2021.pdf\">En mer utf\u00f6rlig presentation av f\u00f6rs\u00e4kringen hittar du h\u00e4r<\/a><\/h4>\n<p>Det g\u00e5r ocks\u00e5 bra att prata med Claes Bergqvist,<br \/>\nHela Sverige ska leva Sjuh\u00e4rad p\u00e5 tfn 0706-28 42 99.<\/p>\n<p><strong>Lite f\u00f6rs\u00e4kringsfakta<\/strong><\/p>\n<p>Villkoren f\u00f6r den byalagsf\u00f6rs\u00e4kring som vi tecknat f\u00f6ljer i huvudsak de allm\u00e4nna villkor som\u00a0f\u00f6rs\u00e4kringsbolaget till\u00e4mpar med de begr\u00e4nsningar och f\u00f6rs\u00e4kringsbelopp, som du finner i informationsbladet du kan ladda ner h\u00e4r ovan.<\/p>\n<p><strong><a href=\"https:\/\/helasverige.se\/fileadmin\/user_upload\/HSSL_Kansli\/Om_oss\/Byalagsfoersaekringen\/foersaekringsbroschyr.2019.pdf\">Ladda hem broschyr\u00a0<\/a><\/strong><\/p>\n<\/div>\n<\/div>\n","protected":false},"excerpt":{"rendered":"<p>F\u00f6rs\u00e4kring f\u00f6r dig och din lokala utvecklingsgrupp ing\u00e5r Hela Sveriges byalagsf\u00f6rs\u00e4kring Alla lokala utvecklingsgrupper i v\u00e5rt medlemsregister\u00a0\u00e4r f\u00f6rs\u00e4krade genom Riksorganisationen Hela Sverige ska leva, och det kostar inte en krona. F\u00f6rs\u00e4kringen g\u00e4ller \u00e4ven l\u00e4nsavdelningar liksom kommunbygder\u00e5d under f\u00f6ruts\u00e4ttning att de \u00e4r registrerade i v\u00e5rt medlemsregister. F\u00f6rs\u00e4kringen vi tecknat \u00e4r en grundf\u00f6rs\u00e4kring anpassad efter de flesta [&hellip;]<\/p>\n","protected":false},"author":49,"featured_media":0,"parent":26,"menu_order":0,"comment_status":"closed","ping_status":"closed","template":"tpl-lansavdelning-artikel.php","meta":{"_acf_changed":false,"footnotes":""},"class_list":["post-913","page","type-page","status-publish","hentry"],"acf":[],"yoast_head":"<!-- This site is optimized with the Yoast SEO Premium plugin v27.4 (Yoast SEO v27.4) - https:\/\/yoast.com\/product\/yoast-seo-premium-wordpress\/ -->\n<title>Fyrbodal - Byalagsf\u00f6rs\u00e4kring -<\/title>\n<meta name=\"robots\" content=\"index, follow, max-snippet:-1, max-image-preview:large, max-video-preview:-1\" \/>\n<link rel=\"canonical\" href=\"https:\/\/www.helasverige.se\/fyrbodal\/bli-medlem\/byalagsforsakring\/\" \/>\n<meta property=\"og:locale\" content=\"sv_SE\" \/>\n<meta property=\"og:type\" content=\"article\" \/>\n<meta property=\"og:title\" content=\"Fyrbodal - Byalagsf\u00f6rs\u00e4kring\" \/>\n<meta property=\"og:description\" content=\"F\u00f6rs\u00e4kring f\u00f6r dig och din lokala utvecklingsgrupp ing\u00e5r Hela Sveriges byalagsf\u00f6rs\u00e4kring Alla lokala utvecklingsgrupper i v\u00e5rt medlemsregister\u00a0\u00e4r f\u00f6rs\u00e4krade genom Riksorganisationen Hela Sverige ska leva, och det kostar inte en krona. F\u00f6rs\u00e4kringen g\u00e4ller \u00e4ven l\u00e4nsavdelningar liksom kommunbygder\u00e5d under f\u00f6ruts\u00e4ttning att de \u00e4r registrerade i v\u00e5rt medlemsregister. F\u00f6rs\u00e4kringen vi tecknat \u00e4r en grundf\u00f6rs\u00e4kring anpassad efter de flesta [&hellip;]\" \/>\n<meta property=\"og:url\" content=\"https:\/\/www.helasverige.se\/fyrbodal\/bli-medlem\/byalagsforsakring\/\" \/>\n<meta property=\"article:modified_time\" content=\"2025-08-31T11:33:36+00:00\" \/>\n<meta name=\"twitter:card\" content=\"summary_large_image\" \/>\n<meta name=\"twitter:label1\" content=\"Ber\u00e4knad l\u00e4stid\" \/>\n\t<meta name=\"twitter:data1\" content=\"1 minut\" \/>\n<script type=\"application\/ld+json\" class=\"yoast-schema-graph\">{\"@context\":\"https:\\\/\\\/schema.org\",\"@graph\":[{\"@type\":\"WebPage\",\"@id\":\"https:\\\/\\\/www.helasverige.se\\\/fyrbodal\\\/bli-medlem\\\/byalagsforsakring\\\/\",\"url\":\"https:\\\/\\\/www.helasverige.se\\\/fyrbodal\\\/bli-medlem\\\/byalagsforsakring\\\/\",\"name\":\"Fyrbodal - Byalagsf\u00f6rs\u00e4kring -\",\"isPartOf\":{\"@id\":\"https:\\\/\\\/www.helasverige.se\\\/fyrbodal\\\/#website\"},\"datePublished\":\"2022-01-04T17:19:30+00:00\",\"dateModified\":\"2025-08-31T11:33:36+00:00\",\"breadcrumb\":{\"@id\":\"https:\\\/\\\/www.helasverige.se\\\/fyrbodal\\\/bli-medlem\\\/byalagsforsakring\\\/#breadcrumb\"},\"inLanguage\":\"sv-SE\",\"potentialAction\":[{\"@type\":\"ReadAction\",\"target\":[\"https:\\\/\\\/www.helasverige.se\\\/fyrbodal\\\/bli-medlem\\\/byalagsforsakring\\\/\"]}]},{\"@type\":\"BreadcrumbList\",\"@id\":\"https:\\\/\\\/www.helasverige.se\\\/fyrbodal\\\/bli-medlem\\\/byalagsforsakring\\\/#breadcrumb\",\"itemListElement\":[{\"@type\":\"ListItem\",\"position\":1,\"name\":\"Home\",\"item\":\"https:\\\/\\\/www.helasverige.se\\\/fyrbodal\\\/\"},{\"@type\":\"ListItem\",\"position\":2,\"name\":\"Bli medlem\",\"item\":\"https:\\\/\\\/www.helasverige.se\\\/fyrbodal\\\/bli-medlem\\\/\"},{\"@type\":\"ListItem\",\"position\":3,\"name\":\"Byalagsf\u00f6rs\u00e4kring\"}]},{\"@type\":\"WebSite\",\"@id\":\"https:\\\/\\\/www.helasverige.se\\\/fyrbodal\\\/#website\",\"url\":\"https:\\\/\\\/www.helasverige.se\\\/fyrbodal\\\/\",\"name\":\"\",\"description\":\"\u00c4nnu en webbplats hos Hela Sverige ska leva\",\"potentialAction\":[{\"@type\":\"SearchAction\",\"target\":{\"@type\":\"EntryPoint\",\"urlTemplate\":\"https:\\\/\\\/www.helasverige.se\\\/fyrbodal\\\/?s={search_term_string}\"},\"query-input\":{\"@type\":\"PropertyValueSpecification\",\"valueRequired\":true,\"valueName\":\"search_term_string\"}}],\"inLanguage\":\"sv-SE\"}]}<\/script>\n<!-- \/ Yoast SEO Premium plugin. -->","yoast_head_json":{"title":"Fyrbodal - Byalagsf\u00f6rs\u00e4kring -","robots":{"index":"index","follow":"follow","max-snippet":"max-snippet:-1","max-image-preview":"max-image-preview:large","max-video-preview":"max-video-preview:-1"},"canonical":"https:\/\/www.helasverige.se\/fyrbodal\/bli-medlem\/byalagsforsakring\/","og_locale":"sv_SE","og_type":"article","og_title":"Fyrbodal - Byalagsf\u00f6rs\u00e4kring","og_description":"F\u00f6rs\u00e4kring f\u00f6r dig och din lokala utvecklingsgrupp ing\u00e5r Hela Sveriges byalagsf\u00f6rs\u00e4kring Alla lokala utvecklingsgrupper i v\u00e5rt medlemsregister\u00a0\u00e4r f\u00f6rs\u00e4krade genom Riksorganisationen Hela Sverige ska leva, och det kostar inte en krona. F\u00f6rs\u00e4kringen g\u00e4ller \u00e4ven l\u00e4nsavdelningar liksom kommunbygder\u00e5d under f\u00f6ruts\u00e4ttning att de \u00e4r registrerade i v\u00e5rt medlemsregister. F\u00f6rs\u00e4kringen vi tecknat \u00e4r en grundf\u00f6rs\u00e4kring anpassad efter de flesta [&hellip;]","og_url":"https:\/\/www.helasverige.se\/fyrbodal\/bli-medlem\/byalagsforsakring\/","article_modified_time":"2025-08-31T11:33:36+00:00","twitter_card":"summary_large_image","twitter_misc":{"Ber\u00e4knad l\u00e4stid":"1 minut"},"schema":{"@context":"https:\/\/schema.org","@graph":[{"@type":"WebPage","@id":"https:\/\/www.helasverige.se\/fyrbodal\/bli-medlem\/byalagsforsakring\/","url":"https:\/\/www.helasverige.se\/fyrbodal\/bli-medlem\/byalagsforsakring\/","name":"Fyrbodal - Byalagsf\u00f6rs\u00e4kring -","isPartOf":{"@id":"https:\/\/www.helasverige.se\/fyrbodal\/#website"},"datePublished":"2022-01-04T17:19:30+00:00","dateModified":"2025-08-31T11:33:36+00:00","breadcrumb":{"@id":"https:\/\/www.helasverige.se\/fyrbodal\/bli-medlem\/byalagsforsakring\/#breadcrumb"},"inLanguage":"sv-SE","potentialAction":[{"@type":"ReadAction","target":["https:\/\/www.helasverige.se\/fyrbodal\/bli-medlem\/byalagsforsakring\/"]}]},{"@type":"BreadcrumbList","@id":"https:\/\/www.helasverige.se\/fyrbodal\/bli-medlem\/byalagsforsakring\/#breadcrumb","itemListElement":[{"@type":"ListItem","position":1,"name":"Home","item":"https:\/\/www.helasverige.se\/fyrbodal\/"},{"@type":"ListItem","position":2,"name":"Bli medlem","item":"https:\/\/www.helasverige.se\/fyrbodal\/bli-medlem\/"},{"@type":"ListItem","position":3,"name":"Byalagsf\u00f6rs\u00e4kring"}]},{"@type":"WebSite","@id":"https:\/\/www.helasverige.se\/fyrbodal\/#website","url":"https:\/\/www.helasverige.se\/fyrbodal\/","name":"","description":"\u00c4nnu en webbplats hos Hela Sverige ska leva","potentialAction":[{"@type":"SearchAction","target":{"@type":"EntryPoint","urlTemplate":"https:\/\/www.helasverige.se\/fyrbodal\/?s={search_term_string}"},"query-input":{"@type":"PropertyValueSpecification","valueRequired":true,"valueName":"search_term_string"}}],"inLanguage":"sv-SE"}]}},"_links":{"self":[{"href":"https:\/\/www.helasverige.se\/fyrbodal\/wp-json\/wp\/v2\/pages\/913","targetHints":{"allow":["GET"]}}],"collection":[{"href":"https:\/\/www.helasverige.se\/fyrbodal\/wp-json\/wp\/v2\/pages"}],"about":[{"href":"https:\/\/www.helasverige.se\/fyrbodal\/wp-json\/wp\/v2\/types\/page"}],"author":[{"embeddable":true,"href":"https:\/\/www.helasverige.se\/fyrbodal\/wp-json\/wp\/v2\/users\/49"}],"replies":[{"embeddable":true,"href":"https:\/\/www.helasverige.se\/fyrbodal\/wp-json\/wp\/v2\/comments?post=913"}],"version-history":[{"count":9,"href":"https:\/\/www.helasverige.se\/fyrbodal\/wp-json\/wp\/v2\/pages\/913\/revisions"}],"predecessor-version":[{"id":2371,"href":"https:\/\/www.helasverige.se\/fyrbodal\/wp-json\/wp\/v2\/pages\/913\/revisions\/2371"}],"up":[{"embeddable":true,"href":"https:\/\/www.helasverige.se\/fyrbodal\/wp-json\/wp\/v2\/pages\/26"}],"wp:attachment":[{"href":"https:\/\/www.helasverige.se\/fyrbodal\/wp-json\/wp\/v2\/media?parent=913"}],"curies":[{"name":"wp","href":"https:\/\/api.w.org\/{rel}","templated":true}]}}