{"id":3500,"date":"2023-03-22T17:55:42","date_gmt":"2023-03-22T16:55:42","guid":{"rendered":"https:\/\/www.helasverige.se\/gavleborg\/?page_id=3500"},"modified":"2023-03-22T18:18:48","modified_gmt":"2023-03-22T17:18:48","slug":"tidigare-arbete","status":"publish","type":"page","link":"https:\/\/www.helasverige.se\/gavleborg\/exempelsida\/projekt\/i-med-och-motvind-ny\/tidigare-arbete\/","title":{"rendered":"Tidigare arbete"},"content":{"rendered":"<h1>Tidigare arbete<\/h1>\n<h3>P\u00e5 den h\u00e4r sidan har vi samlat tidigare resultat och material innan slutlig arkivering.<\/h3>\n<p>&nbsp;<\/p>\n<p>&nbsp;<\/p>\n<p>&nbsp;<\/p>\n<p>&nbsp;<\/p>\n<p>&nbsp;<\/p>\n<p>&nbsp;<\/p>\n","protected":false},"excerpt":{"rendered":"<p>Tidigare arbete P\u00e5 den h\u00e4r sidan har vi samlat tidigare resultat och material innan slutlig arkivering. &nbsp; &nbsp; &nbsp; &nbsp; &nbsp; &nbsp;<\/p>\n","protected":false},"author":19,"featured_media":3229,"parent":3190,"menu_order":0,"comment_status":"closed","ping_status":"closed","template":"tpl-lansavdelning.php","meta":{"_acf_changed":false,"footnotes":""},"class_list":["post-3500","page","type-page","status-publish","has-post-thumbnail","hentry"],"acf":[],"yoast_head":"<!-- This site is optimized with the Yoast SEO Premium plugin v27.4 (Yoast SEO v27.6) - https:\/\/yoast.com\/product\/yoast-seo-premium-wordpress\/ -->\n<title>G\u00e4vleborg - Tidigare arbete -<\/title>\n<meta name=\"robots\" content=\"index, follow, max-snippet:-1, max-image-preview:large, max-video-preview:-1\" \/>\n<link rel=\"canonical\" href=\"https:\/\/www.helasverige.se\/gavleborg\/exempelsida\/projekt\/i-med-och-motvind-ny\/tidigare-arbete\/\" \/>\n<meta property=\"og:locale\" content=\"sv_SE\" \/>\n<meta property=\"og:type\" content=\"article\" \/>\n<meta property=\"og:title\" content=\"G\u00e4vleborg - Tidigare arbete\" \/>\n<meta property=\"og:description\" content=\"Tidigare arbete P\u00e5 den h\u00e4r sidan har vi samlat tidigare resultat och material innan slutlig arkivering. &nbsp; &nbsp; &nbsp; &nbsp; &nbsp; &nbsp;\" \/>\n<meta property=\"og:url\" content=\"https:\/\/www.helasverige.se\/gavleborg\/exempelsida\/projekt\/i-med-och-motvind-ny\/tidigare-arbete\/\" \/>\n<meta property=\"article:modified_time\" content=\"2023-03-22T17:18:48+00:00\" \/>\n<meta property=\"og:image\" content=\"https:\/\/www.helasverige.se\/gavleborg\/wp-content\/uploads\/sites\/24\/2022\/09\/Motesplats-scaled.jpg\" \/>\n\t<meta property=\"og:image:width\" content=\"1920\" \/>\n\t<meta property=\"og:image:height\" content=\"2560\" \/>\n\t<meta property=\"og:image:type\" content=\"image\/jpeg\" \/>\n<meta name=\"twitter:card\" content=\"summary_large_image\" \/>\n<meta name=\"twitter:label1\" content=\"Ber\u00e4knad l\u00e4stid\" \/>\n\t<meta name=\"twitter:data1\" content=\"1 minut\" \/>\n<script type=\"application\/ld+json\" class=\"yoast-schema-graph\">{\"@context\":\"https:\\\/\\\/schema.org\",\"@graph\":[{\"@type\":\"WebPage\",\"@id\":\"https:\\\/\\\/www.helasverige.se\\\/gavleborg\\\/exempelsida\\\/projekt\\\/i-med-och-motvind-ny\\\/tidigare-arbete\\\/\",\"url\":\"https:\\\/\\\/www.helasverige.se\\\/gavleborg\\\/exempelsida\\\/projekt\\\/i-med-och-motvind-ny\\\/tidigare-arbete\\\/\",\"name\":\"G\u00e4vleborg - Tidigare arbete -\",\"isPartOf\":{\"@id\":\"https:\\\/\\\/www.helasverige.se\\\/gavleborg\\\/#website\"},\"primaryImageOfPage\":{\"@id\":\"https:\\\/\\\/www.helasverige.se\\\/gavleborg\\\/exempelsida\\\/projekt\\\/i-med-och-motvind-ny\\\/tidigare-arbete\\\/#primaryimage\"},\"image\":{\"@id\":\"https:\\\/\\\/www.helasverige.se\\\/gavleborg\\\/exempelsida\\\/projekt\\\/i-med-och-motvind-ny\\\/tidigare-arbete\\\/#primaryimage\"},\"thumbnailUrl\":\"https:\\\/\\\/www.helasverige.se\\\/gavleborg\\\/wp-content\\\/uploads\\\/sites\\\/24\\\/2022\\\/09\\\/Motesplats-scaled.jpg\",\"datePublished\":\"2023-03-22T16:55:42+00:00\",\"dateModified\":\"2023-03-22T17:18:48+00:00\",\"breadcrumb\":{\"@id\":\"https:\\\/\\\/www.helasverige.se\\\/gavleborg\\\/exempelsida\\\/projekt\\\/i-med-och-motvind-ny\\\/tidigare-arbete\\\/#breadcrumb\"},\"inLanguage\":\"sv-SE\",\"potentialAction\":[{\"@type\":\"ReadAction\",\"target\":[\"https:\\\/\\\/www.helasverige.se\\\/gavleborg\\\/exempelsida\\\/projekt\\\/i-med-och-motvind-ny\\\/tidigare-arbete\\\/\"]}]},{\"@type\":\"ImageObject\",\"inLanguage\":\"sv-SE\",\"@id\":\"https:\\\/\\\/www.helasverige.se\\\/gavleborg\\\/exempelsida\\\/projekt\\\/i-med-och-motvind-ny\\\/tidigare-arbete\\\/#primaryimage\",\"url\":\"https:\\\/\\\/www.helasverige.se\\\/gavleborg\\\/wp-content\\\/uploads\\\/sites\\\/24\\\/2022\\\/09\\\/Motesplats-scaled.jpg\",\"contentUrl\":\"https:\\\/\\\/www.helasverige.se\\\/gavleborg\\\/wp-content\\\/uploads\\\/sites\\\/24\\\/2022\\\/09\\\/Motesplats-scaled.jpg\",\"width\":1920,\"height\":2560,\"caption\":\"Christer Andersson, Jenny Breslin och Magnus Str\u00f6mberg i panelen 26\\\/11 i Ockelbo. Foto: Mats Leivig\"},{\"@type\":\"BreadcrumbList\",\"@id\":\"https:\\\/\\\/www.helasverige.se\\\/gavleborg\\\/exempelsida\\\/projekt\\\/i-med-och-motvind-ny\\\/tidigare-arbete\\\/#breadcrumb\",\"itemListElement\":[{\"@type\":\"ListItem\",\"position\":1,\"name\":\"Home\",\"item\":\"https:\\\/\\\/www.helasverige.se\\\/gavleborg\\\/\"},{\"@type\":\"ListItem\",\"position\":2,\"name\":\"Hela Sverige X-ing G\u00e4vleborg\",\"item\":\"https:\\\/\\\/www.helasverige.se\\\/gavleborg\\\/\"},{\"@type\":\"ListItem\",\"position\":3,\"name\":\"Projekt\",\"item\":\"https:\\\/\\\/www.helasverige.se\\\/gavleborg\\\/exempelsida\\\/projekt\\\/\"},{\"@type\":\"ListItem\",\"position\":4,\"name\":\"F\u00f6rankrad i med och motvind\",\"item\":\"https:\\\/\\\/www.helasverige.se\\\/gavleborg\\\/exempelsida\\\/projekt\\\/i-med-och-motvind-ny\\\/\"},{\"@type\":\"ListItem\",\"position\":5,\"name\":\"Tidigare arbete\"}]},{\"@type\":\"WebSite\",\"@id\":\"https:\\\/\\\/www.helasverige.se\\\/gavleborg\\\/#website\",\"url\":\"https:\\\/\\\/www.helasverige.se\\\/gavleborg\\\/\",\"name\":\"\",\"description\":\"\u00c4nnu en webbplats hos Hela Sverige ska leva\",\"potentialAction\":[{\"@type\":\"SearchAction\",\"target\":{\"@type\":\"EntryPoint\",\"urlTemplate\":\"https:\\\/\\\/www.helasverige.se\\\/gavleborg\\\/?s={search_term_string}\"},\"query-input\":{\"@type\":\"PropertyValueSpecification\",\"valueRequired\":true,\"valueName\":\"search_term_string\"}}],\"inLanguage\":\"sv-SE\"}]}<\/script>\n<!-- \/ Yoast SEO Premium plugin. -->","yoast_head_json":{"title":"G\u00e4vleborg - Tidigare arbete -","robots":{"index":"index","follow":"follow","max-snippet":"max-snippet:-1","max-image-preview":"max-image-preview:large","max-video-preview":"max-video-preview:-1"},"canonical":"https:\/\/www.helasverige.se\/gavleborg\/exempelsida\/projekt\/i-med-och-motvind-ny\/tidigare-arbete\/","og_locale":"sv_SE","og_type":"article","og_title":"G\u00e4vleborg - Tidigare arbete","og_description":"Tidigare arbete P\u00e5 den h\u00e4r sidan har vi samlat tidigare resultat och material innan slutlig arkivering. &nbsp; &nbsp; &nbsp; &nbsp; &nbsp; &nbsp;","og_url":"https:\/\/www.helasverige.se\/gavleborg\/exempelsida\/projekt\/i-med-och-motvind-ny\/tidigare-arbete\/","article_modified_time":"2023-03-22T17:18:48+00:00","og_image":[{"width":1920,"height":2560,"url":"https:\/\/www.helasverige.se\/gavleborg\/wp-content\/uploads\/sites\/24\/2022\/09\/Motesplats-scaled.jpg","type":"image\/jpeg"}],"twitter_card":"summary_large_image","twitter_misc":{"Ber\u00e4knad l\u00e4stid":"1 minut"},"schema":{"@context":"https:\/\/schema.org","@graph":[{"@type":"WebPage","@id":"https:\/\/www.helasverige.se\/gavleborg\/exempelsida\/projekt\/i-med-och-motvind-ny\/tidigare-arbete\/","url":"https:\/\/www.helasverige.se\/gavleborg\/exempelsida\/projekt\/i-med-och-motvind-ny\/tidigare-arbete\/","name":"G\u00e4vleborg - Tidigare arbete -","isPartOf":{"@id":"https:\/\/www.helasverige.se\/gavleborg\/#website"},"primaryImageOfPage":{"@id":"https:\/\/www.helasverige.se\/gavleborg\/exempelsida\/projekt\/i-med-och-motvind-ny\/tidigare-arbete\/#primaryimage"},"image":{"@id":"https:\/\/www.helasverige.se\/gavleborg\/exempelsida\/projekt\/i-med-och-motvind-ny\/tidigare-arbete\/#primaryimage"},"thumbnailUrl":"https:\/\/www.helasverige.se\/gavleborg\/wp-content\/uploads\/sites\/24\/2022\/09\/Motesplats-scaled.jpg","datePublished":"2023-03-22T16:55:42+00:00","dateModified":"2023-03-22T17:18:48+00:00","breadcrumb":{"@id":"https:\/\/www.helasverige.se\/gavleborg\/exempelsida\/projekt\/i-med-och-motvind-ny\/tidigare-arbete\/#breadcrumb"},"inLanguage":"sv-SE","potentialAction":[{"@type":"ReadAction","target":["https:\/\/www.helasverige.se\/gavleborg\/exempelsida\/projekt\/i-med-och-motvind-ny\/tidigare-arbete\/"]}]},{"@type":"ImageObject","inLanguage":"sv-SE","@id":"https:\/\/www.helasverige.se\/gavleborg\/exempelsida\/projekt\/i-med-och-motvind-ny\/tidigare-arbete\/#primaryimage","url":"https:\/\/www.helasverige.se\/gavleborg\/wp-content\/uploads\/sites\/24\/2022\/09\/Motesplats-scaled.jpg","contentUrl":"https:\/\/www.helasverige.se\/gavleborg\/wp-content\/uploads\/sites\/24\/2022\/09\/Motesplats-scaled.jpg","width":1920,"height":2560,"caption":"Christer Andersson, Jenny Breslin och Magnus Str\u00f6mberg i panelen 26\/11 i Ockelbo. Foto: Mats Leivig"},{"@type":"BreadcrumbList","@id":"https:\/\/www.helasverige.se\/gavleborg\/exempelsida\/projekt\/i-med-och-motvind-ny\/tidigare-arbete\/#breadcrumb","itemListElement":[{"@type":"ListItem","position":1,"name":"Home","item":"https:\/\/www.helasverige.se\/gavleborg\/"},{"@type":"ListItem","position":2,"name":"Hela Sverige X-ing G\u00e4vleborg","item":"https:\/\/www.helasverige.se\/gavleborg\/"},{"@type":"ListItem","position":3,"name":"Projekt","item":"https:\/\/www.helasverige.se\/gavleborg\/exempelsida\/projekt\/"},{"@type":"ListItem","position":4,"name":"F\u00f6rankrad i med och motvind","item":"https:\/\/www.helasverige.se\/gavleborg\/exempelsida\/projekt\/i-med-och-motvind-ny\/"},{"@type":"ListItem","position":5,"name":"Tidigare arbete"}]},{"@type":"WebSite","@id":"https:\/\/www.helasverige.se\/gavleborg\/#website","url":"https:\/\/www.helasverige.se\/gavleborg\/","name":"","description":"\u00c4nnu en webbplats hos Hela Sverige ska leva","potentialAction":[{"@type":"SearchAction","target":{"@type":"EntryPoint","urlTemplate":"https:\/\/www.helasverige.se\/gavleborg\/?s={search_term_string}"},"query-input":{"@type":"PropertyValueSpecification","valueRequired":true,"valueName":"search_term_string"}}],"inLanguage":"sv-SE"}]}},"_links":{"self":[{"href":"https:\/\/www.helasverige.se\/gavleborg\/wp-json\/wp\/v2\/pages\/3500","targetHints":{"allow":["GET"]}}],"collection":[{"href":"https:\/\/www.helasverige.se\/gavleborg\/wp-json\/wp\/v2\/pages"}],"about":[{"href":"https:\/\/www.helasverige.se\/gavleborg\/wp-json\/wp\/v2\/types\/page"}],"author":[{"embeddable":true,"href":"https:\/\/www.helasverige.se\/gavleborg\/wp-json\/wp\/v2\/users\/19"}],"replies":[{"embeddable":true,"href":"https:\/\/www.helasverige.se\/gavleborg\/wp-json\/wp\/v2\/comments?post=3500"}],"version-history":[{"count":20,"href":"https:\/\/www.helasverige.se\/gavleborg\/wp-json\/wp\/v2\/pages\/3500\/revisions"}],"predecessor-version":[{"id":3534,"href":"https:\/\/www.helasverige.se\/gavleborg\/wp-json\/wp\/v2\/pages\/3500\/revisions\/3534"}],"up":[{"embeddable":true,"href":"https:\/\/www.helasverige.se\/gavleborg\/wp-json\/wp\/v2\/pages\/3190"}],"wp:featuredmedia":[{"embeddable":true,"href":"https:\/\/www.helasverige.se\/gavleborg\/wp-json\/wp\/v2\/media\/3229"}],"wp:attachment":[{"href":"https:\/\/www.helasverige.se\/gavleborg\/wp-json\/wp\/v2\/media?parent=3500"}],"curies":[{"name":"wp","href":"https:\/\/api.w.org\/{rel}","templated":true}]}}