{"id":3520,"date":"2023-03-22T17:49:15","date_gmt":"2023-03-22T16:49:15","guid":{"rendered":"https:\/\/www.helasverige.se\/gavleborg\/?page_id=3520"},"modified":"2023-03-22T17:49:15","modified_gmt":"2023-03-22T16:49:15","slug":"vindkraften-och-energikrisen-filmer","status":"publish","type":"page","link":"https:\/\/www.helasverige.se\/gavleborg\/exempelsida\/projekt\/vind\/vindkraften-och-energikrisen-filmer\/","title":{"rendered":"Vindkraften och Energikrisen &#8211; filmer"},"content":{"rendered":"<p><b>Konferensen &#8221;Vindkraften och Energikrisen&#8221; <\/b>som h\u00f6lls i Ockelbo 26 november 2022, filmades. Resultatet finns p\u00e5 Youtube med l\u00e4nkar till respektive avsnitt nedan<\/p>\n<p>09.30 Konferensens \u00f6ppnande<\/p>\n<p>09.40 Vad tycker bygderna och varf\u00f6r blir det konflikt?<\/p>\n<p>10.00 Vad beh\u00f6vs f\u00f6r h\u00e5llbara dialoger h\u00e4r idag?<\/p>\n<p><a href=\"https:\/\/www.youtube.com\/watch?v=4VPLb4ZSZbU&amp;t=1736s\" target=\"_blank\" rel=\"noopener\">Film f\u00f6r de 3 f\u00f6rsta programpunkterna<\/a><\/p>\n<p>10.15 <a href=\"https:\/\/www.youtube.com\/watch?v=PmiKKs8t-H8\" target=\"_blank\" rel=\"noopener\">Vindkraft i G\u00e4vleborg \u2013 f\u00f6ruts\u00e4ttningar och L\u00e4nsstyrelsens roll<\/a><\/p>\n<p>11.00 <a href=\"https:\/\/www.youtube.com\/watch?v=I5ROsEJERjs\" target=\"_blank\" rel=\"noopener\">Bygderna ber\u00e4ttar<\/a><\/p>\n<p>13.00 <a href=\"https:\/\/www.youtube.com\/watch?v=0HTKabzmUFU\" target=\"_blank\" rel=\"noopener\">Naturp\u00e5verkan fr\u00e5n vindkraft<\/a><\/p>\n<p>13.25 <a href=\"https:\/\/www.youtube.com\/watch?v=Mdb3hoXlcDs\" target=\"_blank\" rel=\"noopener\">Ans\u00f6kningsprocessen f\u00f6r vindkraft med bygde\u00f6gon<\/a><\/p>\n<p>13.50 <a href=\"https:\/\/www.youtube.com\/watch?v=a5-vfhBW2UY&amp;t=72s\" target=\"_blank\" rel=\"noopener\">Forskningsl\u00e4get kring buller och ljud<\/a><\/p>\n<p>14.15 <a href=\"https:\/\/www.youtube.com\/watch?v=Nh3G7nv4djI\" target=\"_blank\" rel=\"noopener\">\u00c5terb\u00e4ringsfr\u00e5gan<\/a><\/p>\n<p>14.55 <a href=\"https:\/\/www.youtube.com\/watch?v=elbbMIstDH8\" target=\"_blank\" rel=\"noopener\">Erfarenheter fr\u00e5n etableringar<\/a><\/p>\n<p>15.20 <a href=\"https:\/\/www.youtube.com\/watch?v=kBPU8u7cho4\" target=\"_blank\" rel=\"noopener\">Energipanel f\u00f6r framtiden inkl avslut<\/a><\/p>\n<p>15.50 Avslut och fram\u00e5tblick<\/p>\n<p>16.00 Slut<\/p>\n<p>&nbsp;<\/p>\n<p>&nbsp;<\/p>\n","protected":false},"excerpt":{"rendered":"<p>Konferensen &#8221;Vindkraften och Energikrisen&#8221; som h\u00f6lls i Ockelbo 26 november 2022, filmades. Resultatet finns p\u00e5 Youtube med l\u00e4nkar till respektive avsnitt nedan 09.30 Konferensens \u00f6ppnande 09.40 Vad tycker bygderna och varf\u00f6r blir det konflikt? 10.00 Vad beh\u00f6vs f\u00f6r h\u00e5llbara dialoger h\u00e4r idag? Film f\u00f6r de 3 f\u00f6rsta programpunkterna 10.15 Vindkraft i G\u00e4vleborg \u2013 f\u00f6ruts\u00e4ttningar och [&hellip;]<\/p>\n","protected":false},"author":19,"featured_media":3525,"parent":534,"menu_order":0,"comment_status":"closed","ping_status":"closed","template":"","meta":{"_acf_changed":false,"footnotes":""},"class_list":["post-3520","page","type-page","status-publish","has-post-thumbnail","hentry"],"acf":[],"yoast_head":"<!-- This site is optimized with the Yoast SEO Premium plugin v27.4 (Yoast SEO v27.6) - https:\/\/yoast.com\/product\/yoast-seo-premium-wordpress\/ -->\n<title>G\u00e4vleborg - Vindkraften och Energikrisen - filmer -<\/title>\n<meta name=\"robots\" content=\"index, follow, max-snippet:-1, max-image-preview:large, max-video-preview:-1\" \/>\n<link rel=\"canonical\" href=\"https:\/\/www.helasverige.se\/gavleborg\/exempelsida\/projekt\/vind\/vindkraften-och-energikrisen-filmer\/\" \/>\n<meta property=\"og:locale\" content=\"sv_SE\" \/>\n<meta property=\"og:type\" content=\"article\" \/>\n<meta property=\"og:title\" content=\"G\u00e4vleborg - Vindkraften och Energikrisen - filmer\" \/>\n<meta property=\"og:description\" content=\"Konferensen &#8221;Vindkraften och Energikrisen&#8221; som h\u00f6lls i Ockelbo 26 november 2022, filmades. Resultatet finns p\u00e5 Youtube med l\u00e4nkar till respektive avsnitt nedan 09.30 Konferensens \u00f6ppnande 09.40 Vad tycker bygderna och varf\u00f6r blir det konflikt? 10.00 Vad beh\u00f6vs f\u00f6r h\u00e5llbara dialoger h\u00e4r idag? Film f\u00f6r de 3 f\u00f6rsta programpunkterna 10.15 Vindkraft i G\u00e4vleborg \u2013 f\u00f6ruts\u00e4ttningar och [&hellip;]\" \/>\n<meta property=\"og:url\" content=\"https:\/\/www.helasverige.se\/gavleborg\/exempelsida\/projekt\/vind\/vindkraften-och-energikrisen-filmer\/\" \/>\n<meta property=\"og:image\" content=\"https:\/\/www.helasverige.se\/gavleborg\/wp-content\/uploads\/sites\/24\/2023\/03\/Bygder.jpg\" \/>\n\t<meta property=\"og:image:width\" content=\"1681\" \/>\n\t<meta property=\"og:image:height\" content=\"2222\" \/>\n\t<meta property=\"og:image:type\" content=\"image\/jpeg\" \/>\n<meta name=\"twitter:card\" content=\"summary_large_image\" \/>\n<meta name=\"twitter:label1\" content=\"Ber\u00e4knad l\u00e4stid\" \/>\n\t<meta name=\"twitter:data1\" content=\"1 minut\" \/>\n<script type=\"application\/ld+json\" class=\"yoast-schema-graph\">{\"@context\":\"https:\\\/\\\/schema.org\",\"@graph\":[{\"@type\":\"WebPage\",\"@id\":\"https:\\\/\\\/www.helasverige.se\\\/gavleborg\\\/exempelsida\\\/projekt\\\/vind\\\/vindkraften-och-energikrisen-filmer\\\/\",\"url\":\"https:\\\/\\\/www.helasverige.se\\\/gavleborg\\\/exempelsida\\\/projekt\\\/vind\\\/vindkraften-och-energikrisen-filmer\\\/\",\"name\":\"G\u00e4vleborg - Vindkraften och Energikrisen - filmer -\",\"isPartOf\":{\"@id\":\"https:\\\/\\\/www.helasverige.se\\\/gavleborg\\\/#website\"},\"primaryImageOfPage\":{\"@id\":\"https:\\\/\\\/www.helasverige.se\\\/gavleborg\\\/exempelsida\\\/projekt\\\/vind\\\/vindkraften-och-energikrisen-filmer\\\/#primaryimage\"},\"image\":{\"@id\":\"https:\\\/\\\/www.helasverige.se\\\/gavleborg\\\/exempelsida\\\/projekt\\\/vind\\\/vindkraften-och-energikrisen-filmer\\\/#primaryimage\"},\"thumbnailUrl\":\"https:\\\/\\\/www.helasverige.se\\\/gavleborg\\\/wp-content\\\/uploads\\\/sites\\\/24\\\/2023\\\/03\\\/Bygder.jpg\",\"datePublished\":\"2023-03-22T16:49:15+00:00\",\"breadcrumb\":{\"@id\":\"https:\\\/\\\/www.helasverige.se\\\/gavleborg\\\/exempelsida\\\/projekt\\\/vind\\\/vindkraften-och-energikrisen-filmer\\\/#breadcrumb\"},\"inLanguage\":\"sv-SE\",\"potentialAction\":[{\"@type\":\"ReadAction\",\"target\":[\"https:\\\/\\\/www.helasverige.se\\\/gavleborg\\\/exempelsida\\\/projekt\\\/vind\\\/vindkraften-och-energikrisen-filmer\\\/\"]}]},{\"@type\":\"ImageObject\",\"inLanguage\":\"sv-SE\",\"@id\":\"https:\\\/\\\/www.helasverige.se\\\/gavleborg\\\/exempelsida\\\/projekt\\\/vind\\\/vindkraften-och-energikrisen-filmer\\\/#primaryimage\",\"url\":\"https:\\\/\\\/www.helasverige.se\\\/gavleborg\\\/wp-content\\\/uploads\\\/sites\\\/24\\\/2023\\\/03\\\/Bygder.jpg\",\"contentUrl\":\"https:\\\/\\\/www.helasverige.se\\\/gavleborg\\\/wp-content\\\/uploads\\\/sites\\\/24\\\/2023\\\/03\\\/Bygder.jpg\",\"width\":1681,\"height\":2222},{\"@type\":\"BreadcrumbList\",\"@id\":\"https:\\\/\\\/www.helasverige.se\\\/gavleborg\\\/exempelsida\\\/projekt\\\/vind\\\/vindkraften-och-energikrisen-filmer\\\/#breadcrumb\",\"itemListElement\":[{\"@type\":\"ListItem\",\"position\":1,\"name\":\"Home\",\"item\":\"https:\\\/\\\/www.helasverige.se\\\/gavleborg\\\/\"},{\"@type\":\"ListItem\",\"position\":2,\"name\":\"Hela Sverige X-ing G\u00e4vleborg\",\"item\":\"https:\\\/\\\/www.helasverige.se\\\/gavleborg\\\/\"},{\"@type\":\"ListItem\",\"position\":3,\"name\":\"Projekt\",\"item\":\"https:\\\/\\\/www.helasverige.se\\\/gavleborg\\\/exempelsida\\\/projekt\\\/\"},{\"@type\":\"ListItem\",\"position\":4,\"name\":\"DENNA SIDA \u00c4R UNDER KONSTRUKTION\",\"item\":\"https:\\\/\\\/www.helasverige.se\\\/gavleborg\\\/exempelsida\\\/projekt\\\/vind\\\/\"},{\"@type\":\"ListItem\",\"position\":5,\"name\":\"Vindkraften och Energikrisen &#8211; filmer\"}]},{\"@type\":\"WebSite\",\"@id\":\"https:\\\/\\\/www.helasverige.se\\\/gavleborg\\\/#website\",\"url\":\"https:\\\/\\\/www.helasverige.se\\\/gavleborg\\\/\",\"name\":\"\",\"description\":\"\u00c4nnu en webbplats hos Hela Sverige ska leva\",\"potentialAction\":[{\"@type\":\"SearchAction\",\"target\":{\"@type\":\"EntryPoint\",\"urlTemplate\":\"https:\\\/\\\/www.helasverige.se\\\/gavleborg\\\/?s={search_term_string}\"},\"query-input\":{\"@type\":\"PropertyValueSpecification\",\"valueRequired\":true,\"valueName\":\"search_term_string\"}}],\"inLanguage\":\"sv-SE\"}]}<\/script>\n<!-- \/ Yoast SEO Premium plugin. -->","yoast_head_json":{"title":"G\u00e4vleborg - Vindkraften och Energikrisen - filmer -","robots":{"index":"index","follow":"follow","max-snippet":"max-snippet:-1","max-image-preview":"max-image-preview:large","max-video-preview":"max-video-preview:-1"},"canonical":"https:\/\/www.helasverige.se\/gavleborg\/exempelsida\/projekt\/vind\/vindkraften-och-energikrisen-filmer\/","og_locale":"sv_SE","og_type":"article","og_title":"G\u00e4vleborg - Vindkraften och Energikrisen - filmer","og_description":"Konferensen &#8221;Vindkraften och Energikrisen&#8221; som h\u00f6lls i Ockelbo 26 november 2022, filmades. Resultatet finns p\u00e5 Youtube med l\u00e4nkar till respektive avsnitt nedan 09.30 Konferensens \u00f6ppnande 09.40 Vad tycker bygderna och varf\u00f6r blir det konflikt? 10.00 Vad beh\u00f6vs f\u00f6r h\u00e5llbara dialoger h\u00e4r idag? Film f\u00f6r de 3 f\u00f6rsta programpunkterna 10.15 Vindkraft i G\u00e4vleborg \u2013 f\u00f6ruts\u00e4ttningar och [&hellip;]","og_url":"https:\/\/www.helasverige.se\/gavleborg\/exempelsida\/projekt\/vind\/vindkraften-och-energikrisen-filmer\/","og_image":[{"width":1681,"height":2222,"url":"https:\/\/www.helasverige.se\/gavleborg\/wp-content\/uploads\/sites\/24\/2023\/03\/Bygder.jpg","type":"image\/jpeg"}],"twitter_card":"summary_large_image","twitter_misc":{"Ber\u00e4knad l\u00e4stid":"1 minut"},"schema":{"@context":"https:\/\/schema.org","@graph":[{"@type":"WebPage","@id":"https:\/\/www.helasverige.se\/gavleborg\/exempelsida\/projekt\/vind\/vindkraften-och-energikrisen-filmer\/","url":"https:\/\/www.helasverige.se\/gavleborg\/exempelsida\/projekt\/vind\/vindkraften-och-energikrisen-filmer\/","name":"G\u00e4vleborg - Vindkraften och Energikrisen - filmer -","isPartOf":{"@id":"https:\/\/www.helasverige.se\/gavleborg\/#website"},"primaryImageOfPage":{"@id":"https:\/\/www.helasverige.se\/gavleborg\/exempelsida\/projekt\/vind\/vindkraften-och-energikrisen-filmer\/#primaryimage"},"image":{"@id":"https:\/\/www.helasverige.se\/gavleborg\/exempelsida\/projekt\/vind\/vindkraften-och-energikrisen-filmer\/#primaryimage"},"thumbnailUrl":"https:\/\/www.helasverige.se\/gavleborg\/wp-content\/uploads\/sites\/24\/2023\/03\/Bygder.jpg","datePublished":"2023-03-22T16:49:15+00:00","breadcrumb":{"@id":"https:\/\/www.helasverige.se\/gavleborg\/exempelsida\/projekt\/vind\/vindkraften-och-energikrisen-filmer\/#breadcrumb"},"inLanguage":"sv-SE","potentialAction":[{"@type":"ReadAction","target":["https:\/\/www.helasverige.se\/gavleborg\/exempelsida\/projekt\/vind\/vindkraften-och-energikrisen-filmer\/"]}]},{"@type":"ImageObject","inLanguage":"sv-SE","@id":"https:\/\/www.helasverige.se\/gavleborg\/exempelsida\/projekt\/vind\/vindkraften-och-energikrisen-filmer\/#primaryimage","url":"https:\/\/www.helasverige.se\/gavleborg\/wp-content\/uploads\/sites\/24\/2023\/03\/Bygder.jpg","contentUrl":"https:\/\/www.helasverige.se\/gavleborg\/wp-content\/uploads\/sites\/24\/2023\/03\/Bygder.jpg","width":1681,"height":2222},{"@type":"BreadcrumbList","@id":"https:\/\/www.helasverige.se\/gavleborg\/exempelsida\/projekt\/vind\/vindkraften-och-energikrisen-filmer\/#breadcrumb","itemListElement":[{"@type":"ListItem","position":1,"name":"Home","item":"https:\/\/www.helasverige.se\/gavleborg\/"},{"@type":"ListItem","position":2,"name":"Hela Sverige X-ing G\u00e4vleborg","item":"https:\/\/www.helasverige.se\/gavleborg\/"},{"@type":"ListItem","position":3,"name":"Projekt","item":"https:\/\/www.helasverige.se\/gavleborg\/exempelsida\/projekt\/"},{"@type":"ListItem","position":4,"name":"DENNA SIDA \u00c4R UNDER KONSTRUKTION","item":"https:\/\/www.helasverige.se\/gavleborg\/exempelsida\/projekt\/vind\/"},{"@type":"ListItem","position":5,"name":"Vindkraften och Energikrisen &#8211; filmer"}]},{"@type":"WebSite","@id":"https:\/\/www.helasverige.se\/gavleborg\/#website","url":"https:\/\/www.helasverige.se\/gavleborg\/","name":"","description":"\u00c4nnu en webbplats hos Hela Sverige ska leva","potentialAction":[{"@type":"SearchAction","target":{"@type":"EntryPoint","urlTemplate":"https:\/\/www.helasverige.se\/gavleborg\/?s={search_term_string}"},"query-input":{"@type":"PropertyValueSpecification","valueRequired":true,"valueName":"search_term_string"}}],"inLanguage":"sv-SE"}]}},"_links":{"self":[{"href":"https:\/\/www.helasverige.se\/gavleborg\/wp-json\/wp\/v2\/pages\/3520","targetHints":{"allow":["GET"]}}],"collection":[{"href":"https:\/\/www.helasverige.se\/gavleborg\/wp-json\/wp\/v2\/pages"}],"about":[{"href":"https:\/\/www.helasverige.se\/gavleborg\/wp-json\/wp\/v2\/types\/page"}],"author":[{"embeddable":true,"href":"https:\/\/www.helasverige.se\/gavleborg\/wp-json\/wp\/v2\/users\/19"}],"replies":[{"embeddable":true,"href":"https:\/\/www.helasverige.se\/gavleborg\/wp-json\/wp\/v2\/comments?post=3520"}],"version-history":[{"count":3,"href":"https:\/\/www.helasverige.se\/gavleborg\/wp-json\/wp\/v2\/pages\/3520\/revisions"}],"predecessor-version":[{"id":3524,"href":"https:\/\/www.helasverige.se\/gavleborg\/wp-json\/wp\/v2\/pages\/3520\/revisions\/3524"}],"up":[{"embeddable":true,"href":"https:\/\/www.helasverige.se\/gavleborg\/wp-json\/wp\/v2\/pages\/534"}],"wp:featuredmedia":[{"embeddable":true,"href":"https:\/\/www.helasverige.se\/gavleborg\/wp-json\/wp\/v2\/media\/3525"}],"wp:attachment":[{"href":"https:\/\/www.helasverige.se\/gavleborg\/wp-json\/wp\/v2\/media?parent=3520"}],"curies":[{"name":"wp","href":"https:\/\/api.w.org\/{rel}","templated":true}]}}