{"id":4152,"date":"2024-02-13T11:33:11","date_gmt":"2024-02-13T10:33:11","guid":{"rendered":"https:\/\/www.helasverige.se\/gavleborg\/?page_id=4152"},"modified":"2026-05-12T18:21:46","modified_gmt":"2026-05-12T16:21:46","slug":"landsbygdsriksdag","status":"publish","type":"page","link":"https:\/\/www.helasverige.se\/gavleborg\/exempelsida\/landsbygdsriksdag\/","title":{"rendered":"Landsbygdsriksdag"},"content":{"rendered":"<p><strong>\u00a0<\/strong><\/p>\n<h2><strong>F\u00f6lj med oss till Landsbygdsriksdagen <\/strong><strong>den 29\u201331 maj 2026 i Skellefte\u00e5!<\/strong><\/h2>\n<p>Landsbygdsriksdagen \u00e4r ett h\u00e4rligt och h\u00e4ftigt \u00e4ventyr som arrangeras vartannat \u00e5r av v\u00e5r riksorganisation Hela Sverige ska leva tillsammans med aktuell l\u00e4nsavdelning.<\/p>\n<p><strong>Vi i X-ing arrangerar som vanligt en \u201dpaketresa\u201d till Landsbygdsriksdagen.<\/strong><\/p>\n<p><a href=\"https:\/\/www.helasverige.se\/gavleborg\/wp-content\/uploads\/sites\/24\/2026\/05\/Resa-till-och-fran-Landsbygdsriksdagen-2026-informationsblad.pdf\" target=\"_blank\" rel=\"noopener\">Klicka h\u00e4r eller p\u00e5 bilden<\/a><a href=\"https:\/\/www.helasverige.se\/gavleborg\/wp-content\/uploads\/sites\/24\/2026\/05\/Resa-till-och-fran-Landsbygdsriksdagen-2026-informationsblad.pdf\" target=\"_blank\" rel=\"noopener\"><img loading=\"lazy\" decoding=\"async\" class=\"alignnone size-full wp-image-4959\" src=\"https:\/\/www.helasverige.se\/gavleborg\/wp-content\/uploads\/sites\/24\/2026\/05\/Skarmbild-2026-05-12-155731.png\" alt=\"\" width=\"458\" height=\"688\" \/><\/a><\/p>\n<h2><\/h2>\n<p>Mer att l\u00e4sa finns p\u00e5 Landsbygdsriksdagens egen hemsida <a href=\"https:\/\/landsbygdsriksdagen.se\/\" target=\"_blank\" rel=\"noopener\"><strong>h\u00e4r<\/strong><\/a> .<\/p>\n<p>L\u00e4s mer om och inspireras av v\u00e5r resa till Landsbygdsriksdagen i Nyk\u00f6ping 2024 <a href=\"https:\/\/www.helasverige.se\/gavleborg\/wp-content\/uploads\/sites\/24\/2024\/06\/XINGEN.-nr-2-Bilaga-LBRD-1.pdf\"><strong>h\u00e4r<\/strong> .<\/a><\/p>\n<p>&nbsp;<\/p>\n<p>Vid fr\u00e5gor eller funderingar kontakta: <strong><em>Kenneth Nor\u00e9n <\/em><\/strong><\/p>\n<p>E-post: <a href=\"mailto:kenneth.noren@helasverige.se\">kenneth.noren@helasverige.se<\/a><\/p>\n<p>Tel 070-222 37 21<\/p>\n<p>&nbsp;<\/p>\n<p><img loading=\"lazy\" decoding=\"async\" class=\"alignnone size-medium wp-image-4870\" src=\"https:\/\/www.helasverige.se\/gavleborg\/wp-content\/uploads\/sites\/24\/2026\/02\/bussbild_beskuren-300x117.jpg\" alt=\"\" width=\"300\" height=\"117\" srcset=\"https:\/\/www.helasverige.se\/gavleborg\/wp-content\/uploads\/sites\/24\/2026\/02\/bussbild_beskuren-300x117.jpg 300w, https:\/\/www.helasverige.se\/gavleborg\/wp-content\/uploads\/sites\/24\/2026\/02\/bussbild_beskuren-1024x400.jpg 1024w, https:\/\/www.helasverige.se\/gavleborg\/wp-content\/uploads\/sites\/24\/2026\/02\/bussbild_beskuren-768x300.jpg 768w, https:\/\/www.helasverige.se\/gavleborg\/wp-content\/uploads\/sites\/24\/2026\/02\/bussbild_beskuren-1536x600.jpg 1536w, https:\/\/www.helasverige.se\/gavleborg\/wp-content\/uploads\/sites\/24\/2026\/02\/bussbild_beskuren-2048x800.jpg 2048w\" sizes=\"auto, (max-width: 300px) 100vw, 300px\" \/><\/p>\n","protected":false},"excerpt":{"rendered":"<p>\u00a0 F\u00f6lj med oss till Landsbygdsriksdagen den 29\u201331 maj 2026 i Skellefte\u00e5! Landsbygdsriksdagen \u00e4r ett h\u00e4rligt och h\u00e4ftigt \u00e4ventyr som arrangeras vartannat \u00e5r av v\u00e5r riksorganisation Hela Sverige ska leva tillsammans med aktuell l\u00e4nsavdelning. Vi i X-ing arrangerar som vanligt en \u201dpaketresa\u201d till Landsbygdsriksdagen. Klicka h\u00e4r eller p\u00e5 bilden Mer att l\u00e4sa finns p\u00e5 Landsbygdsriksdagens [&hellip;]<\/p>\n","protected":false},"author":10,"featured_media":4869,"parent":2,"menu_order":0,"comment_status":"closed","ping_status":"closed","template":"","meta":{"_acf_changed":false,"footnotes":""},"class_list":["post-4152","page","type-page","status-publish","has-post-thumbnail","hentry"],"acf":[],"yoast_head":"<!-- This site is optimized with the Yoast SEO Premium plugin v27.4 (Yoast SEO v27.6) - https:\/\/yoast.com\/product\/yoast-seo-premium-wordpress\/ -->\n<title>G\u00e4vleborg - Landsbygdsriksdag -<\/title>\n<meta name=\"robots\" content=\"index, follow, max-snippet:-1, max-image-preview:large, max-video-preview:-1\" \/>\n<link rel=\"canonical\" href=\"https:\/\/www.helasverige.se\/gavleborg\/exempelsida\/landsbygdsriksdag\/\" \/>\n<meta property=\"og:locale\" content=\"sv_SE\" \/>\n<meta property=\"og:type\" content=\"article\" \/>\n<meta property=\"og:title\" content=\"G\u00e4vleborg - Landsbygdsriksdag\" \/>\n<meta property=\"og:description\" content=\"\u00a0 F\u00f6lj med oss till Landsbygdsriksdagen den 29\u201331 maj 2026 i Skellefte\u00e5! Landsbygdsriksdagen \u00e4r ett h\u00e4rligt och h\u00e4ftigt \u00e4ventyr som arrangeras vartannat \u00e5r av v\u00e5r riksorganisation Hela Sverige ska leva tillsammans med aktuell l\u00e4nsavdelning. Vi i X-ing arrangerar som vanligt en \u201dpaketresa\u201d till Landsbygdsriksdagen. Klicka h\u00e4r eller p\u00e5 bilden Mer att l\u00e4sa finns p\u00e5 Landsbygdsriksdagens [&hellip;]\" \/>\n<meta property=\"og:url\" content=\"https:\/\/www.helasverige.se\/gavleborg\/exempelsida\/landsbygdsriksdag\/\" \/>\n<meta property=\"article:modified_time\" content=\"2026-05-12T16:21:46+00:00\" \/>\n<meta property=\"og:image\" content=\"https:\/\/www.helasverige.se\/gavleborg\/wp-content\/uploads\/sites\/24\/2026\/02\/prat-scaled.jpg\" \/>\n\t<meta property=\"og:image:width\" content=\"2560\" \/>\n\t<meta property=\"og:image:height\" content=\"1920\" \/>\n\t<meta property=\"og:image:type\" content=\"image\/jpeg\" \/>\n<meta name=\"twitter:card\" content=\"summary_large_image\" \/>\n<meta name=\"twitter:label1\" content=\"Ber\u00e4knad l\u00e4stid\" \/>\n\t<meta name=\"twitter:data1\" content=\"2 minuter\" \/>\n<script type=\"application\/ld+json\" class=\"yoast-schema-graph\">{\"@context\":\"https:\\\/\\\/schema.org\",\"@graph\":[{\"@type\":\"WebPage\",\"@id\":\"https:\\\/\\\/www.helasverige.se\\\/gavleborg\\\/exempelsida\\\/landsbygdsriksdag\\\/\",\"url\":\"https:\\\/\\\/www.helasverige.se\\\/gavleborg\\\/exempelsida\\\/landsbygdsriksdag\\\/\",\"name\":\"G\u00e4vleborg - Landsbygdsriksdag -\",\"isPartOf\":{\"@id\":\"https:\\\/\\\/www.helasverige.se\\\/gavleborg\\\/#website\"},\"primaryImageOfPage\":{\"@id\":\"https:\\\/\\\/www.helasverige.se\\\/gavleborg\\\/exempelsida\\\/landsbygdsriksdag\\\/#primaryimage\"},\"image\":{\"@id\":\"https:\\\/\\\/www.helasverige.se\\\/gavleborg\\\/exempelsida\\\/landsbygdsriksdag\\\/#primaryimage\"},\"thumbnailUrl\":\"https:\\\/\\\/www.helasverige.se\\\/gavleborg\\\/wp-content\\\/uploads\\\/sites\\\/24\\\/2026\\\/02\\\/prat-scaled.jpg\",\"datePublished\":\"2024-02-13T10:33:11+00:00\",\"dateModified\":\"2026-05-12T16:21:46+00:00\",\"breadcrumb\":{\"@id\":\"https:\\\/\\\/www.helasverige.se\\\/gavleborg\\\/exempelsida\\\/landsbygdsriksdag\\\/#breadcrumb\"},\"inLanguage\":\"sv-SE\",\"potentialAction\":[{\"@type\":\"ReadAction\",\"target\":[\"https:\\\/\\\/www.helasverige.se\\\/gavleborg\\\/exempelsida\\\/landsbygdsriksdag\\\/\"]}]},{\"@type\":\"ImageObject\",\"inLanguage\":\"sv-SE\",\"@id\":\"https:\\\/\\\/www.helasverige.se\\\/gavleborg\\\/exempelsida\\\/landsbygdsriksdag\\\/#primaryimage\",\"url\":\"https:\\\/\\\/www.helasverige.se\\\/gavleborg\\\/wp-content\\\/uploads\\\/sites\\\/24\\\/2026\\\/02\\\/prat-scaled.jpg\",\"contentUrl\":\"https:\\\/\\\/www.helasverige.se\\\/gavleborg\\\/wp-content\\\/uploads\\\/sites\\\/24\\\/2026\\\/02\\\/prat-scaled.jpg\",\"width\":2560,\"height\":1920},{\"@type\":\"BreadcrumbList\",\"@id\":\"https:\\\/\\\/www.helasverige.se\\\/gavleborg\\\/exempelsida\\\/landsbygdsriksdag\\\/#breadcrumb\",\"itemListElement\":[{\"@type\":\"ListItem\",\"position\":1,\"name\":\"Home\",\"item\":\"https:\\\/\\\/www.helasverige.se\\\/gavleborg\\\/\"},{\"@type\":\"ListItem\",\"position\":2,\"name\":\"Hela Sverige X-ing G\u00e4vleborg\",\"item\":\"https:\\\/\\\/www.helasverige.se\\\/gavleborg\\\/\"},{\"@type\":\"ListItem\",\"position\":3,\"name\":\"Landsbygdsriksdag\"}]},{\"@type\":\"WebSite\",\"@id\":\"https:\\\/\\\/www.helasverige.se\\\/gavleborg\\\/#website\",\"url\":\"https:\\\/\\\/www.helasverige.se\\\/gavleborg\\\/\",\"name\":\"\",\"description\":\"\u00c4nnu en webbplats hos Hela Sverige ska leva\",\"potentialAction\":[{\"@type\":\"SearchAction\",\"target\":{\"@type\":\"EntryPoint\",\"urlTemplate\":\"https:\\\/\\\/www.helasverige.se\\\/gavleborg\\\/?s={search_term_string}\"},\"query-input\":{\"@type\":\"PropertyValueSpecification\",\"valueRequired\":true,\"valueName\":\"search_term_string\"}}],\"inLanguage\":\"sv-SE\"}]}<\/script>\n<!-- \/ Yoast SEO Premium plugin. -->","yoast_head_json":{"title":"G\u00e4vleborg - Landsbygdsriksdag -","robots":{"index":"index","follow":"follow","max-snippet":"max-snippet:-1","max-image-preview":"max-image-preview:large","max-video-preview":"max-video-preview:-1"},"canonical":"https:\/\/www.helasverige.se\/gavleborg\/exempelsida\/landsbygdsriksdag\/","og_locale":"sv_SE","og_type":"article","og_title":"G\u00e4vleborg - Landsbygdsriksdag","og_description":"\u00a0 F\u00f6lj med oss till Landsbygdsriksdagen den 29\u201331 maj 2026 i Skellefte\u00e5! Landsbygdsriksdagen \u00e4r ett h\u00e4rligt och h\u00e4ftigt \u00e4ventyr som arrangeras vartannat \u00e5r av v\u00e5r riksorganisation Hela Sverige ska leva tillsammans med aktuell l\u00e4nsavdelning. Vi i X-ing arrangerar som vanligt en \u201dpaketresa\u201d till Landsbygdsriksdagen. Klicka h\u00e4r eller p\u00e5 bilden Mer att l\u00e4sa finns p\u00e5 Landsbygdsriksdagens [&hellip;]","og_url":"https:\/\/www.helasverige.se\/gavleborg\/exempelsida\/landsbygdsriksdag\/","article_modified_time":"2026-05-12T16:21:46+00:00","og_image":[{"width":2560,"height":1920,"url":"https:\/\/www.helasverige.se\/gavleborg\/wp-content\/uploads\/sites\/24\/2026\/02\/prat-scaled.jpg","type":"image\/jpeg"}],"twitter_card":"summary_large_image","twitter_misc":{"Ber\u00e4knad l\u00e4stid":"2 minuter"},"schema":{"@context":"https:\/\/schema.org","@graph":[{"@type":"WebPage","@id":"https:\/\/www.helasverige.se\/gavleborg\/exempelsida\/landsbygdsriksdag\/","url":"https:\/\/www.helasverige.se\/gavleborg\/exempelsida\/landsbygdsriksdag\/","name":"G\u00e4vleborg - Landsbygdsriksdag -","isPartOf":{"@id":"https:\/\/www.helasverige.se\/gavleborg\/#website"},"primaryImageOfPage":{"@id":"https:\/\/www.helasverige.se\/gavleborg\/exempelsida\/landsbygdsriksdag\/#primaryimage"},"image":{"@id":"https:\/\/www.helasverige.se\/gavleborg\/exempelsida\/landsbygdsriksdag\/#primaryimage"},"thumbnailUrl":"https:\/\/www.helasverige.se\/gavleborg\/wp-content\/uploads\/sites\/24\/2026\/02\/prat-scaled.jpg","datePublished":"2024-02-13T10:33:11+00:00","dateModified":"2026-05-12T16:21:46+00:00","breadcrumb":{"@id":"https:\/\/www.helasverige.se\/gavleborg\/exempelsida\/landsbygdsriksdag\/#breadcrumb"},"inLanguage":"sv-SE","potentialAction":[{"@type":"ReadAction","target":["https:\/\/www.helasverige.se\/gavleborg\/exempelsida\/landsbygdsriksdag\/"]}]},{"@type":"ImageObject","inLanguage":"sv-SE","@id":"https:\/\/www.helasverige.se\/gavleborg\/exempelsida\/landsbygdsriksdag\/#primaryimage","url":"https:\/\/www.helasverige.se\/gavleborg\/wp-content\/uploads\/sites\/24\/2026\/02\/prat-scaled.jpg","contentUrl":"https:\/\/www.helasverige.se\/gavleborg\/wp-content\/uploads\/sites\/24\/2026\/02\/prat-scaled.jpg","width":2560,"height":1920},{"@type":"BreadcrumbList","@id":"https:\/\/www.helasverige.se\/gavleborg\/exempelsida\/landsbygdsriksdag\/#breadcrumb","itemListElement":[{"@type":"ListItem","position":1,"name":"Home","item":"https:\/\/www.helasverige.se\/gavleborg\/"},{"@type":"ListItem","position":2,"name":"Hela Sverige X-ing G\u00e4vleborg","item":"https:\/\/www.helasverige.se\/gavleborg\/"},{"@type":"ListItem","position":3,"name":"Landsbygdsriksdag"}]},{"@type":"WebSite","@id":"https:\/\/www.helasverige.se\/gavleborg\/#website","url":"https:\/\/www.helasverige.se\/gavleborg\/","name":"","description":"\u00c4nnu en webbplats hos Hela Sverige ska leva","potentialAction":[{"@type":"SearchAction","target":{"@type":"EntryPoint","urlTemplate":"https:\/\/www.helasverige.se\/gavleborg\/?s={search_term_string}"},"query-input":{"@type":"PropertyValueSpecification","valueRequired":true,"valueName":"search_term_string"}}],"inLanguage":"sv-SE"}]}},"_links":{"self":[{"href":"https:\/\/www.helasverige.se\/gavleborg\/wp-json\/wp\/v2\/pages\/4152","targetHints":{"allow":["GET"]}}],"collection":[{"href":"https:\/\/www.helasverige.se\/gavleborg\/wp-json\/wp\/v2\/pages"}],"about":[{"href":"https:\/\/www.helasverige.se\/gavleborg\/wp-json\/wp\/v2\/types\/page"}],"author":[{"embeddable":true,"href":"https:\/\/www.helasverige.se\/gavleborg\/wp-json\/wp\/v2\/users\/10"}],"replies":[{"embeddable":true,"href":"https:\/\/www.helasverige.se\/gavleborg\/wp-json\/wp\/v2\/comments?post=4152"}],"version-history":[{"count":14,"href":"https:\/\/www.helasverige.se\/gavleborg\/wp-json\/wp\/v2\/pages\/4152\/revisions"}],"predecessor-version":[{"id":4961,"href":"https:\/\/www.helasverige.se\/gavleborg\/wp-json\/wp\/v2\/pages\/4152\/revisions\/4961"}],"up":[{"embeddable":true,"href":"https:\/\/www.helasverige.se\/gavleborg\/wp-json\/wp\/v2\/pages\/2"}],"wp:featuredmedia":[{"embeddable":true,"href":"https:\/\/www.helasverige.se\/gavleborg\/wp-json\/wp\/v2\/media\/4869"}],"wp:attachment":[{"href":"https:\/\/www.helasverige.se\/gavleborg\/wp-json\/wp\/v2\/media?parent=4152"}],"curies":[{"name":"wp","href":"https:\/\/api.w.org\/{rel}","templated":true}]}}