{"id":4664,"date":"2025-08-27T22:09:20","date_gmt":"2025-08-27T20:09:20","guid":{"rendered":"https:\/\/www.helasverige.se\/gavleborg\/?page_id=4664"},"modified":"2026-01-28T14:04:07","modified_gmt":"2026-01-28T13:04:07","slug":"30-ars-jubileum-2025","status":"publish","type":"page","link":"https:\/\/www.helasverige.se\/gavleborg\/exempelsida\/var-verksamhet\/30-ars-jubileum-2025\/","title":{"rendered":"30 \u00e5rs jubileum 2025"},"content":{"rendered":"<h2>Vi firade med fest!<\/h2>\n<p data-ccp-props=\"{&quot;335551550&quot;:1,&quot;335551620&quot;:1,&quot;335559683&quot;:0,&quot;335559685&quot;:0,&quot;335559731&quot;:0,&quot;335559737&quot;:0,&quot;335562764&quot;:2,&quot;335562765&quot;:1.2,&quot;335562766&quot;:4,&quot;335562767&quot;:10,&quot;335562768&quot;:4,&quot;335562769&quot;:0}\"><b><i><span data-scheme-color=\"@000000,0,\" data-usefontface=\"true\" data-contrast=\"none\">Det blev en h\u00e4rlig heldag i november p<\/span><\/i><\/b><b><i><span data-scheme-color=\"@000000,0,\" data-usefontface=\"true\" data-contrast=\"none\">\u00e5 Landsbygdscenter i \u00c5byggeby Ockelbo kommun, n\u00e4r 50 personer m\u00e4ss-minglade, smakade mathantverk, uts\u00e5g \u00e5rets X-ing, l\u00e4ste den nya jubileumsskriften, pratade minnen och framtid, h\u00f6ll f\u00f6reningsm\u00f6te och trivdes.<\/span><\/i><\/b><\/p>\n<h3 data-ccp-props=\"{&quot;335551550&quot;:1,&quot;335551620&quot;:1,&quot;335559683&quot;:0,&quot;335559685&quot;:0,&quot;335559731&quot;:0,&quot;335559737&quot;:0,&quot;335562764&quot;:2,&quot;335562765&quot;:1.2,&quot;335562766&quot;:4,&quot;335562767&quot;:10,&quot;335562768&quot;:4,&quot;335562769&quot;:0}\">L\u00e4ngre ner p\u00e5 sidan l\u00e4ser du dessutom v\u00e5r rykande f\u00e4rska jubileumsskrift.<\/h3>\n<p data-ccp-props=\"{&quot;335551550&quot;:1,&quot;335551620&quot;:1,&quot;335559683&quot;:0,&quot;335559685&quot;:0,&quot;335559731&quot;:0,&quot;335559737&quot;:0,&quot;335562764&quot;:2,&quot;335562765&quot;:1.2,&quot;335562766&quot;:4,&quot;335562767&quot;:10,&quot;335562768&quot;:4,&quot;335562769&quot;:0}\"><strong>\u200b<img loading=\"lazy\" decoding=\"async\" class=\"alignnone size-medium wp-image-4803\" src=\"https:\/\/www.helasverige.se\/gavleborg\/wp-content\/uploads\/sites\/24\/2025\/11\/DSC_0618-300x199.jpg\" alt=\"\" width=\"300\" height=\"199\" srcset=\"https:\/\/www.helasverige.se\/gavleborg\/wp-content\/uploads\/sites\/24\/2025\/11\/DSC_0618-300x199.jpg 300w, https:\/\/www.helasverige.se\/gavleborg\/wp-content\/uploads\/sites\/24\/2025\/11\/DSC_0618-1024x680.jpg 1024w, https:\/\/www.helasverige.se\/gavleborg\/wp-content\/uploads\/sites\/24\/2025\/11\/DSC_0618-768x510.jpg 768w, https:\/\/www.helasverige.se\/gavleborg\/wp-content\/uploads\/sites\/24\/2025\/11\/DSC_0618-1536x1020.jpg 1536w, https:\/\/www.helasverige.se\/gavleborg\/wp-content\/uploads\/sites\/24\/2025\/11\/DSC_0618-2048x1360.jpg 2048w\" sizes=\"auto, (max-width: 300px) 100vw, 300px\" \/> <img loading=\"lazy\" decoding=\"async\" class=\"alignnone size-medium wp-image-4804\" src=\"https:\/\/www.helasverige.se\/gavleborg\/wp-content\/uploads\/sites\/24\/2025\/11\/DSC_0609-300x199.jpg\" alt=\"\" width=\"300\" height=\"199\" srcset=\"https:\/\/www.helasverige.se\/gavleborg\/wp-content\/uploads\/sites\/24\/2025\/11\/DSC_0609-300x199.jpg 300w, https:\/\/www.helasverige.se\/gavleborg\/wp-content\/uploads\/sites\/24\/2025\/11\/DSC_0609-1024x680.jpg 1024w, https:\/\/www.helasverige.se\/gavleborg\/wp-content\/uploads\/sites\/24\/2025\/11\/DSC_0609-768x510.jpg 768w, https:\/\/www.helasverige.se\/gavleborg\/wp-content\/uploads\/sites\/24\/2025\/11\/DSC_0609-1536x1020.jpg 1536w, https:\/\/www.helasverige.se\/gavleborg\/wp-content\/uploads\/sites\/24\/2025\/11\/DSC_0609-2048x1360.jpg 2048w\" sizes=\"auto, (max-width: 300px) 100vw, 300px\" \/> <img loading=\"lazy\" decoding=\"async\" class=\"alignnone size-medium wp-image-4805\" src=\"https:\/\/www.helasverige.se\/gavleborg\/wp-content\/uploads\/sites\/24\/2025\/11\/DSC_0595-300x199.jpg\" alt=\"\" width=\"300\" height=\"199\" srcset=\"https:\/\/www.helasverige.se\/gavleborg\/wp-content\/uploads\/sites\/24\/2025\/11\/DSC_0595-300x199.jpg 300w, https:\/\/www.helasverige.se\/gavleborg\/wp-content\/uploads\/sites\/24\/2025\/11\/DSC_0595-1024x680.jpg 1024w, https:\/\/www.helasverige.se\/gavleborg\/wp-content\/uploads\/sites\/24\/2025\/11\/DSC_0595-768x510.jpg 768w, https:\/\/www.helasverige.se\/gavleborg\/wp-content\/uploads\/sites\/24\/2025\/11\/DSC_0595-1536x1020.jpg 1536w, https:\/\/www.helasverige.se\/gavleborg\/wp-content\/uploads\/sites\/24\/2025\/11\/DSC_0595-2048x1360.jpg 2048w\" sizes=\"auto, (max-width: 300px) 100vw, 300px\" \/> <img loading=\"lazy\" decoding=\"async\" class=\"alignnone size-medium wp-image-4806\" src=\"https:\/\/www.helasverige.se\/gavleborg\/wp-content\/uploads\/sites\/24\/2025\/11\/20251122_142132-300x225.jpg\" alt=\"\" width=\"300\" height=\"225\" srcset=\"https:\/\/www.helasverige.se\/gavleborg\/wp-content\/uploads\/sites\/24\/2025\/11\/20251122_142132-300x225.jpg 300w, https:\/\/www.helasverige.se\/gavleborg\/wp-content\/uploads\/sites\/24\/2025\/11\/20251122_142132-1024x768.jpg 1024w, https:\/\/www.helasverige.se\/gavleborg\/wp-content\/uploads\/sites\/24\/2025\/11\/20251122_142132-768x576.jpg 768w, https:\/\/www.helasverige.se\/gavleborg\/wp-content\/uploads\/sites\/24\/2025\/11\/20251122_142132-1536x1152.jpg 1536w, https:\/\/www.helasverige.se\/gavleborg\/wp-content\/uploads\/sites\/24\/2025\/11\/20251122_142132-2048x1536.jpg 2048w\" sizes=\"auto, (max-width: 300px) 100vw, 300px\" \/> <img loading=\"lazy\" decoding=\"async\" class=\"alignnone size-medium wp-image-4807\" src=\"https:\/\/www.helasverige.se\/gavleborg\/wp-content\/uploads\/sites\/24\/2025\/11\/20251122_135940-300x225.jpg\" alt=\"\" width=\"300\" height=\"225\" srcset=\"https:\/\/www.helasverige.se\/gavleborg\/wp-content\/uploads\/sites\/24\/2025\/11\/20251122_135940-300x225.jpg 300w, https:\/\/www.helasverige.se\/gavleborg\/wp-content\/uploads\/sites\/24\/2025\/11\/20251122_135940-1024x768.jpg 1024w, https:\/\/www.helasverige.se\/gavleborg\/wp-content\/uploads\/sites\/24\/2025\/11\/20251122_135940-768x576.jpg 768w, https:\/\/www.helasverige.se\/gavleborg\/wp-content\/uploads\/sites\/24\/2025\/11\/20251122_135940-1536x1152.jpg 1536w, https:\/\/www.helasverige.se\/gavleborg\/wp-content\/uploads\/sites\/24\/2025\/11\/20251122_135940-2048x1536.jpg 2048w\" sizes=\"auto, (max-width: 300px) 100vw, 300px\" \/> <img loading=\"lazy\" decoding=\"async\" class=\"alignnone size-medium wp-image-4808\" src=\"https:\/\/www.helasverige.se\/gavleborg\/wp-content\/uploads\/sites\/24\/2025\/11\/DSC_0605-300x199.jpg\" alt=\"\" width=\"300\" height=\"199\" srcset=\"https:\/\/www.helasverige.se\/gavleborg\/wp-content\/uploads\/sites\/24\/2025\/11\/DSC_0605-300x199.jpg 300w, https:\/\/www.helasverige.se\/gavleborg\/wp-content\/uploads\/sites\/24\/2025\/11\/DSC_0605-1024x680.jpg 1024w, https:\/\/www.helasverige.se\/gavleborg\/wp-content\/uploads\/sites\/24\/2025\/11\/DSC_0605-768x510.jpg 768w, https:\/\/www.helasverige.se\/gavleborg\/wp-content\/uploads\/sites\/24\/2025\/11\/DSC_0605-1536x1020.jpg 1536w, https:\/\/www.helasverige.se\/gavleborg\/wp-content\/uploads\/sites\/24\/2025\/11\/DSC_0605-2048x1360.jpg 2048w\" sizes=\"auto, (max-width: 300px) 100vw, 300px\" \/><\/strong><\/p>\n<h2>Vi tackar alla som kom och f\u00f6rgyllde v\u00e5r dag och kv\u00e4ll!<\/h2>\n<p>Referat fr\u00e5n jubil\u00e9et finns \u00e4ven i medlemstidningen <a href=\"https:\/\/www.helasverige.se\/gavleborg\/wp-content\/uploads\/sites\/24\/2025\/12\/XINGEN.-nr-2025.4.pdf\" target=\"_blank\" rel=\"noopener\">XINGEN.<\/a><\/p>\n","protected":false},"excerpt":{"rendered":"<p>Vi firade med fest! Det blev en h\u00e4rlig heldag i november p\u00e5 Landsbygdscenter i \u00c5byggeby Ockelbo kommun, n\u00e4r 50 personer m\u00e4ss-minglade, smakade mathantverk, uts\u00e5g \u00e5rets X-ing, l\u00e4ste den nya jubileumsskriften, pratade minnen och framtid, h\u00f6ll f\u00f6reningsm\u00f6te och trivdes. L\u00e4ngre ner p\u00e5 sidan l\u00e4ser du dessutom v\u00e5r rykande f\u00e4rska jubileumsskrift. \u200b Vi tackar alla som kom [&hellip;]<\/p>\n","protected":false},"author":48,"featured_media":4811,"parent":20,"menu_order":2,"comment_status":"closed","ping_status":"closed","template":"","meta":{"_acf_changed":false,"footnotes":""},"class_list":["post-4664","page","type-page","status-publish","has-post-thumbnail","hentry"],"acf":[],"yoast_head":"<!-- This site is optimized with the Yoast SEO Premium plugin v27.4 (Yoast SEO v27.6) - https:\/\/yoast.com\/product\/yoast-seo-premium-wordpress\/ -->\n<title>G\u00e4vleborg - 30 \u00e5rs jubileum 2025 -<\/title>\n<meta name=\"robots\" content=\"index, follow, max-snippet:-1, max-image-preview:large, max-video-preview:-1\" \/>\n<link rel=\"canonical\" href=\"https:\/\/www.helasverige.se\/gavleborg\/exempelsida\/var-verksamhet\/30-ars-jubileum-2025\/\" \/>\n<meta property=\"og:locale\" content=\"sv_SE\" \/>\n<meta property=\"og:type\" content=\"article\" \/>\n<meta property=\"og:title\" content=\"G\u00e4vleborg - 30 \u00e5rs jubileum 2025\" \/>\n<meta property=\"og:description\" content=\"Vi firade med fest! Det blev en h\u00e4rlig heldag i november p\u00e5 Landsbygdscenter i \u00c5byggeby Ockelbo kommun, n\u00e4r 50 personer m\u00e4ss-minglade, smakade mathantverk, uts\u00e5g \u00e5rets X-ing, l\u00e4ste den nya jubileumsskriften, pratade minnen och framtid, h\u00f6ll f\u00f6reningsm\u00f6te och trivdes. L\u00e4ngre ner p\u00e5 sidan l\u00e4ser du dessutom v\u00e5r rykande f\u00e4rska jubileumsskrift. \u200b Vi tackar alla som kom [&hellip;]\" \/>\n<meta property=\"og:url\" content=\"https:\/\/www.helasverige.se\/gavleborg\/exempelsida\/var-verksamhet\/30-ars-jubileum-2025\/\" \/>\n<meta property=\"article:modified_time\" content=\"2026-01-28T13:04:07+00:00\" \/>\n<meta property=\"og:image\" content=\"https:\/\/www.helasverige.se\/gavleborg\/wp-content\/uploads\/sites\/24\/2025\/11\/Jubileumsskrift.png\" \/>\n\t<meta property=\"og:image:width\" content=\"640\" \/>\n\t<meta property=\"og:image:height\" content=\"752\" \/>\n\t<meta property=\"og:image:type\" content=\"image\/png\" \/>\n<meta name=\"twitter:card\" content=\"summary_large_image\" \/>\n<meta name=\"twitter:label1\" content=\"Ber\u00e4knad l\u00e4stid\" \/>\n\t<meta name=\"twitter:data1\" content=\"2 minuter\" \/>\n<script type=\"application\/ld+json\" class=\"yoast-schema-graph\">{\"@context\":\"https:\\\/\\\/schema.org\",\"@graph\":[{\"@type\":\"WebPage\",\"@id\":\"https:\\\/\\\/www.helasverige.se\\\/gavleborg\\\/exempelsida\\\/var-verksamhet\\\/30-ars-jubileum-2025\\\/\",\"url\":\"https:\\\/\\\/www.helasverige.se\\\/gavleborg\\\/exempelsida\\\/var-verksamhet\\\/30-ars-jubileum-2025\\\/\",\"name\":\"G\u00e4vleborg - 30 \u00e5rs jubileum 2025 -\",\"isPartOf\":{\"@id\":\"https:\\\/\\\/www.helasverige.se\\\/gavleborg\\\/#website\"},\"primaryImageOfPage\":{\"@id\":\"https:\\\/\\\/www.helasverige.se\\\/gavleborg\\\/exempelsida\\\/var-verksamhet\\\/30-ars-jubileum-2025\\\/#primaryimage\"},\"image\":{\"@id\":\"https:\\\/\\\/www.helasverige.se\\\/gavleborg\\\/exempelsida\\\/var-verksamhet\\\/30-ars-jubileum-2025\\\/#primaryimage\"},\"thumbnailUrl\":\"https:\\\/\\\/www.helasverige.se\\\/gavleborg\\\/wp-content\\\/uploads\\\/sites\\\/24\\\/2025\\\/11\\\/Jubileumsskrift.png\",\"datePublished\":\"2025-08-27T20:09:20+00:00\",\"dateModified\":\"2026-01-28T13:04:07+00:00\",\"breadcrumb\":{\"@id\":\"https:\\\/\\\/www.helasverige.se\\\/gavleborg\\\/exempelsida\\\/var-verksamhet\\\/30-ars-jubileum-2025\\\/#breadcrumb\"},\"inLanguage\":\"sv-SE\",\"potentialAction\":[{\"@type\":\"ReadAction\",\"target\":[\"https:\\\/\\\/www.helasverige.se\\\/gavleborg\\\/exempelsida\\\/var-verksamhet\\\/30-ars-jubileum-2025\\\/\"]}]},{\"@type\":\"ImageObject\",\"inLanguage\":\"sv-SE\",\"@id\":\"https:\\\/\\\/www.helasverige.se\\\/gavleborg\\\/exempelsida\\\/var-verksamhet\\\/30-ars-jubileum-2025\\\/#primaryimage\",\"url\":\"https:\\\/\\\/www.helasverige.se\\\/gavleborg\\\/wp-content\\\/uploads\\\/sites\\\/24\\\/2025\\\/11\\\/Jubileumsskrift.png\",\"contentUrl\":\"https:\\\/\\\/www.helasverige.se\\\/gavleborg\\\/wp-content\\\/uploads\\\/sites\\\/24\\\/2025\\\/11\\\/Jubileumsskrift.png\",\"width\":640,\"height\":752},{\"@type\":\"BreadcrumbList\",\"@id\":\"https:\\\/\\\/www.helasverige.se\\\/gavleborg\\\/exempelsida\\\/var-verksamhet\\\/30-ars-jubileum-2025\\\/#breadcrumb\",\"itemListElement\":[{\"@type\":\"ListItem\",\"position\":1,\"name\":\"Home\",\"item\":\"https:\\\/\\\/www.helasverige.se\\\/gavleborg\\\/\"},{\"@type\":\"ListItem\",\"position\":2,\"name\":\"Hela Sverige X-ing G\u00e4vleborg\",\"item\":\"https:\\\/\\\/www.helasverige.se\\\/gavleborg\\\/\"},{\"@type\":\"ListItem\",\"position\":3,\"name\":\"V\u00e5r verksamhet\",\"item\":\"https:\\\/\\\/www.helasverige.se\\\/gavleborg\\\/exempelsida\\\/var-verksamhet\\\/\"},{\"@type\":\"ListItem\",\"position\":4,\"name\":\"30 \u00e5rs jubileum 2025\"}]},{\"@type\":\"WebSite\",\"@id\":\"https:\\\/\\\/www.helasverige.se\\\/gavleborg\\\/#website\",\"url\":\"https:\\\/\\\/www.helasverige.se\\\/gavleborg\\\/\",\"name\":\"\",\"description\":\"\u00c4nnu en webbplats hos Hela Sverige ska leva\",\"potentialAction\":[{\"@type\":\"SearchAction\",\"target\":{\"@type\":\"EntryPoint\",\"urlTemplate\":\"https:\\\/\\\/www.helasverige.se\\\/gavleborg\\\/?s={search_term_string}\"},\"query-input\":{\"@type\":\"PropertyValueSpecification\",\"valueRequired\":true,\"valueName\":\"search_term_string\"}}],\"inLanguage\":\"sv-SE\"}]}<\/script>\n<!-- \/ Yoast SEO Premium plugin. -->","yoast_head_json":{"title":"G\u00e4vleborg - 30 \u00e5rs jubileum 2025 -","robots":{"index":"index","follow":"follow","max-snippet":"max-snippet:-1","max-image-preview":"max-image-preview:large","max-video-preview":"max-video-preview:-1"},"canonical":"https:\/\/www.helasverige.se\/gavleborg\/exempelsida\/var-verksamhet\/30-ars-jubileum-2025\/","og_locale":"sv_SE","og_type":"article","og_title":"G\u00e4vleborg - 30 \u00e5rs jubileum 2025","og_description":"Vi firade med fest! Det blev en h\u00e4rlig heldag i november p\u00e5 Landsbygdscenter i \u00c5byggeby Ockelbo kommun, n\u00e4r 50 personer m\u00e4ss-minglade, smakade mathantverk, uts\u00e5g \u00e5rets X-ing, l\u00e4ste den nya jubileumsskriften, pratade minnen och framtid, h\u00f6ll f\u00f6reningsm\u00f6te och trivdes. L\u00e4ngre ner p\u00e5 sidan l\u00e4ser du dessutom v\u00e5r rykande f\u00e4rska jubileumsskrift. \u200b Vi tackar alla som kom [&hellip;]","og_url":"https:\/\/www.helasverige.se\/gavleborg\/exempelsida\/var-verksamhet\/30-ars-jubileum-2025\/","article_modified_time":"2026-01-28T13:04:07+00:00","og_image":[{"width":640,"height":752,"url":"https:\/\/www.helasverige.se\/gavleborg\/wp-content\/uploads\/sites\/24\/2025\/11\/Jubileumsskrift.png","type":"image\/png"}],"twitter_card":"summary_large_image","twitter_misc":{"Ber\u00e4knad l\u00e4stid":"2 minuter"},"schema":{"@context":"https:\/\/schema.org","@graph":[{"@type":"WebPage","@id":"https:\/\/www.helasverige.se\/gavleborg\/exempelsida\/var-verksamhet\/30-ars-jubileum-2025\/","url":"https:\/\/www.helasverige.se\/gavleborg\/exempelsida\/var-verksamhet\/30-ars-jubileum-2025\/","name":"G\u00e4vleborg - 30 \u00e5rs jubileum 2025 -","isPartOf":{"@id":"https:\/\/www.helasverige.se\/gavleborg\/#website"},"primaryImageOfPage":{"@id":"https:\/\/www.helasverige.se\/gavleborg\/exempelsida\/var-verksamhet\/30-ars-jubileum-2025\/#primaryimage"},"image":{"@id":"https:\/\/www.helasverige.se\/gavleborg\/exempelsida\/var-verksamhet\/30-ars-jubileum-2025\/#primaryimage"},"thumbnailUrl":"https:\/\/www.helasverige.se\/gavleborg\/wp-content\/uploads\/sites\/24\/2025\/11\/Jubileumsskrift.png","datePublished":"2025-08-27T20:09:20+00:00","dateModified":"2026-01-28T13:04:07+00:00","breadcrumb":{"@id":"https:\/\/www.helasverige.se\/gavleborg\/exempelsida\/var-verksamhet\/30-ars-jubileum-2025\/#breadcrumb"},"inLanguage":"sv-SE","potentialAction":[{"@type":"ReadAction","target":["https:\/\/www.helasverige.se\/gavleborg\/exempelsida\/var-verksamhet\/30-ars-jubileum-2025\/"]}]},{"@type":"ImageObject","inLanguage":"sv-SE","@id":"https:\/\/www.helasverige.se\/gavleborg\/exempelsida\/var-verksamhet\/30-ars-jubileum-2025\/#primaryimage","url":"https:\/\/www.helasverige.se\/gavleborg\/wp-content\/uploads\/sites\/24\/2025\/11\/Jubileumsskrift.png","contentUrl":"https:\/\/www.helasverige.se\/gavleborg\/wp-content\/uploads\/sites\/24\/2025\/11\/Jubileumsskrift.png","width":640,"height":752},{"@type":"BreadcrumbList","@id":"https:\/\/www.helasverige.se\/gavleborg\/exempelsida\/var-verksamhet\/30-ars-jubileum-2025\/#breadcrumb","itemListElement":[{"@type":"ListItem","position":1,"name":"Home","item":"https:\/\/www.helasverige.se\/gavleborg\/"},{"@type":"ListItem","position":2,"name":"Hela Sverige X-ing G\u00e4vleborg","item":"https:\/\/www.helasverige.se\/gavleborg\/"},{"@type":"ListItem","position":3,"name":"V\u00e5r verksamhet","item":"https:\/\/www.helasverige.se\/gavleborg\/exempelsida\/var-verksamhet\/"},{"@type":"ListItem","position":4,"name":"30 \u00e5rs jubileum 2025"}]},{"@type":"WebSite","@id":"https:\/\/www.helasverige.se\/gavleborg\/#website","url":"https:\/\/www.helasverige.se\/gavleborg\/","name":"","description":"\u00c4nnu en webbplats hos Hela Sverige ska leva","potentialAction":[{"@type":"SearchAction","target":{"@type":"EntryPoint","urlTemplate":"https:\/\/www.helasverige.se\/gavleborg\/?s={search_term_string}"},"query-input":{"@type":"PropertyValueSpecification","valueRequired":true,"valueName":"search_term_string"}}],"inLanguage":"sv-SE"}]}},"_links":{"self":[{"href":"https:\/\/www.helasverige.se\/gavleborg\/wp-json\/wp\/v2\/pages\/4664","targetHints":{"allow":["GET"]}}],"collection":[{"href":"https:\/\/www.helasverige.se\/gavleborg\/wp-json\/wp\/v2\/pages"}],"about":[{"href":"https:\/\/www.helasverige.se\/gavleborg\/wp-json\/wp\/v2\/types\/page"}],"author":[{"embeddable":true,"href":"https:\/\/www.helasverige.se\/gavleborg\/wp-json\/wp\/v2\/users\/48"}],"replies":[{"embeddable":true,"href":"https:\/\/www.helasverige.se\/gavleborg\/wp-json\/wp\/v2\/comments?post=4664"}],"version-history":[{"count":23,"href":"https:\/\/www.helasverige.se\/gavleborg\/wp-json\/wp\/v2\/pages\/4664\/revisions"}],"predecessor-version":[{"id":4751,"href":"https:\/\/www.helasverige.se\/gavleborg\/wp-json\/wp\/v2\/pages\/4664\/revisions\/4751"}],"up":[{"embeddable":true,"href":"https:\/\/www.helasverige.se\/gavleborg\/wp-json\/wp\/v2\/pages\/20"}],"wp:featuredmedia":[{"embeddable":true,"href":"https:\/\/www.helasverige.se\/gavleborg\/wp-json\/wp\/v2\/media\/4811"}],"wp:attachment":[{"href":"https:\/\/www.helasverige.se\/gavleborg\/wp-json\/wp\/v2\/media?parent=4664"}],"curies":[{"name":"wp","href":"https:\/\/api.w.org\/{rel}","templated":true}]}}