{"id":18,"date":"2021-10-29T11:20:54","date_gmt":"2021-10-29T09:20:54","guid":{"rendered":"https:\/\/www.helasverige.se\/jonkoping\/?page_id=18"},"modified":"2022-11-16T13:26:53","modified_gmt":"2022-11-16T12:26:53","slug":"var-verksamhet","status":"publish","type":"page","link":"https:\/\/www.helasverige.se\/jonkoping\/var-verksamhet\/","title":{"rendered":"V\u00e5r verksamhet"},"content":{"rendered":"<h1>L\u00e4s mer om vilka vi \u00e4r och vad vi g\u00f6r!<\/h1>\n<p>V\u00e4lkommen till L\u00e4nsbygder\u00e5det J\u00f6nk\u00f6pings l\u00e4n! L\u00e4nsbygder\u00e5det i J\u00f6nk\u00f6pings l\u00e4n \u00e4r den Regionala delen av riksorganisationen\u00a0Hela Sverige ska leva. Hela Sverige ska leva \u00e4r en intresseorganisation som arbetar f\u00f6r att v\u00e4cka opinion i fr\u00e5gor som r\u00f6r den svenska landsbygden i allm\u00e4nhet och Sverige som helhet.<\/p>\n","protected":false},"excerpt":{"rendered":"<p>L\u00e4s mer om vilka vi \u00e4r och vad vi g\u00f6r! V\u00e4lkommen till L\u00e4nsbygder\u00e5det J\u00f6nk\u00f6pings l\u00e4n! L\u00e4nsbygder\u00e5det i J\u00f6nk\u00f6pings l\u00e4n \u00e4r den Regionala delen av riksorganisationen\u00a0Hela Sverige ska leva. Hela Sverige ska leva \u00e4r en intresseorganisation som arbetar f\u00f6r att v\u00e4cka opinion i fr\u00e5gor som r\u00f6r den svenska landsbygden i allm\u00e4nhet och Sverige som helhet.<\/p>\n","protected":false},"author":1,"featured_media":396,"parent":0,"menu_order":0,"comment_status":"closed","ping_status":"closed","template":"tpl-lansavdelning.php","meta":{"_acf_changed":false,"footnotes":""},"class_list":["post-18","page","type-page","status-publish","has-post-thumbnail","hentry"],"acf":[],"yoast_head":"<!-- This site is optimized with the Yoast SEO Premium plugin v27.4 (Yoast SEO v27.6) - https:\/\/yoast.com\/product\/yoast-seo-premium-wordpress\/ -->\n<title>J\u00f6nk\u00f6ping - V\u00e5r verksamhet -<\/title>\n<meta name=\"robots\" content=\"index, follow, max-snippet:-1, max-image-preview:large, max-video-preview:-1\" \/>\n<link rel=\"canonical\" href=\"https:\/\/www.helasverige.se\/jonkoping\/var-verksamhet\/\" \/>\n<meta property=\"og:locale\" content=\"sv_SE\" \/>\n<meta property=\"og:type\" content=\"article\" \/>\n<meta property=\"og:title\" content=\"J\u00f6nk\u00f6ping - V\u00e5r verksamhet\" \/>\n<meta property=\"og:description\" content=\"L\u00e4s mer om vilka vi \u00e4r och vad vi g\u00f6r! V\u00e4lkommen till L\u00e4nsbygder\u00e5det J\u00f6nk\u00f6pings l\u00e4n! L\u00e4nsbygder\u00e5det i J\u00f6nk\u00f6pings l\u00e4n \u00e4r den Regionala delen av riksorganisationen\u00a0Hela Sverige ska leva. Hela Sverige ska leva \u00e4r en intresseorganisation som arbetar f\u00f6r att v\u00e4cka opinion i fr\u00e5gor som r\u00f6r den svenska landsbygden i allm\u00e4nhet och Sverige som helhet.\" \/>\n<meta property=\"og:url\" content=\"https:\/\/www.helasverige.se\/jonkoping\/var-verksamhet\/\" \/>\n<meta property=\"article:modified_time\" content=\"2022-11-16T12:26:53+00:00\" \/>\n<meta property=\"og:image\" content=\"https:\/\/www.helasverige.se\/jonkoping\/wp-content\/uploads\/sites\/13\/2021\/11\/marguerite-g56fd84f1c_1920.jpg\" \/>\n\t<meta property=\"og:image:width\" content=\"1920\" \/>\n\t<meta property=\"og:image:height\" content=\"1280\" \/>\n\t<meta property=\"og:image:type\" content=\"image\/jpeg\" \/>\n<meta name=\"twitter:card\" content=\"summary_large_image\" \/>\n<meta name=\"twitter:label1\" content=\"Ber\u00e4knad l\u00e4stid\" \/>\n\t<meta name=\"twitter:data1\" content=\"1 minut\" \/>\n<script type=\"application\/ld+json\" class=\"yoast-schema-graph\">{\"@context\":\"https:\\\/\\\/schema.org\",\"@graph\":[{\"@type\":\"WebPage\",\"@id\":\"https:\\\/\\\/www.helasverige.se\\\/jonkoping\\\/var-verksamhet\\\/\",\"url\":\"https:\\\/\\\/www.helasverige.se\\\/jonkoping\\\/var-verksamhet\\\/\",\"name\":\"J\u00f6nk\u00f6ping - V\u00e5r verksamhet -\",\"isPartOf\":{\"@id\":\"https:\\\/\\\/www.helasverige.se\\\/jonkoping\\\/#website\"},\"primaryImageOfPage\":{\"@id\":\"https:\\\/\\\/www.helasverige.se\\\/jonkoping\\\/var-verksamhet\\\/#primaryimage\"},\"image\":{\"@id\":\"https:\\\/\\\/www.helasverige.se\\\/jonkoping\\\/var-verksamhet\\\/#primaryimage\"},\"thumbnailUrl\":\"https:\\\/\\\/www.helasverige.se\\\/jonkoping\\\/wp-content\\\/uploads\\\/sites\\\/13\\\/2021\\\/11\\\/marguerite-g56fd84f1c_1920.jpg\",\"datePublished\":\"2021-10-29T09:20:54+00:00\",\"dateModified\":\"2022-11-16T12:26:53+00:00\",\"breadcrumb\":{\"@id\":\"https:\\\/\\\/www.helasverige.se\\\/jonkoping\\\/var-verksamhet\\\/#breadcrumb\"},\"inLanguage\":\"sv-SE\",\"potentialAction\":[{\"@type\":\"ReadAction\",\"target\":[\"https:\\\/\\\/www.helasverige.se\\\/jonkoping\\\/var-verksamhet\\\/\"]}]},{\"@type\":\"ImageObject\",\"inLanguage\":\"sv-SE\",\"@id\":\"https:\\\/\\\/www.helasverige.se\\\/jonkoping\\\/var-verksamhet\\\/#primaryimage\",\"url\":\"https:\\\/\\\/www.helasverige.se\\\/jonkoping\\\/wp-content\\\/uploads\\\/sites\\\/13\\\/2021\\\/11\\\/marguerite-g56fd84f1c_1920.jpg\",\"contentUrl\":\"https:\\\/\\\/www.helasverige.se\\\/jonkoping\\\/wp-content\\\/uploads\\\/sites\\\/13\\\/2021\\\/11\\\/marguerite-g56fd84f1c_1920.jpg\",\"width\":1920,\"height\":1280},{\"@type\":\"BreadcrumbList\",\"@id\":\"https:\\\/\\\/www.helasverige.se\\\/jonkoping\\\/var-verksamhet\\\/#breadcrumb\",\"itemListElement\":[{\"@type\":\"ListItem\",\"position\":1,\"name\":\"Home\",\"item\":\"https:\\\/\\\/www.helasverige.se\\\/jonkoping\\\/\"},{\"@type\":\"ListItem\",\"position\":2,\"name\":\"V\u00e5r verksamhet\"}]},{\"@type\":\"WebSite\",\"@id\":\"https:\\\/\\\/www.helasverige.se\\\/jonkoping\\\/#website\",\"url\":\"https:\\\/\\\/www.helasverige.se\\\/jonkoping\\\/\",\"name\":\"\",\"description\":\"\u00c4nnu en webbplats hos Hela Sverige ska leva\",\"potentialAction\":[{\"@type\":\"SearchAction\",\"target\":{\"@type\":\"EntryPoint\",\"urlTemplate\":\"https:\\\/\\\/www.helasverige.se\\\/jonkoping\\\/?s={search_term_string}\"},\"query-input\":{\"@type\":\"PropertyValueSpecification\",\"valueRequired\":true,\"valueName\":\"search_term_string\"}}],\"inLanguage\":\"sv-SE\"}]}<\/script>\n<!-- \/ Yoast SEO Premium plugin. -->","yoast_head_json":{"title":"J\u00f6nk\u00f6ping - V\u00e5r verksamhet -","robots":{"index":"index","follow":"follow","max-snippet":"max-snippet:-1","max-image-preview":"max-image-preview:large","max-video-preview":"max-video-preview:-1"},"canonical":"https:\/\/www.helasverige.se\/jonkoping\/var-verksamhet\/","og_locale":"sv_SE","og_type":"article","og_title":"J\u00f6nk\u00f6ping - V\u00e5r verksamhet","og_description":"L\u00e4s mer om vilka vi \u00e4r och vad vi g\u00f6r! V\u00e4lkommen till L\u00e4nsbygder\u00e5det J\u00f6nk\u00f6pings l\u00e4n! L\u00e4nsbygder\u00e5det i J\u00f6nk\u00f6pings l\u00e4n \u00e4r den Regionala delen av riksorganisationen\u00a0Hela Sverige ska leva. Hela Sverige ska leva \u00e4r en intresseorganisation som arbetar f\u00f6r att v\u00e4cka opinion i fr\u00e5gor som r\u00f6r den svenska landsbygden i allm\u00e4nhet och Sverige som helhet.","og_url":"https:\/\/www.helasverige.se\/jonkoping\/var-verksamhet\/","article_modified_time":"2022-11-16T12:26:53+00:00","og_image":[{"width":1920,"height":1280,"url":"https:\/\/www.helasverige.se\/jonkoping\/wp-content\/uploads\/sites\/13\/2021\/11\/marguerite-g56fd84f1c_1920.jpg","type":"image\/jpeg"}],"twitter_card":"summary_large_image","twitter_misc":{"Ber\u00e4knad l\u00e4stid":"1 minut"},"schema":{"@context":"https:\/\/schema.org","@graph":[{"@type":"WebPage","@id":"https:\/\/www.helasverige.se\/jonkoping\/var-verksamhet\/","url":"https:\/\/www.helasverige.se\/jonkoping\/var-verksamhet\/","name":"J\u00f6nk\u00f6ping - V\u00e5r verksamhet -","isPartOf":{"@id":"https:\/\/www.helasverige.se\/jonkoping\/#website"},"primaryImageOfPage":{"@id":"https:\/\/www.helasverige.se\/jonkoping\/var-verksamhet\/#primaryimage"},"image":{"@id":"https:\/\/www.helasverige.se\/jonkoping\/var-verksamhet\/#primaryimage"},"thumbnailUrl":"https:\/\/www.helasverige.se\/jonkoping\/wp-content\/uploads\/sites\/13\/2021\/11\/marguerite-g56fd84f1c_1920.jpg","datePublished":"2021-10-29T09:20:54+00:00","dateModified":"2022-11-16T12:26:53+00:00","breadcrumb":{"@id":"https:\/\/www.helasverige.se\/jonkoping\/var-verksamhet\/#breadcrumb"},"inLanguage":"sv-SE","potentialAction":[{"@type":"ReadAction","target":["https:\/\/www.helasverige.se\/jonkoping\/var-verksamhet\/"]}]},{"@type":"ImageObject","inLanguage":"sv-SE","@id":"https:\/\/www.helasverige.se\/jonkoping\/var-verksamhet\/#primaryimage","url":"https:\/\/www.helasverige.se\/jonkoping\/wp-content\/uploads\/sites\/13\/2021\/11\/marguerite-g56fd84f1c_1920.jpg","contentUrl":"https:\/\/www.helasverige.se\/jonkoping\/wp-content\/uploads\/sites\/13\/2021\/11\/marguerite-g56fd84f1c_1920.jpg","width":1920,"height":1280},{"@type":"BreadcrumbList","@id":"https:\/\/www.helasverige.se\/jonkoping\/var-verksamhet\/#breadcrumb","itemListElement":[{"@type":"ListItem","position":1,"name":"Home","item":"https:\/\/www.helasverige.se\/jonkoping\/"},{"@type":"ListItem","position":2,"name":"V\u00e5r verksamhet"}]},{"@type":"WebSite","@id":"https:\/\/www.helasverige.se\/jonkoping\/#website","url":"https:\/\/www.helasverige.se\/jonkoping\/","name":"","description":"\u00c4nnu en webbplats hos Hela Sverige ska leva","potentialAction":[{"@type":"SearchAction","target":{"@type":"EntryPoint","urlTemplate":"https:\/\/www.helasverige.se\/jonkoping\/?s={search_term_string}"},"query-input":{"@type":"PropertyValueSpecification","valueRequired":true,"valueName":"search_term_string"}}],"inLanguage":"sv-SE"}]}},"_links":{"self":[{"href":"https:\/\/www.helasverige.se\/jonkoping\/wp-json\/wp\/v2\/pages\/18","targetHints":{"allow":["GET"]}}],"collection":[{"href":"https:\/\/www.helasverige.se\/jonkoping\/wp-json\/wp\/v2\/pages"}],"about":[{"href":"https:\/\/www.helasverige.se\/jonkoping\/wp-json\/wp\/v2\/types\/page"}],"author":[{"embeddable":true,"href":"https:\/\/www.helasverige.se\/jonkoping\/wp-json\/wp\/v2\/users\/1"}],"replies":[{"embeddable":true,"href":"https:\/\/www.helasverige.se\/jonkoping\/wp-json\/wp\/v2\/comments?post=18"}],"version-history":[{"count":5,"href":"https:\/\/www.helasverige.se\/jonkoping\/wp-json\/wp\/v2\/pages\/18\/revisions"}],"predecessor-version":[{"id":505,"href":"https:\/\/www.helasverige.se\/jonkoping\/wp-json\/wp\/v2\/pages\/18\/revisions\/505"}],"wp:featuredmedia":[{"embeddable":true,"href":"https:\/\/www.helasverige.se\/jonkoping\/wp-json\/wp\/v2\/media\/396"}],"wp:attachment":[{"href":"https:\/\/www.helasverige.se\/jonkoping\/wp-json\/wp\/v2\/media?parent=18"}],"curies":[{"name":"wp","href":"https:\/\/api.w.org\/{rel}","templated":true}]}}