{"id":30,"date":"2021-10-29T11:22:27","date_gmt":"2021-10-29T09:22:27","guid":{"rendered":"https:\/\/www.helasverige.se\/orebro\/?page_id=30"},"modified":"2026-04-10T20:21:21","modified_gmt":"2026-04-10T18:21:21","slug":"viktiga-dokument","status":"publish","type":"page","link":"https:\/\/www.helasverige.se\/orebrolan\/om-oss\/viktiga-dokument\/","title":{"rendered":"Viktiga dokument"},"content":{"rendered":"<h2>Stadgar<\/h2>\n<p>V\u00e5ra stadgar (addera l\u00e4nk)<\/p>\n<h2>Riktlinjer<\/h2>\n<p>Alkoholpolicy (addera l\u00e4nk)<br \/>\nAntikorruptionspolicy (addera l\u00e4nk)<br \/>\nJ\u00e4mst\u00e4lldhetsstrategi (addera l\u00e4nk)<br \/>\nDataskyddspolicy (addera l\u00e4nk)<\/p>\n<h2>Protokoll<\/h2>\n<p>Protkoll XX-XX-XX (addera l\u00e4nk)<\/p>\n<h2>\u00c5rsm\u00f6teshandlingar<\/h2>\n<p>\u00c5rsm\u00f6teshandlingar 2021 (addera l\u00e4nk)<br \/>\n\u00c5rsm\u00f6teshandlingar 2020 (addera l\u00e4nk)<br \/>\n\u00c5rsm\u00f6teshandlingar 2019 (addera l\u00e4nk)<\/p>\n","protected":false},"excerpt":{"rendered":"<p>Stadgar V\u00e5ra stadgar (addera l\u00e4nk) Riktlinjer Alkoholpolicy (addera l\u00e4nk) Antikorruptionspolicy (addera l\u00e4nk) J\u00e4mst\u00e4lldhetsstrategi (addera l\u00e4nk) Dataskyddspolicy (addera l\u00e4nk) Protokoll Protkoll XX-XX-XX (addera l\u00e4nk) \u00c5rsm\u00f6teshandlingar \u00c5rsm\u00f6teshandlingar 2021 (addera l\u00e4nk) \u00c5rsm\u00f6teshandlingar 2020 (addera l\u00e4nk) \u00c5rsm\u00f6teshandlingar 2019 (addera l\u00e4nk)<\/p>\n","protected":false},"author":1,"featured_media":1228,"parent":603,"menu_order":4,"comment_status":"closed","ping_status":"closed","template":"tpl-lansavdelning-artikel.php","meta":{"_acf_changed":false,"footnotes":""},"class_list":["post-30","page","type-page","status-publish","has-post-thumbnail","hentry"],"acf":[],"yoast_head":"<!-- This site is optimized with the Yoast SEO Premium plugin v27.4 (Yoast SEO v27.6) - https:\/\/yoast.com\/product\/yoast-seo-premium-wordpress\/ -->\n<title>\u00d6rebrol\u00e4n - Viktiga dokument -<\/title>\n<meta name=\"robots\" content=\"index, follow, max-snippet:-1, max-image-preview:large, max-video-preview:-1\" \/>\n<link rel=\"canonical\" href=\"https:\/\/www.helasverige.se\/orebrolan\/om-oss\/viktiga-dokument\/\" \/>\n<meta property=\"og:locale\" content=\"sv_SE\" \/>\n<meta property=\"og:type\" content=\"article\" \/>\n<meta property=\"og:title\" content=\"\u00d6rebrol\u00e4n - Viktiga dokument\" \/>\n<meta property=\"og:description\" content=\"Stadgar V\u00e5ra stadgar (addera l\u00e4nk) Riktlinjer Alkoholpolicy (addera l\u00e4nk) Antikorruptionspolicy (addera l\u00e4nk) J\u00e4mst\u00e4lldhetsstrategi (addera l\u00e4nk) Dataskyddspolicy (addera l\u00e4nk) Protokoll Protkoll XX-XX-XX (addera l\u00e4nk) \u00c5rsm\u00f6teshandlingar \u00c5rsm\u00f6teshandlingar 2021 (addera l\u00e4nk) \u00c5rsm\u00f6teshandlingar 2020 (addera l\u00e4nk) \u00c5rsm\u00f6teshandlingar 2019 (addera l\u00e4nk)\" \/>\n<meta property=\"og:url\" content=\"https:\/\/www.helasverige.se\/orebrolan\/om-oss\/viktiga-dokument\/\" \/>\n<meta property=\"article:modified_time\" content=\"2026-04-10T18:21:21+00:00\" \/>\n<meta property=\"og:image\" content=\"https:\/\/www.helasverige.se\/orebrolan\/wp-content\/uploads\/sites\/25\/2021\/12\/Viktiga-Dokument-e1640794581111.png\" \/>\n\t<meta property=\"og:image:width\" content=\"2084\" \/>\n\t<meta property=\"og:image:height\" content=\"734\" \/>\n\t<meta property=\"og:image:type\" content=\"image\/png\" \/>\n<meta name=\"twitter:card\" content=\"summary_large_image\" \/>\n<meta name=\"twitter:label1\" content=\"Ber\u00e4knad l\u00e4stid\" \/>\n\t<meta name=\"twitter:data1\" content=\"1 minut\" \/>\n<script type=\"application\/ld+json\" class=\"yoast-schema-graph\">{\"@context\":\"https:\\\/\\\/schema.org\",\"@graph\":[{\"@type\":\"WebPage\",\"@id\":\"https:\\\/\\\/www.helasverige.se\\\/orebrolan\\\/om-oss\\\/viktiga-dokument\\\/\",\"url\":\"https:\\\/\\\/www.helasverige.se\\\/orebrolan\\\/om-oss\\\/viktiga-dokument\\\/\",\"name\":\"\u00d6rebrol\u00e4n - Viktiga dokument -\",\"isPartOf\":{\"@id\":\"https:\\\/\\\/www.helasverige.se\\\/orebrolan\\\/#website\"},\"primaryImageOfPage\":{\"@id\":\"https:\\\/\\\/www.helasverige.se\\\/orebrolan\\\/om-oss\\\/viktiga-dokument\\\/#primaryimage\"},\"image\":{\"@id\":\"https:\\\/\\\/www.helasverige.se\\\/orebrolan\\\/om-oss\\\/viktiga-dokument\\\/#primaryimage\"},\"thumbnailUrl\":\"https:\\\/\\\/www.helasverige.se\\\/orebrolan\\\/wp-content\\\/uploads\\\/sites\\\/25\\\/2021\\\/12\\\/Viktiga-Dokument-e1640794581111.png\",\"datePublished\":\"2021-10-29T09:22:27+00:00\",\"dateModified\":\"2026-04-10T18:21:21+00:00\",\"breadcrumb\":{\"@id\":\"https:\\\/\\\/www.helasverige.se\\\/orebrolan\\\/om-oss\\\/viktiga-dokument\\\/#breadcrumb\"},\"inLanguage\":\"sv-SE\",\"potentialAction\":[{\"@type\":\"ReadAction\",\"target\":[\"https:\\\/\\\/www.helasverige.se\\\/orebrolan\\\/om-oss\\\/viktiga-dokument\\\/\"]}]},{\"@type\":\"ImageObject\",\"inLanguage\":\"sv-SE\",\"@id\":\"https:\\\/\\\/www.helasverige.se\\\/orebrolan\\\/om-oss\\\/viktiga-dokument\\\/#primaryimage\",\"url\":\"https:\\\/\\\/www.helasverige.se\\\/orebrolan\\\/wp-content\\\/uploads\\\/sites\\\/25\\\/2021\\\/12\\\/Viktiga-Dokument-e1640794581111.png\",\"contentUrl\":\"https:\\\/\\\/www.helasverige.se\\\/orebrolan\\\/wp-content\\\/uploads\\\/sites\\\/25\\\/2021\\\/12\\\/Viktiga-Dokument-e1640794581111.png\",\"width\":2084,\"height\":734},{\"@type\":\"BreadcrumbList\",\"@id\":\"https:\\\/\\\/www.helasverige.se\\\/orebrolan\\\/om-oss\\\/viktiga-dokument\\\/#breadcrumb\",\"itemListElement\":[{\"@type\":\"ListItem\",\"position\":1,\"name\":\"Home\",\"item\":\"https:\\\/\\\/www.helasverige.se\\\/orebrolan\\\/\"},{\"@type\":\"ListItem\",\"position\":2,\"name\":\"Om oss\",\"item\":\"https:\\\/\\\/www.helasverige.se\\\/orebrolan\\\/om-oss\\\/\"},{\"@type\":\"ListItem\",\"position\":3,\"name\":\"Viktiga dokument\"}]},{\"@type\":\"WebSite\",\"@id\":\"https:\\\/\\\/www.helasverige.se\\\/orebrolan\\\/#website\",\"url\":\"https:\\\/\\\/www.helasverige.se\\\/orebrolan\\\/\",\"name\":\"\",\"description\":\"\u00c4nnu en webbplats hos Hela Sverige ska leva\",\"potentialAction\":[{\"@type\":\"SearchAction\",\"target\":{\"@type\":\"EntryPoint\",\"urlTemplate\":\"https:\\\/\\\/www.helasverige.se\\\/orebrolan\\\/?s={search_term_string}\"},\"query-input\":{\"@type\":\"PropertyValueSpecification\",\"valueRequired\":true,\"valueName\":\"search_term_string\"}}],\"inLanguage\":\"sv-SE\"}]}<\/script>\n<!-- \/ Yoast SEO Premium plugin. -->","yoast_head_json":{"title":"\u00d6rebrol\u00e4n - Viktiga dokument -","robots":{"index":"index","follow":"follow","max-snippet":"max-snippet:-1","max-image-preview":"max-image-preview:large","max-video-preview":"max-video-preview:-1"},"canonical":"https:\/\/www.helasverige.se\/orebrolan\/om-oss\/viktiga-dokument\/","og_locale":"sv_SE","og_type":"article","og_title":"\u00d6rebrol\u00e4n - Viktiga dokument","og_description":"Stadgar V\u00e5ra stadgar (addera l\u00e4nk) Riktlinjer Alkoholpolicy (addera l\u00e4nk) Antikorruptionspolicy (addera l\u00e4nk) J\u00e4mst\u00e4lldhetsstrategi (addera l\u00e4nk) Dataskyddspolicy (addera l\u00e4nk) Protokoll Protkoll XX-XX-XX (addera l\u00e4nk) \u00c5rsm\u00f6teshandlingar \u00c5rsm\u00f6teshandlingar 2021 (addera l\u00e4nk) \u00c5rsm\u00f6teshandlingar 2020 (addera l\u00e4nk) \u00c5rsm\u00f6teshandlingar 2019 (addera l\u00e4nk)","og_url":"https:\/\/www.helasverige.se\/orebrolan\/om-oss\/viktiga-dokument\/","article_modified_time":"2026-04-10T18:21:21+00:00","og_image":[{"width":2084,"height":734,"url":"https:\/\/www.helasverige.se\/orebrolan\/wp-content\/uploads\/sites\/25\/2021\/12\/Viktiga-Dokument-e1640794581111.png","type":"image\/png"}],"twitter_card":"summary_large_image","twitter_misc":{"Ber\u00e4knad l\u00e4stid":"1 minut"},"schema":{"@context":"https:\/\/schema.org","@graph":[{"@type":"WebPage","@id":"https:\/\/www.helasverige.se\/orebrolan\/om-oss\/viktiga-dokument\/","url":"https:\/\/www.helasverige.se\/orebrolan\/om-oss\/viktiga-dokument\/","name":"\u00d6rebrol\u00e4n - Viktiga dokument -","isPartOf":{"@id":"https:\/\/www.helasverige.se\/orebrolan\/#website"},"primaryImageOfPage":{"@id":"https:\/\/www.helasverige.se\/orebrolan\/om-oss\/viktiga-dokument\/#primaryimage"},"image":{"@id":"https:\/\/www.helasverige.se\/orebrolan\/om-oss\/viktiga-dokument\/#primaryimage"},"thumbnailUrl":"https:\/\/www.helasverige.se\/orebrolan\/wp-content\/uploads\/sites\/25\/2021\/12\/Viktiga-Dokument-e1640794581111.png","datePublished":"2021-10-29T09:22:27+00:00","dateModified":"2026-04-10T18:21:21+00:00","breadcrumb":{"@id":"https:\/\/www.helasverige.se\/orebrolan\/om-oss\/viktiga-dokument\/#breadcrumb"},"inLanguage":"sv-SE","potentialAction":[{"@type":"ReadAction","target":["https:\/\/www.helasverige.se\/orebrolan\/om-oss\/viktiga-dokument\/"]}]},{"@type":"ImageObject","inLanguage":"sv-SE","@id":"https:\/\/www.helasverige.se\/orebrolan\/om-oss\/viktiga-dokument\/#primaryimage","url":"https:\/\/www.helasverige.se\/orebrolan\/wp-content\/uploads\/sites\/25\/2021\/12\/Viktiga-Dokument-e1640794581111.png","contentUrl":"https:\/\/www.helasverige.se\/orebrolan\/wp-content\/uploads\/sites\/25\/2021\/12\/Viktiga-Dokument-e1640794581111.png","width":2084,"height":734},{"@type":"BreadcrumbList","@id":"https:\/\/www.helasverige.se\/orebrolan\/om-oss\/viktiga-dokument\/#breadcrumb","itemListElement":[{"@type":"ListItem","position":1,"name":"Home","item":"https:\/\/www.helasverige.se\/orebrolan\/"},{"@type":"ListItem","position":2,"name":"Om oss","item":"https:\/\/www.helasverige.se\/orebrolan\/om-oss\/"},{"@type":"ListItem","position":3,"name":"Viktiga dokument"}]},{"@type":"WebSite","@id":"https:\/\/www.helasverige.se\/orebrolan\/#website","url":"https:\/\/www.helasverige.se\/orebrolan\/","name":"","description":"\u00c4nnu en webbplats hos Hela Sverige ska leva","potentialAction":[{"@type":"SearchAction","target":{"@type":"EntryPoint","urlTemplate":"https:\/\/www.helasverige.se\/orebrolan\/?s={search_term_string}"},"query-input":{"@type":"PropertyValueSpecification","valueRequired":true,"valueName":"search_term_string"}}],"inLanguage":"sv-SE"}]}},"_links":{"self":[{"href":"https:\/\/www.helasverige.se\/orebrolan\/wp-json\/wp\/v2\/pages\/30","targetHints":{"allow":["GET"]}}],"collection":[{"href":"https:\/\/www.helasverige.se\/orebrolan\/wp-json\/wp\/v2\/pages"}],"about":[{"href":"https:\/\/www.helasverige.se\/orebrolan\/wp-json\/wp\/v2\/types\/page"}],"author":[{"embeddable":true,"href":"https:\/\/www.helasverige.se\/orebrolan\/wp-json\/wp\/v2\/users\/1"}],"replies":[{"embeddable":true,"href":"https:\/\/www.helasverige.se\/orebrolan\/wp-json\/wp\/v2\/comments?post=30"}],"version-history":[{"count":23,"href":"https:\/\/www.helasverige.se\/orebrolan\/wp-json\/wp\/v2\/pages\/30\/revisions"}],"predecessor-version":[{"id":1970,"href":"https:\/\/www.helasverige.se\/orebrolan\/wp-json\/wp\/v2\/pages\/30\/revisions\/1970"}],"up":[{"embeddable":true,"href":"https:\/\/www.helasverige.se\/orebrolan\/wp-json\/wp\/v2\/pages\/603"}],"wp:featuredmedia":[{"embeddable":true,"href":"https:\/\/www.helasverige.se\/orebrolan\/wp-json\/wp\/v2\/media\/1228"}],"wp:attachment":[{"href":"https:\/\/www.helasverige.se\/orebrolan\/wp-json\/wp\/v2\/media?parent=30"}],"curies":[{"name":"wp","href":"https:\/\/api.w.org\/{rel}","templated":true}]}}