{"id":18,"date":"2021-10-29T11:20:54","date_gmt":"2021-10-29T09:20:54","guid":{"rendered":"https:\/\/www.helasverige.se\/uppsala\/?page_id=18"},"modified":"2021-12-08T19:40:09","modified_gmt":"2021-12-08T18:40:09","slug":"https-helasverige-se-uppsala-laen-kampanjer-om-oss-var-verksamhet","status":"publish","type":"page","link":"https:\/\/www.helasverige.se\/uppsala\/https-helasverige-se-uppsala-laen-kampanjer-om-oss-var-verksamhet\/","title":{"rendered":"V\u00e5r verksamhet"},"content":{"rendered":"<h1>Uppsala l\u00e4n<\/h1>\n<div id=\"c368\" class=\"frame frame-default frame-type-text frame-layout-0\">\n<p>HELA SVERIGE SKA LEVA &#8211; UPPSALA L\u00c4N<\/p>\n<p>Hela Sverige Ska Leva &#8211; Uppsala l\u00e4n \u00e4r en partipolitisk och religi\u00f6st obunden, ideell f\u00f6rening som \u00e4r knuten till rikets organisation l Hela Sverige Ska Leva. F\u00f6reningen har sitt s\u00e4te i Uppsala.<\/p>\n<p><strong>V\u00e5r v\u00e4rdegrund.<\/strong><\/p>\n<p>V\u00e5r v\u00e4rdegrund bygger p\u00e5 kriterierna &#8221;demokrati&#8221;, &#8221;m\u00e5ngfald&#8221;, &#8221;h\u00e5llbarhet&#8221; och &#8221;j\u00e4mst\u00e4lldhet&#8221;. Dessa horisontella kriterier finns med i allt det arbete vi g\u00f6r och de projekt vi driver.<\/p>\n<p><strong>V\u00e5rt syfte,<\/strong><\/p>\n<p>V\u00e5rt syfte \u00e4r att st\u00e4rka lokala utvecklingsgrupper \u00a0och andra medlemmar med lokal utveckling till uppgift. Verksamheterna ska ge en demokratisk, ekonomisk, social och milj\u00f6m\u00e4ssigt h\u00e5llbar utveckling i hela l\u00e4net. Det g\u00f6r vi genom att skapa n\u00e4tverk initiera till projekt och vid behov starta utbildningsinsatser. Vi utg\u00e5 fr\u00e5n de behoven som finns hos de lokala utvecklingsgrupperna och andra medlemmar i deras arbete f\u00f6r en levande landsbygd.<\/p>\n<p><strong>V\u00e5rt arbete.<\/strong><\/p>\n<p>Vi arbetar ur ett lokalt perspektiv genom att st\u00e4rka samverkan mellan lokala utvecklingsgrupper \u00a0, medlemsorganisationer och andra f\u00f6reningar samt myndigheter, organisationer och \u00f6vriga intressenter.<\/p>\n<p>Vi jobbar lokalt, regionalt, nationellt\u00a0och internationellt\u00a0f\u00f6r att stimulera erfarenhet, sprida god exempel, bilda opinion och p\u00e5verka politiker.<\/p>\n<\/div>\n<div id=\"c376\" class=\"frame frame-default frame-type-text frame-layout-0\">\n<h2>KANSLI<\/h2>\n<p><strong>Hela Sverige ska leva &#8211; Uppsala l\u00e4n<\/strong><\/p>\n<p>\u00d6sterbyn Kr\u00e5kbo 133<\/p>\n<p>742 97 Gr\u00e4s\u00f6<\/p>\n<p>E-post: uppsal@helasverige.se<\/p>\n<p>Mobil 070 5970703<\/p>\n<p>Organisationsnr: 802430-0728<\/p>\n<\/div>\n","protected":false},"excerpt":{"rendered":"<p>Uppsala l\u00e4n HELA SVERIGE SKA LEVA &#8211; UPPSALA L\u00c4N Hela Sverige Ska Leva &#8211; Uppsala l\u00e4n \u00e4r en partipolitisk och religi\u00f6st obunden, ideell f\u00f6rening som \u00e4r knuten till rikets organisation l Hela Sverige Ska Leva. F\u00f6reningen har sitt s\u00e4te i Uppsala. V\u00e5r v\u00e4rdegrund. V\u00e5r v\u00e4rdegrund bygger p\u00e5 kriterierna &#8221;demokrati&#8221;, &#8221;m\u00e5ngfald&#8221;, &#8221;h\u00e5llbarhet&#8221; och &#8221;j\u00e4mst\u00e4lldhet&#8221;. Dessa horisontella [&hellip;]<\/p>\n","protected":false},"author":1,"featured_media":411,"parent":0,"menu_order":0,"comment_status":"closed","ping_status":"closed","template":"tpl-lansavdelning.php","meta":{"_acf_changed":false,"footnotes":""},"class_list":["post-18","page","type-page","status-publish","has-post-thumbnail","hentry"],"acf":[],"yoast_head":"<!-- This site is optimized with the Yoast SEO Premium plugin v27.4 (Yoast SEO v27.6) - https:\/\/yoast.com\/product\/yoast-seo-premium-wordpress\/ -->\n<title>Uppsala - V\u00e5r verksamhet -<\/title>\n<meta name=\"robots\" content=\"index, follow, max-snippet:-1, max-image-preview:large, max-video-preview:-1\" \/>\n<link rel=\"canonical\" href=\"https:\/\/www.helasverige.se\/uppsala\/https-helasverige-se-uppsala-laen-kampanjer-om-oss-var-verksamhet\/\" \/>\n<meta property=\"og:locale\" content=\"sv_SE\" \/>\n<meta property=\"og:type\" content=\"article\" \/>\n<meta property=\"og:title\" content=\"Uppsala - V\u00e5r verksamhet\" \/>\n<meta property=\"og:description\" content=\"Uppsala l\u00e4n HELA SVERIGE SKA LEVA &#8211; UPPSALA L\u00c4N Hela Sverige Ska Leva &#8211; Uppsala l\u00e4n \u00e4r en partipolitisk och religi\u00f6st obunden, ideell f\u00f6rening som \u00e4r knuten till rikets organisation l Hela Sverige Ska Leva. F\u00f6reningen har sitt s\u00e4te i Uppsala. V\u00e5r v\u00e4rdegrund. V\u00e5r v\u00e4rdegrund bygger p\u00e5 kriterierna &#8221;demokrati&#8221;, &#8221;m\u00e5ngfald&#8221;, &#8221;h\u00e5llbarhet&#8221; och &#8221;j\u00e4mst\u00e4lldhet&#8221;. Dessa horisontella [&hellip;]\" \/>\n<meta property=\"og:url\" content=\"https:\/\/www.helasverige.se\/uppsala\/https-helasverige-se-uppsala-laen-kampanjer-om-oss-var-verksamhet\/\" \/>\n<meta property=\"article:modified_time\" content=\"2021-12-08T18:40:09+00:00\" \/>\n<meta property=\"og:image\" content=\"https:\/\/www.helasverige.se\/uppsala\/wp-content\/uploads\/sites\/20\/2021\/11\/Fat.jpg\" \/>\n\t<meta property=\"og:image:width\" content=\"640\" \/>\n\t<meta property=\"og:image:height\" content=\"480\" \/>\n\t<meta property=\"og:image:type\" content=\"image\/jpeg\" \/>\n<meta name=\"twitter:card\" content=\"summary_large_image\" \/>\n<meta name=\"twitter:label1\" content=\"Ber\u00e4knad l\u00e4stid\" \/>\n\t<meta name=\"twitter:data1\" content=\"1 minut\" \/>\n<script type=\"application\/ld+json\" class=\"yoast-schema-graph\">{\"@context\":\"https:\\\/\\\/schema.org\",\"@graph\":[{\"@type\":\"WebPage\",\"@id\":\"https:\\\/\\\/www.helasverige.se\\\/uppsala\\\/https-helasverige-se-uppsala-laen-kampanjer-om-oss-var-verksamhet\\\/\",\"url\":\"https:\\\/\\\/www.helasverige.se\\\/uppsala\\\/https-helasverige-se-uppsala-laen-kampanjer-om-oss-var-verksamhet\\\/\",\"name\":\"Uppsala - V\u00e5r verksamhet -\",\"isPartOf\":{\"@id\":\"https:\\\/\\\/www.helasverige.se\\\/uppsala\\\/#website\"},\"primaryImageOfPage\":{\"@id\":\"https:\\\/\\\/www.helasverige.se\\\/uppsala\\\/https-helasverige-se-uppsala-laen-kampanjer-om-oss-var-verksamhet\\\/#primaryimage\"},\"image\":{\"@id\":\"https:\\\/\\\/www.helasverige.se\\\/uppsala\\\/https-helasverige-se-uppsala-laen-kampanjer-om-oss-var-verksamhet\\\/#primaryimage\"},\"thumbnailUrl\":\"https:\\\/\\\/www.helasverige.se\\\/uppsala\\\/wp-content\\\/uploads\\\/sites\\\/20\\\/2021\\\/11\\\/Fat.jpg\",\"datePublished\":\"2021-10-29T09:20:54+00:00\",\"dateModified\":\"2021-12-08T18:40:09+00:00\",\"breadcrumb\":{\"@id\":\"https:\\\/\\\/www.helasverige.se\\\/uppsala\\\/https-helasverige-se-uppsala-laen-kampanjer-om-oss-var-verksamhet\\\/#breadcrumb\"},\"inLanguage\":\"sv-SE\",\"potentialAction\":[{\"@type\":\"ReadAction\",\"target\":[\"https:\\\/\\\/www.helasverige.se\\\/uppsala\\\/https-helasverige-se-uppsala-laen-kampanjer-om-oss-var-verksamhet\\\/\"]}]},{\"@type\":\"ImageObject\",\"inLanguage\":\"sv-SE\",\"@id\":\"https:\\\/\\\/www.helasverige.se\\\/uppsala\\\/https-helasverige-se-uppsala-laen-kampanjer-om-oss-var-verksamhet\\\/#primaryimage\",\"url\":\"https:\\\/\\\/www.helasverige.se\\\/uppsala\\\/wp-content\\\/uploads\\\/sites\\\/20\\\/2021\\\/11\\\/Fat.jpg\",\"contentUrl\":\"https:\\\/\\\/www.helasverige.se\\\/uppsala\\\/wp-content\\\/uploads\\\/sites\\\/20\\\/2021\\\/11\\\/Fat.jpg\",\"width\":640,\"height\":480},{\"@type\":\"BreadcrumbList\",\"@id\":\"https:\\\/\\\/www.helasverige.se\\\/uppsala\\\/https-helasverige-se-uppsala-laen-kampanjer-om-oss-var-verksamhet\\\/#breadcrumb\",\"itemListElement\":[{\"@type\":\"ListItem\",\"position\":1,\"name\":\"Home\",\"item\":\"https:\\\/\\\/www.helasverige.se\\\/uppsala\\\/\"},{\"@type\":\"ListItem\",\"position\":2,\"name\":\"V\u00e5r verksamhet\"}]},{\"@type\":\"WebSite\",\"@id\":\"https:\\\/\\\/www.helasverige.se\\\/uppsala\\\/#website\",\"url\":\"https:\\\/\\\/www.helasverige.se\\\/uppsala\\\/\",\"name\":\"\",\"description\":\"\u00c4nnu en webbplats hos Hela Sverige ska leva\",\"potentialAction\":[{\"@type\":\"SearchAction\",\"target\":{\"@type\":\"EntryPoint\",\"urlTemplate\":\"https:\\\/\\\/www.helasverige.se\\\/uppsala\\\/?s={search_term_string}\"},\"query-input\":{\"@type\":\"PropertyValueSpecification\",\"valueRequired\":true,\"valueName\":\"search_term_string\"}}],\"inLanguage\":\"sv-SE\"}]}<\/script>\n<!-- \/ Yoast SEO Premium plugin. -->","yoast_head_json":{"title":"Uppsala - V\u00e5r verksamhet -","robots":{"index":"index","follow":"follow","max-snippet":"max-snippet:-1","max-image-preview":"max-image-preview:large","max-video-preview":"max-video-preview:-1"},"canonical":"https:\/\/www.helasverige.se\/uppsala\/https-helasverige-se-uppsala-laen-kampanjer-om-oss-var-verksamhet\/","og_locale":"sv_SE","og_type":"article","og_title":"Uppsala - V\u00e5r verksamhet","og_description":"Uppsala l\u00e4n HELA SVERIGE SKA LEVA &#8211; UPPSALA L\u00c4N Hela Sverige Ska Leva &#8211; Uppsala l\u00e4n \u00e4r en partipolitisk och religi\u00f6st obunden, ideell f\u00f6rening som \u00e4r knuten till rikets organisation l Hela Sverige Ska Leva. F\u00f6reningen har sitt s\u00e4te i Uppsala. V\u00e5r v\u00e4rdegrund. V\u00e5r v\u00e4rdegrund bygger p\u00e5 kriterierna &#8221;demokrati&#8221;, &#8221;m\u00e5ngfald&#8221;, &#8221;h\u00e5llbarhet&#8221; och &#8221;j\u00e4mst\u00e4lldhet&#8221;. Dessa horisontella [&hellip;]","og_url":"https:\/\/www.helasverige.se\/uppsala\/https-helasverige-se-uppsala-laen-kampanjer-om-oss-var-verksamhet\/","article_modified_time":"2021-12-08T18:40:09+00:00","og_image":[{"width":640,"height":480,"url":"https:\/\/www.helasverige.se\/uppsala\/wp-content\/uploads\/sites\/20\/2021\/11\/Fat.jpg","type":"image\/jpeg"}],"twitter_card":"summary_large_image","twitter_misc":{"Ber\u00e4knad l\u00e4stid":"1 minut"},"schema":{"@context":"https:\/\/schema.org","@graph":[{"@type":"WebPage","@id":"https:\/\/www.helasverige.se\/uppsala\/https-helasverige-se-uppsala-laen-kampanjer-om-oss-var-verksamhet\/","url":"https:\/\/www.helasverige.se\/uppsala\/https-helasverige-se-uppsala-laen-kampanjer-om-oss-var-verksamhet\/","name":"Uppsala - V\u00e5r verksamhet -","isPartOf":{"@id":"https:\/\/www.helasverige.se\/uppsala\/#website"},"primaryImageOfPage":{"@id":"https:\/\/www.helasverige.se\/uppsala\/https-helasverige-se-uppsala-laen-kampanjer-om-oss-var-verksamhet\/#primaryimage"},"image":{"@id":"https:\/\/www.helasverige.se\/uppsala\/https-helasverige-se-uppsala-laen-kampanjer-om-oss-var-verksamhet\/#primaryimage"},"thumbnailUrl":"https:\/\/www.helasverige.se\/uppsala\/wp-content\/uploads\/sites\/20\/2021\/11\/Fat.jpg","datePublished":"2021-10-29T09:20:54+00:00","dateModified":"2021-12-08T18:40:09+00:00","breadcrumb":{"@id":"https:\/\/www.helasverige.se\/uppsala\/https-helasverige-se-uppsala-laen-kampanjer-om-oss-var-verksamhet\/#breadcrumb"},"inLanguage":"sv-SE","potentialAction":[{"@type":"ReadAction","target":["https:\/\/www.helasverige.se\/uppsala\/https-helasverige-se-uppsala-laen-kampanjer-om-oss-var-verksamhet\/"]}]},{"@type":"ImageObject","inLanguage":"sv-SE","@id":"https:\/\/www.helasverige.se\/uppsala\/https-helasverige-se-uppsala-laen-kampanjer-om-oss-var-verksamhet\/#primaryimage","url":"https:\/\/www.helasverige.se\/uppsala\/wp-content\/uploads\/sites\/20\/2021\/11\/Fat.jpg","contentUrl":"https:\/\/www.helasverige.se\/uppsala\/wp-content\/uploads\/sites\/20\/2021\/11\/Fat.jpg","width":640,"height":480},{"@type":"BreadcrumbList","@id":"https:\/\/www.helasverige.se\/uppsala\/https-helasverige-se-uppsala-laen-kampanjer-om-oss-var-verksamhet\/#breadcrumb","itemListElement":[{"@type":"ListItem","position":1,"name":"Home","item":"https:\/\/www.helasverige.se\/uppsala\/"},{"@type":"ListItem","position":2,"name":"V\u00e5r verksamhet"}]},{"@type":"WebSite","@id":"https:\/\/www.helasverige.se\/uppsala\/#website","url":"https:\/\/www.helasverige.se\/uppsala\/","name":"","description":"\u00c4nnu en webbplats hos Hela Sverige ska leva","potentialAction":[{"@type":"SearchAction","target":{"@type":"EntryPoint","urlTemplate":"https:\/\/www.helasverige.se\/uppsala\/?s={search_term_string}"},"query-input":{"@type":"PropertyValueSpecification","valueRequired":true,"valueName":"search_term_string"}}],"inLanguage":"sv-SE"}]}},"_links":{"self":[{"href":"https:\/\/www.helasverige.se\/uppsala\/wp-json\/wp\/v2\/pages\/18","targetHints":{"allow":["GET"]}}],"collection":[{"href":"https:\/\/www.helasverige.se\/uppsala\/wp-json\/wp\/v2\/pages"}],"about":[{"href":"https:\/\/www.helasverige.se\/uppsala\/wp-json\/wp\/v2\/types\/page"}],"author":[{"embeddable":true,"href":"https:\/\/www.helasverige.se\/uppsala\/wp-json\/wp\/v2\/users\/1"}],"replies":[{"embeddable":true,"href":"https:\/\/www.helasverige.se\/uppsala\/wp-json\/wp\/v2\/comments?post=18"}],"version-history":[{"count":6,"href":"https:\/\/www.helasverige.se\/uppsala\/wp-json\/wp\/v2\/pages\/18\/revisions"}],"predecessor-version":[{"id":475,"href":"https:\/\/www.helasverige.se\/uppsala\/wp-json\/wp\/v2\/pages\/18\/revisions\/475"}],"wp:featuredmedia":[{"embeddable":true,"href":"https:\/\/www.helasverige.se\/uppsala\/wp-json\/wp\/v2\/media\/411"}],"wp:attachment":[{"href":"https:\/\/www.helasverige.se\/uppsala\/wp-json\/wp\/v2\/media?parent=18"}],"curies":[{"name":"wp","href":"https:\/\/api.w.org\/{rel}","templated":true}]}}